{"id":3895,"date":"2026-05-06T15:26:30","date_gmt":"2026-05-06T13:26:30","guid":{"rendered":"https:\/\/wiki.s12.at\/index.php\/fc-liefering-gegen-brighton-hove-albion\/"},"modified":"2026-05-06T15:26:30","modified_gmt":"2026-05-06T13:26:30","slug":"fc-liefering-gegen-brighton-hove-albion","status":"publish","type":"page","link":"https:\/\/wiki.s12.at\/index.php\/fc-liefering-gegen-brighton-hove-albion\/","title":{"rendered":"FC Liefering gegen Brighton &#038; Hove Albion"},"content":{"rendered":"<div class=\"mw-parser-output\">\n<h2><span class=\"mw-headline\" id=\"Fakten\">Fakten<\/span><a href=\"\/index.php?title=FC_Liefering_gegen_Brighton_%26_Hove_Albion&amp;action=edit&amp;section=1\" title=\"Abschnitt bearbeiten: Fakten\">Bearbeiten<\/a><span class=\"mw-editsection-bracket\">]<\/span><\/span><\/h2>\n<table class=\"toptextcells toccolours\">\n<tbody>\n<tr>\n<th colspan=\"2\" style=\"text-align: center; vertical-align: top; padding: 0.3em 0.8em; font-size: 125%; background-color: lightsteelblue;\">FC Liefering gegen Brighton &amp; Hove Albion, 2:5\n<\/th>\n<\/tr>\n<tr>\n<th style=\"text-align:left;\"><b>Spieltag<\/b>\n<\/th>\n<th style=\"text-align:left;\">Testspiel\n<\/th>\n<\/tr>\n<tr>\n<th style=\"text-align:left;\"><b>Datum<\/b>\n<\/th>\n<th style=\"text-align:left;\">13. Juli 2019\n<\/th>\n<\/tr>\n<tr>\n<th style=\"text-align:left;\"><b>Anpfiff<\/b>\n<\/th>\n<th style=\"text-align:left;\">14 Uhr\n<\/th>\n<\/tr>\n<tr>\n<td colspan=\"2\" style=\"text-align:center;\" bgcolor=\"lightgray\"><b>Aufstellung<\/b>\n<\/td>\n<\/tr>\n<tr>\n<th style=\"text-align:left;\"><b>Tor<\/b>\n<\/th>\n<th><a href=\"\/Daniel_Antosch\" title=\"Daniel Antosch\">Daniel Antosch<\/a>\n<\/th>\n<\/tr>\n<tr>\n<th style=\"text-align:left;\"><b>Verteidigung<\/b>\n<\/th>\n<th><a href=\"\/Tobias_Berger\" title=\"Tobias Berger\">Tobias Berger<\/a> &#8211; <a href=\"\/Amar_Dedic\" title=\"Amar Dedic\">Amar Dedic<\/a> &#8211; <a href=\"\/Sebastian_Aigner\" title=\"Sebastian Aigner\">Sebastian Aigner<\/a> &#8211; <a href=\"\/Bryan_Okoh\" title=\"Bryan Okoh\">Bryan Okoh<\/a>\n<\/th>\n<\/tr>\n<tr>\n<th style=\"text-align:left;\"><b>Mittelfeld<\/b>\n<\/th>\n<th><a href=\"\/Jungmin_Kim\" title=\"Jungmin Kim\">Jungmin Kim <\/a> &#8211; <a href=\"\/Nicolas_Seiwald\" title=\"Nicolas Seiwald\">Nicolas Seiwald<\/a> &#8211; <a href=\"\/Nikola_Stosic\" title=\"Nikola Stosic\">Nikola Stosic<\/a> &#8211; <a href=\"\/Maurits_Kjaergaard\" title=\"Maurits Kjaergaard\">Maurits Kjaergaard <\/a>\n<\/th>\n<\/tr>\n<tr>\n<th style=\"text-align:left;\"><b>Sturm<\/b>\n<\/th>\n<th><a href=\"\/Junior_Adamu\" class=\"mw-redirect\" title=\"Junior Adamu\">Junior Adamu <\/a> &#8211; <a href=\"\/Benjamin_Sesko\" class=\"mw-redirect\" title=\"Benjamin Sesko\">Benjamin Sesko<\/a>\n<\/th>\n<\/tr>\n<tr>\n<td colspan=\"2\" style=\"text-align:center;\" bgcolor=\"lightgray\"><b>Wechsel<\/b>\n<\/td>\n<\/tr>\n<tr>\n<th style=\"text-align:left;\"><b>Wechsel<\/b>\n<\/th>\n<th style=\"text-align:left;\"><a href=\"\/Wallison\" title=\"Wallison\">Wallison <\/a> f\u00fcr Dedic (46.), <a href=\"\/Luca_Susic\" class=\"mw-redirect\" title=\"Luca Susic\">Luca Susic<\/a> f\u00fcr Stosic (81.), <a href=\"\/Ogulcan_Bekar\" title=\"Ogulcan Bekar\">Ogulcan Bekar<\/a> f\u00fcr Seiwald (84.), <br \/><a href=\"\/Nicolas_Seiwald\" title=\"Nicolas Seiwald\">Nicolas Seiwald<\/a> f\u00fcr Bekar (89.), <a href=\"\/David_Affengruber\" title=\"David Affengruber\">David Affengruber<\/a> f\u00fcr Kaergaard (46.),   <a href=\"\/Alexander_Prass\" title=\"Alexander Prass\">Alexander Prass<\/a> f\u00fcr Kim (46.),<br \/><a href=\"\/Luis_Phelipe\" title=\"Luis Phelipe\">Luis Phelipe<\/a> f\u00fcr Adamu (84.), <a href=\"\/Karim_Adeyemi\" title=\"Karim Adeyemi\">Karim Adeyemi<\/a> f\u00fcr Sesko (46.)\n<\/th>\n<\/tr>\n<tr>\n<td colspan=\"2\" style=\"text-align:center;\" bgcolor=\"lightgray\"><b>Statistik<\/b>\n<\/td>\n<\/tr>\n<tr>\n<th style=\"text-align:left;\"><b>Endstand<\/b>\n<\/th>\n<th style=\"text-align:left;\">2:5 (2:3)\n<\/th>\n<\/tr>\n<tr>\n<th style=\"text-align:left;\"><b>Torsch\u00fctzen<\/b>\n<\/th>\n<th style=\"text-align:left;\">Aigner (22.), Adamu (33.); Dunk (11.), Murray (34.), Locadia (40.), Trossard (47.), Andone (84.)\n<\/th>\n<\/tr>\n<tr>\n<th style=\"text-align:left;\"><b>Gelbe Karten<\/b>\n<\/th>\n<th style=\"text-align:left;\">\n<\/th>\n<\/tr>\n<tr>\n<th style=\"text-align:left;\"><b>Rote Karten<\/b>\n<\/th>\n<th style=\"text-align:left;\">\n<\/th>\n<\/tr>\n<tr>\n<th style=\"text-align:left;\"><b>Schiedsrichter<\/b>\n<\/th>\n<th style=\"text-align:left;\">\n<\/th>\n<\/tr>\n<tr>\n<th style=\"text-align:left;\"><b>Stadion<\/b>\n<\/th>\n<th style=\"text-align:left;\">Sportplatz Bischofshofen\n<\/th>\n<\/tr>\n<tr>\n<th style=\"text-align:left;\"><b>Zuschauer<\/b>\n<\/th>\n<th style=\"text-align:left;\">\n<\/th>\n<\/tr>\n<\/tbody>\n<\/table>\n<h2><span class=\"mw-headline\" id=\"Stimmen_zum_Spiel\">Stimmen zum Spiel<\/span><a href=\"\/index.php?title=FC_Liefering_gegen_Brighton_%26_Hove_Albion&amp;action=edit&amp;section=2\" title=\"Abschnitt bearbeiten: Stimmen zum Spiel\">Bearbeiten<\/a><span class=\"mw-editsection-bracket\">]<\/span><\/span><\/h2>\n<ul>\n<li><b>Michael Feichtenbeiner<\/b>: Mit der ersten Halbzeit sind wir sehr zufrieden, da haben wir unsere Sache gut gemacht. Nach dem R\u00fcckstand sind wir gut zur\u00fcckgekommen, konnten die Partie sogar drehen. Gegen Ende der ersten H\u00e4lfte haben wir es dem Gegner zu einfach gemacht, wieder in F\u00fchrung zu gehen. Da hatten wir auch noch die eine oder andere gute M\u00f6glichkeit. Nach der Pause waren wir nicht mehr so gut im Spiel und sind gegen Ende der Partie etwas m\u00fcde geworden.<\/li>\n<\/ul>\n<h2><span class=\"mw-headline\" id=\"Weblinks\">Weblinks<\/span><a href=\"\/index.php?title=FC_Liefering_gegen_Brighton_%26_Hove_Albion&amp;action=edit&amp;section=3\" title=\"Abschnitt bearbeiten: Weblinks\">Bearbeiten<\/a><span class=\"mw-editsection-bracket\">]<\/span><\/span><\/h2>\n<ul>\n<li><a rel=\"nofollow\" class=\"external text\" href=\"https:\/\/www.fc-liefering.at\/de\/fc-liefering\/news\/saison_2019_20\/niederlage-gegen-premier-league-klub.html\">Spielbericht Vereinshomepage<\/a><\/li>\n<\/ul>\n<\/div>\n","protected":false},"excerpt":{"rendered":"<p>FaktenBearbeiten] FC Liefering gegen Brighton &amp; Hove Albion, 2:5 Spieltag Testspiel Datum 13. Juli 2019 Anpfiff 14 Uhr Aufstellung Tor Daniel Antosch Verteidigung Tobias Berger &#8211; Amar Dedic &#8211; Sebastian Aigner &#8211; Bryan Okoh Mittelfeld Jungmin Kim &#8211; Nicolas Seiwald &#8211; Nikola Stosic &#8211; Maurits Kjaergaard Sturm Junior Adamu &#8211; Benjamin Sesko Wechsel Wechsel Wallison [&hellip;]<\/p>\n","protected":false},"author":1,"featured_media":0,"parent":0,"menu_order":0,"comment_status":"closed","ping_status":"closed","template":"","meta":{"footnotes":""},"class_list":["post-3895","page","type-page","status-publish","hentry"],"_links":{"self":[{"href":"https:\/\/wiki.s12.at\/index.php\/wp-json\/wp\/v2\/pages\/3895","targetHints":{"allow":["GET"]}}],"collection":[{"href":"https:\/\/wiki.s12.at\/index.php\/wp-json\/wp\/v2\/pages"}],"about":[{"href":"https:\/\/wiki.s12.at\/index.php\/wp-json\/wp\/v2\/types\/page"}],"author":[{"embeddable":true,"href":"https:\/\/wiki.s12.at\/index.php\/wp-json\/wp\/v2\/users\/1"}],"replies":[{"embeddable":true,"href":"https:\/\/wiki.s12.at\/index.php\/wp-json\/wp\/v2\/comments?post=3895"}],"version-history":[{"count":0,"href":"https:\/\/wiki.s12.at\/index.php\/wp-json\/wp\/v2\/pages\/3895\/revisions"}],"wp:attachment":[{"href":"https:\/\/wiki.s12.at\/index.php\/wp-json\/wp\/v2\/media?parent=3895"}],"curies":[{"name":"wp","href":"https:\/\/api.w.org\/{rel}","templated":true}]}}

<div class="mw-parser-output">
<h2><span class="mw-headline" id="Fakten">Fakten</span><a href="/index.php?title=FC_Liefering_gegen_Brighton_%26_Hove_Albion&amp;action=edit&amp;section=1" title="Abschnitt bearbeiten: Fakten">Bearbeiten</a><span class="mw-editsection-bracket">]</span></span></h2>
<table class="toptextcells toccolours">
<tbody>
<tr>
<th colspan="2" style="text-align: center; vertical-align: top; padding: 0.3em 0.8em; font-size: 125%; background-color: lightsteelblue;">FC Liefering gegen Brighton &amp; Hove Albion, 2:5
</th>
</tr>
<tr>
<th style="text-align:left;"><b>Spieltag</b>
</th>
<th style="text-align:left;">Testspiel
</th>
</tr>
<tr>
<th style="text-align:left;"><b>Datum</b>
</th>
<th style="text-align:left;">13. Juli 2019
</th>
</tr>
<tr>
<th style="text-align:left;"><b>Anpfiff</b>
</th>
<th style="text-align:left;">14 Uhr
</th>
</tr>
<tr>
<td colspan="2" style="text-align:center;" bgcolor="lightgray"><b>Aufstellung</b>
</td>
</tr>
<tr>
<th style="text-align:left;"><b>Tor</b>
</th>
<th><a href="/Daniel_Antosch" title="Daniel Antosch">Daniel Antosch</a>
</th>
</tr>
<tr>
<th style="text-align:left;"><b>Verteidigung</b>
</th>
<th><a href="/Tobias_Berger" title="Tobias Berger">Tobias Berger</a> &#8211; <a href="/Amar_Dedic" title="Amar Dedic">Amar Dedic</a> &#8211; <a href="/Sebastian_Aigner" title="Sebastian Aigner">Sebastian Aigner</a> &#8211; <a href="/Bryan_Okoh" title="Bryan Okoh">Bryan Okoh</a>
</th>
</tr>
<tr>
<th style="text-align:left;"><b>Mittelfeld</b>
</th>
<th><a href="/Jungmin_Kim" title="Jungmin Kim">Jungmin Kim </a> &#8211; <a href="/Nicolas_Seiwald" title="Nicolas Seiwald">Nicolas Seiwald</a> &#8211; <a href="/Nikola_Stosic" title="Nikola Stosic">Nikola Stosic</a> &#8211; <a href="/Maurits_Kjaergaard" title="Maurits Kjaergaard">Maurits Kjaergaard </a>
</th>
</tr>
<tr>
<th style="text-align:left;"><b>Sturm</b>
</th>
<th><a href="/Junior_Adamu" class="mw-redirect" title="Junior Adamu">Junior Adamu </a> &#8211; <a href="/Benjamin_Sesko" class="mw-redirect" title="Benjamin Sesko">Benjamin Sesko</a>
</th>
</tr>
<tr>
<td colspan="2" style="text-align:center;" bgcolor="lightgray"><b>Wechsel</b>
</td>
</tr>
<tr>
<th style="text-align:left;"><b>Wechsel</b>
</th>
<th style="text-align:left;"><a href="/Wallison" title="Wallison">Wallison </a> für Dedic (46.), <a href="/Luca_Susic" class="mw-redirect" title="Luca Susic">Luca Susic</a> für Stosic (81.), <a href="/Ogulcan_Bekar" title="Ogulcan Bekar">Ogulcan Bekar</a> für Seiwald (84.), <br /><a href="/Nicolas_Seiwald" title="Nicolas Seiwald">Nicolas Seiwald</a> für Bekar (89.), <a href="/David_Affengruber" title="David Affengruber">David Affengruber</a> für Kaergaard (46.),   <a href="/Alexander_Prass" title="Alexander Prass">Alexander Prass</a> für Kim (46.),<br /><a href="/Luis_Phelipe" title="Luis Phelipe">Luis Phelipe</a> für Adamu (84.), <a href="/Karim_Adeyemi" title="Karim Adeyemi">Karim Adeyemi</a> für Sesko (46.)
</th>
</tr>
<tr>
<td colspan="2" style="text-align:center;" bgcolor="lightgray"><b>Statistik</b>
</td>
</tr>
<tr>
<th style="text-align:left;"><b>Endstand</b>
</th>
<th style="text-align:left;">2:5 (2:3)
</th>
</tr>
<tr>
<th style="text-align:left;"><b>Torschützen</b>
</th>
<th style="text-align:left;">Aigner (22.), Adamu (33.); Dunk (11.), Murray (34.), Locadia (40.), Trossard (47.), Andone (84.)
</th>
</tr>
<tr>
<th style="text-align:left;"><b>Gelbe Karten</b>
</th>
<th style="text-align:left;">
</th>
</tr>
<tr>
<th style="text-align:left;"><b>Rote Karten</b>
</th>
<th style="text-align:left;">
</th>
</tr>
<tr>
<th style="text-align:left;"><b>Schiedsrichter</b>
</th>
<th style="text-align:left;">
</th>
</tr>
<tr>
<th style="text-align:left;"><b>Stadion</b>
</th>
<th style="text-align:left;">Sportplatz Bischofshofen
</th>
</tr>
<tr>
<th style="text-align:left;"><b>Zuschauer</b>
</th>
<th style="text-align:left;">
</th>
</tr>
</tbody>
</table>
<h2><span class="mw-headline" id="Stimmen_zum_Spiel">Stimmen zum Spiel</span><a href="/index.php?title=FC_Liefering_gegen_Brighton_%26_Hove_Albion&amp;action=edit&amp;section=2" title="Abschnitt bearbeiten: Stimmen zum Spiel">Bearbeiten</a><span class="mw-editsection-bracket">]</span></span></h2>
<ul>
<li><b>Michael Feichtenbeiner</b>: Mit der ersten Halbzeit sind wir sehr zufrieden, da haben wir unsere Sache gut gemacht. Nach dem Rückstand sind wir gut zurückgekommen, konnten die Partie sogar drehen. Gegen Ende der ersten Hälfte haben wir es dem Gegner zu einfach gemacht, wieder in Führung zu gehen. Da hatten wir auch noch die eine oder andere gute Möglichkeit. Nach der Pause waren wir nicht mehr so gut im Spiel und sind gegen Ende der Partie etwas müde geworden.</li>
</ul>
<h2><span class="mw-headline" id="Weblinks">Weblinks</span><a href="/index.php?title=FC_Liefering_gegen_Brighton_%26_Hove_Albion&amp;action=edit&amp;section=3" title="Abschnitt bearbeiten: Weblinks">Bearbeiten</a><span class="mw-editsection-bracket">]</span></span></h2>
<ul>
<li><a rel="nofollow" class="external text" href="https://www.fc-liefering.at/de/fc-liefering/news/saison_2019_20/niederlage-gegen-premier-league-klub.html">Spielbericht Vereinshomepage</a></li>
</ul>
</div>
