{"id":3894,"date":"2026-05-06T15:26:27","date_gmt":"2026-05-06T13:26:27","guid":{"rendered":"https:\/\/wiki.s12.at\/index.php\/fc-liefering-gegen-brentford-u23\/"},"modified":"2026-05-06T15:26:27","modified_gmt":"2026-05-06T13:26:27","slug":"fc-liefering-gegen-brentford-u23","status":"publish","type":"page","link":"https:\/\/wiki.s12.at\/index.php\/fc-liefering-gegen-brentford-u23\/","title":{"rendered":"FC Liefering gegen Brentford U23"},"content":{"rendered":"<div class=\"mw-parser-output\">\n<h2><span class=\"mw-headline\" id=\"Fakten\">Fakten<\/span><a href=\"\/index.php?title=FC_Liefering_gegen_Brentford_U23&amp;action=edit&amp;section=1\" title=\"Abschnitt bearbeiten: Fakten\">Bearbeiten<\/a><span class=\"mw-editsection-bracket\">]<\/span><\/span><\/h2>\n<table class=\"toptextcells toccolours\">\n<tbody>\n<tr>\n<th colspan=\"2\" style=\"text-align: center; vertical-align: top; padding: 0.3em 0.8em; font-size: 125%; background-color: lightsteelblue;\">FC Liefering gegen Brentford U23, 4:2\n<\/th>\n<\/tr>\n<tr>\n<th style=\"text-align:left;\"><b>Spieltag<\/b>\n<\/th>\n<th style=\"text-align:left;\">Testspiel\n<\/th>\n<\/tr>\n<tr>\n<th style=\"text-align:left;\"><b>Datum<\/b>\n<\/th>\n<th style=\"text-align:left;\">7. Februar 2020\n<\/th>\n<\/tr>\n<tr>\n<th style=\"text-align:left;\"><b>Anpfiff<\/b>\n<\/th>\n<th style=\"text-align:left;\">14 Uhr\n<\/th>\n<\/tr>\n<tr>\n<td colspan=\"2\" style=\"text-align:center;\" bgcolor=\"lightgray\"><b>Aufstellung<\/b>\n<\/td>\n<\/tr>\n<tr>\n<th style=\"text-align:left;\"><b>Tor<\/b>\n<\/th>\n<th><a href=\"\/Adam_Stejskal\" title=\"Adam Stejskal\">Adam Stejskal<\/a>\n<\/th>\n<\/tr>\n<tr>\n<th style=\"text-align:left;\"><b>Verteidigung<\/b>\n<\/th>\n<th><a href=\"\/Fabian_Windhager\" title=\"Fabian Windhager\">Fabian Windhager<\/a> &#8211; <a href=\"\/Alois_Oroz\" title=\"Alois Oroz\">Alois Oroz<\/a> &#8211; <a href=\"\/Ahmet_G%C3%BCrleyen\" title=\"Ahmet G\u00fcrleyen\">Ahmet G\u00fcrleyen <\/a> &#8211; <a href=\"\/Jusuf_Gazibegovic\" title=\"Jusuf Gazibegovic\">Jusuf Gazibegovic<\/a>\n<\/th>\n<\/tr>\n<tr>\n<th style=\"text-align:left;\"><b>Mittelfeld<\/b>\n<\/th>\n<th><a href=\"\/Samson_Tijani\" title=\"Samson Tijani\">Samson Tijani <\/a> &#8211; <a href=\"\/Maurits_Kjaergaard\" title=\"Maurits Kjaergaard\">Maurits Kjaergaard<\/a> &#8211; <a href=\"\/Sebastian_Aigner\" title=\"Sebastian Aigner\">Sebastian Aigner<\/a> &#8211; <a href=\"\/Samuel_Major\" title=\"Samuel Major\">Samuel Major<\/a>\n<\/th>\n<\/tr>\n<tr>\n<th style=\"text-align:left;\"><b>Sturm<\/b>\n<\/th>\n<th><a href=\"\/Csaba_Bukta\" title=\"Csaba Bukta\">Csaba Bukta<\/a> &#8211; <a href=\"\/Tobias_Anselm\" title=\"Tobias Anselm\">Tobias Anselm<\/a>\n<\/th>\n<\/tr>\n<tr>\n<td colspan=\"2\" style=\"text-align:center;\" bgcolor=\"lightgray\"><b>Wechsel<\/b>\n<\/td>\n<\/tr>\n<tr>\n<th style=\"text-align:left;\"><b>Wechsel<\/b>\n<\/th>\n<th style=\"text-align:left;\"><a href=\"\/Kilian_Schr%C3%B6cker\" title=\"Kilian Schr\u00f6cker\">Kilian Schr\u00f6cker<\/a> f\u00fcr Stejskal (45.),  <a href=\"\/Wallison\" title=\"Wallison\">Wallison<\/a> f\u00fcr Windhager,  <a href=\"\/David_Affengruber\" title=\"David Affengruber\">David Affengruber<\/a> f\u00fcr Oroz, <br \/><a href=\"\/Bryan_Okoh\" title=\"Bryan Okoh\">Bryan Okoh<\/a> f\u00fcr G\u00fcrleyen , <a href=\"\/Nicolas_Seiwald\" title=\"Nicolas Seiwald\">Nicolas Seiwald<\/a> f\u00fcr Tijani , <a href=\"\/Luka_Sucic\" title=\"Luka Sucic\">Luka Sucic<\/a> f\u00fcr Kjaergaard,<br \/><a href=\"\/Abdourahmane_Barry\" title=\"Abdourahmane Barry\">Abdourahmane Barry<\/a> f\u00fcr Aigner, <a href=\"\/Alexander_Prass\" title=\"Alexander Prass\">Alexander Prass <\/a> f\u00fcr Major, <a href=\"\/Junior_Adamu\" class=\"mw-redirect\" title=\"Junior Adamu\">Junior Adamu<\/a> f\u00fcr Bukta, <br \/><a href=\"\/Benjamin_Sesko\" class=\"mw-redirect\" title=\"Benjamin Sesko\">Benjamin Sesko<\/a> f\u00fcr Anselm (alle Wechsel 72. min)\n<\/th>\n<\/tr>\n<tr>\n<td colspan=\"2\" style=\"text-align:center;\" bgcolor=\"lightgray\"><b>Statistik<\/b>\n<\/td>\n<\/tr>\n<tr>\n<th style=\"text-align:left;\"><b>Endstand<\/b>\n<\/th>\n<th style=\"text-align:left;\">4:2 (4:1)\n<\/th>\n<\/tr>\n<tr>\n<th style=\"text-align:left;\"><b>Torsch\u00fctzen<\/b>\n<\/th>\n<th style=\"text-align:left;\">G\u00fcrleyen (7.), Bukta (13.), Anselm (32.) Kjaergaard (42.); Mogensen (10. 71.)\n<\/th>\n<\/tr>\n<tr>\n<th style=\"text-align:left;\"><b>Gelbe Karten<\/b>\n<\/th>\n<th style=\"text-align:left;\">\n<\/th>\n<\/tr>\n<tr>\n<th style=\"text-align:left;\"><b>Rote Karten<\/b>\n<\/th>\n<th style=\"text-align:left;\">\n<\/th>\n<\/tr>\n<tr>\n<th style=\"text-align:left;\"><b>Schiedsrichter<\/b>\n<\/th>\n<th style=\"text-align:left;\">\n<\/th>\n<\/tr>\n<tr>\n<th style=\"text-align:left;\"><b>Stadion<\/b>\n<\/th>\n<th style=\"text-align:left;\">Red Bull Akademie\n<\/th>\n<\/tr>\n<tr>\n<th style=\"text-align:left;\"><b>Zuschauer<\/b>\n<\/th>\n<th style=\"text-align:left;\">\n<\/th>\n<\/tr>\n<\/tbody>\n<\/table>\n<h2><span class=\"mw-headline\" id=\"Weblinks\">Weblinks<\/span><a href=\"\/index.php?title=FC_Liefering_gegen_Brentford_U23&amp;action=edit&amp;section=2\" title=\"Abschnitt bearbeiten: Weblinks\">Bearbeiten<\/a><span class=\"mw-editsection-bracket\">]<\/span><\/span><\/h2>\n<p><a rel=\"nofollow\" class=\"external text\" href=\"https:\/\/www.fc-liefering.at\/de\/fc-liefering\/news\/saison_2019_20\/gelungener-test-gegen-brentford.html\">Spielbericht Vereinshomepage<\/a>\n<\/p>\n<h2><span class=\"mw-headline\" id=\"Stimmen_zum_Spiel\">Stimmen zum Spiel<\/span><a href=\"\/index.php?title=FC_Liefering_gegen_Brentford_U23&amp;action=edit&amp;section=3\" title=\"Abschnitt bearbeiten: Stimmen zum Spiel\">Bearbeiten<\/a><span class=\"mw-editsection-bracket\">]<\/span><\/span><\/h2>\n<p><b>Bo Svensson:<\/b> F\u00fcr uns war das heute ein sehr wertvoller Test, den wir verdient f\u00fcr uns entscheiden konnten. Der Gegner hat uns \u00fcber das ganze Spiel gefordert und brachte eine hohe Intensit\u00e4t auf den Platz. Da haben wir gut dagegengehalten. Wir haben unsere Sache heute tadellos gemacht. Wir haben aber auch gesehen, wie schnell man f\u00fcr Fehler bestraft werden kann. Daher waren wieder einige wichtige Erkenntnisse dabei.\n<\/p>\n<\/div>\n","protected":false},"excerpt":{"rendered":"<p>FaktenBearbeiten] FC Liefering gegen Brentford U23, 4:2 Spieltag Testspiel Datum 7. Februar 2020 Anpfiff 14 Uhr Aufstellung Tor Adam Stejskal Verteidigung Fabian Windhager &#8211; Alois Oroz &#8211; Ahmet G\u00fcrleyen &#8211; Jusuf Gazibegovic Mittelfeld Samson Tijani &#8211; Maurits Kjaergaard &#8211; Sebastian Aigner &#8211; Samuel Major Sturm Csaba Bukta &#8211; Tobias Anselm Wechsel Wechsel Kilian Schr\u00f6cker f\u00fcr [&hellip;]<\/p>\n","protected":false},"author":1,"featured_media":0,"parent":0,"menu_order":0,"comment_status":"closed","ping_status":"closed","template":"","meta":{"footnotes":""},"class_list":["post-3894","page","type-page","status-publish","hentry"],"_links":{"self":[{"href":"https:\/\/wiki.s12.at\/index.php\/wp-json\/wp\/v2\/pages\/3894","targetHints":{"allow":["GET"]}}],"collection":[{"href":"https:\/\/wiki.s12.at\/index.php\/wp-json\/wp\/v2\/pages"}],"about":[{"href":"https:\/\/wiki.s12.at\/index.php\/wp-json\/wp\/v2\/types\/page"}],"author":[{"embeddable":true,"href":"https:\/\/wiki.s12.at\/index.php\/wp-json\/wp\/v2\/users\/1"}],"replies":[{"embeddable":true,"href":"https:\/\/wiki.s12.at\/index.php\/wp-json\/wp\/v2\/comments?post=3894"}],"version-history":[{"count":0,"href":"https:\/\/wiki.s12.at\/index.php\/wp-json\/wp\/v2\/pages\/3894\/revisions"}],"wp:attachment":[{"href":"https:\/\/wiki.s12.at\/index.php\/wp-json\/wp\/v2\/media?parent=3894"}],"curies":[{"name":"wp","href":"https:\/\/api.w.org\/{rel}","templated":true}]}}

<div class="mw-parser-output">
<h2><span class="mw-headline" id="Fakten">Fakten</span><a href="/index.php?title=FC_Liefering_gegen_Brentford_U23&amp;action=edit&amp;section=1" title="Abschnitt bearbeiten: Fakten">Bearbeiten</a><span class="mw-editsection-bracket">]</span></span></h2>
<table class="toptextcells toccolours">
<tbody>
<tr>
<th colspan="2" style="text-align: center; vertical-align: top; padding: 0.3em 0.8em; font-size: 125%; background-color: lightsteelblue;">FC Liefering gegen Brentford U23, 4:2
</th>
</tr>
<tr>
<th style="text-align:left;"><b>Spieltag</b>
</th>
<th style="text-align:left;">Testspiel
</th>
</tr>
<tr>
<th style="text-align:left;"><b>Datum</b>
</th>
<th style="text-align:left;">7. Februar 2020
</th>
</tr>
<tr>
<th style="text-align:left;"><b>Anpfiff</b>
</th>
<th style="text-align:left;">14 Uhr
</th>
</tr>
<tr>
<td colspan="2" style="text-align:center;" bgcolor="lightgray"><b>Aufstellung</b>
</td>
</tr>
<tr>
<th style="text-align:left;"><b>Tor</b>
</th>
<th><a href="/Adam_Stejskal" title="Adam Stejskal">Adam Stejskal</a>
</th>
</tr>
<tr>
<th style="text-align:left;"><b>Verteidigung</b>
</th>
<th><a href="/Fabian_Windhager" title="Fabian Windhager">Fabian Windhager</a> &#8211; <a href="/Alois_Oroz" title="Alois Oroz">Alois Oroz</a> &#8211; <a href="/Ahmet_G%C3%BCrleyen" title="Ahmet Gürleyen">Ahmet Gürleyen </a> &#8211; <a href="/Jusuf_Gazibegovic" title="Jusuf Gazibegovic">Jusuf Gazibegovic</a>
</th>
</tr>
<tr>
<th style="text-align:left;"><b>Mittelfeld</b>
</th>
<th><a href="/Samson_Tijani" title="Samson Tijani">Samson Tijani </a> &#8211; <a href="/Maurits_Kjaergaard" title="Maurits Kjaergaard">Maurits Kjaergaard</a> &#8211; <a href="/Sebastian_Aigner" title="Sebastian Aigner">Sebastian Aigner</a> &#8211; <a href="/Samuel_Major" title="Samuel Major">Samuel Major</a>
</th>
</tr>
<tr>
<th style="text-align:left;"><b>Sturm</b>
</th>
<th><a href="/Csaba_Bukta" title="Csaba Bukta">Csaba Bukta</a> &#8211; <a href="/Tobias_Anselm" title="Tobias Anselm">Tobias Anselm</a>
</th>
</tr>
<tr>
<td colspan="2" style="text-align:center;" bgcolor="lightgray"><b>Wechsel</b>
</td>
</tr>
<tr>
<th style="text-align:left;"><b>Wechsel</b>
</th>
<th style="text-align:left;"><a href="/Kilian_Schr%C3%B6cker" title="Kilian Schröcker">Kilian Schröcker</a> für Stejskal (45.),  <a href="/Wallison" title="Wallison">Wallison</a> für Windhager,  <a href="/David_Affengruber" title="David Affengruber">David Affengruber</a> für Oroz, <br /><a href="/Bryan_Okoh" title="Bryan Okoh">Bryan Okoh</a> für Gürleyen , <a href="/Nicolas_Seiwald" title="Nicolas Seiwald">Nicolas Seiwald</a> für Tijani , <a href="/Luka_Sucic" title="Luka Sucic">Luka Sucic</a> für Kjaergaard,<br /><a href="/Abdourahmane_Barry" title="Abdourahmane Barry">Abdourahmane Barry</a> für Aigner, <a href="/Alexander_Prass" title="Alexander Prass">Alexander Prass </a> für Major, <a href="/Junior_Adamu" class="mw-redirect" title="Junior Adamu">Junior Adamu</a> für Bukta, <br /><a href="/Benjamin_Sesko" class="mw-redirect" title="Benjamin Sesko">Benjamin Sesko</a> für Anselm (alle Wechsel 72. min)
</th>
</tr>
<tr>
<td colspan="2" style="text-align:center;" bgcolor="lightgray"><b>Statistik</b>
</td>
</tr>
<tr>
<th style="text-align:left;"><b>Endstand</b>
</th>
<th style="text-align:left;">4:2 (4:1)
</th>
</tr>
<tr>
<th style="text-align:left;"><b>Torschützen</b>
</th>
<th style="text-align:left;">Gürleyen (7.), Bukta (13.), Anselm (32.) Kjaergaard (42.); Mogensen (10. 71.)
</th>
</tr>
<tr>
<th style="text-align:left;"><b>Gelbe Karten</b>
</th>
<th style="text-align:left;">
</th>
</tr>
<tr>
<th style="text-align:left;"><b>Rote Karten</b>
</th>
<th style="text-align:left;">
</th>
</tr>
<tr>
<th style="text-align:left;"><b>Schiedsrichter</b>
</th>
<th style="text-align:left;">
</th>
</tr>
<tr>
<th style="text-align:left;"><b>Stadion</b>
</th>
<th style="text-align:left;">Red Bull Akademie
</th>
</tr>
<tr>
<th style="text-align:left;"><b>Zuschauer</b>
</th>
<th style="text-align:left;">
</th>
</tr>
</tbody>
</table>
<h2><span class="mw-headline" id="Weblinks">Weblinks</span><a href="/index.php?title=FC_Liefering_gegen_Brentford_U23&amp;action=edit&amp;section=2" title="Abschnitt bearbeiten: Weblinks">Bearbeiten</a><span class="mw-editsection-bracket">]</span></span></h2>
<p><a rel="nofollow" class="external text" href="https://www.fc-liefering.at/de/fc-liefering/news/saison_2019_20/gelungener-test-gegen-brentford.html">Spielbericht Vereinshomepage</a>
</p>
<h2><span class="mw-headline" id="Stimmen_zum_Spiel">Stimmen zum Spiel</span><a href="/index.php?title=FC_Liefering_gegen_Brentford_U23&amp;action=edit&amp;section=3" title="Abschnitt bearbeiten: Stimmen zum Spiel">Bearbeiten</a><span class="mw-editsection-bracket">]</span></span></h2>
<p><b>Bo Svensson:</b> Für uns war das heute ein sehr wertvoller Test, den wir verdient für uns entscheiden konnten. Der Gegner hat uns über das ganze Spiel gefordert und brachte eine hohe Intensität auf den Platz. Da haben wir gut dagegengehalten. Wir haben unsere Sache heute tadellos gemacht. Wir haben aber auch gesehen, wie schnell man für Fehler bestraft werden kann. Daher waren wieder einige wichtige Erkenntnisse dabei.
</p>
</div>

<p>FaktenBearbeiten] FC Liefering gegen Brentford U23, 4:2 Spieltag Testspiel Datum 7. Februar 2020 Anpfiff 14 Uhr Aufstellung Tor Adam Stejskal Verteidigung Fabian Windhager &#8211; Alois Oroz &#8211; Ahmet Gürleyen &#8211; Jusuf Gazibegovic Mittelfeld Samson Tijani &#8211; Maurits Kjaergaard &#8211; Sebastian Aigner &#8211; Samuel Major Sturm Csaba Bukta &#8211; Tobias Anselm Wechsel Wechsel Kilian Schröcker für [&hellip;]</p>
