{"id":3886,"date":"2026-05-06T15:26:21","date_gmt":"2026-05-06T13:26:21","guid":{"rendered":"https:\/\/wiki.s12.at\/index.php\/fc-liefering-gegen-1-fc-heidenheim\/"},"modified":"2026-05-06T15:26:21","modified_gmt":"2026-05-06T13:26:21","slug":"fc-liefering-gegen-1-fc-heidenheim","status":"publish","type":"page","link":"https:\/\/wiki.s12.at\/index.php\/fc-liefering-gegen-1-fc-heidenheim\/","title":{"rendered":"FC Liefering gegen 1. FC Heidenheim"},"content":{"rendered":"<div class=\"mw-parser-output\">\n<h2><span class=\"mw-headline\" id=\"Fakten\">Fakten<\/span><a href=\"\/index.php?title=FC_Liefering_gegen_1._FC_Heidenheim&amp;action=edit&amp;section=1\" title=\"Abschnitt bearbeiten: Fakten\">Bearbeiten<\/a><span class=\"mw-editsection-bracket\">]<\/span><\/span><\/h2>\n<table class=\"toptextcells toccolours\">\n<tbody>\n<tr>\n<th colspan=\"2\" style=\"text-align: center; vertical-align: top; padding: 0.3em 0.8em; font-size: 125%; background-color: lightsteelblue;\">FC Liefering gegen 1. FC Heidenheim, 1:2\n<\/th>\n<\/tr>\n<tr>\n<th style=\"text-align:left;\"><b>Spieltag<\/b>\n<\/th>\n<th style=\"text-align:left;\">Testspiel\n<\/th>\n<\/tr>\n<tr>\n<th style=\"text-align:left;\"><b>Datum<\/b>\n<\/th>\n<th style=\"text-align:left;\">10. Juli 2015\n<\/th>\n<\/tr>\n<tr>\n<th style=\"text-align:left;\"><b>Anpfiff<\/b>\n<\/th>\n<th style=\"text-align:left;\">16.30 Uhr\n<\/th>\n<\/tr>\n<tr>\n<td colspan=\"2\" style=\"text-align:center;\" bgcolor=\"lightgray\"><b>Aufstellung<\/b>\n<\/td>\n<\/tr>\n<tr>\n<th style=\"text-align:left;\"><b>Tor<\/b>\n<\/th>\n<th><a href=\"\/Lawrence_Ati-Zigi\" title=\"Lawrence Ati-Zigi\">Lawrence Ati-Zigi<\/a>\n<\/th>\n<\/tr>\n<tr>\n<th style=\"text-align:left;\"><b>Verteidigung<\/b>\n<\/th>\n<th><a href=\"\/Luan\" title=\"Luan\">Luan<\/a> <a href=\"\/Mathias_Honsak\" title=\"Mathias Honsak\">Mathias Honsak<\/a> <a href=\"\/Philipp_Wiesinger\" title=\"Philipp Wiesinger\">Philipp Wiesinger<\/a> <a href=\"\/Sandro_Ingolitsch\" title=\"Sandro Ingolitsch\">Sandro Ingolitsch<\/a>\n<\/th>\n<\/tr>\n<tr>\n<th style=\"text-align:left;\"><b>Mittelfeld<\/b>\n<\/th>\n<th><a href=\"\/Michael_Brandner\" title=\"Michael Brandner\">Michael Brandner<\/a> <a href=\"\/Emir_Karic\" title=\"Emir Karic\">Emir Karic<\/a> <a href=\"\/Elvis_Osmani\" title=\"Elvis Osmani\">Elvis Osmani<\/a> <a href=\"\/Masaya_Okugawa\" title=\"Masaya Okugawa\">Masaya Okugawa<\/a>\n<\/th>\n<\/tr>\n<tr>\n<th style=\"text-align:left;\"><b>Sturm<\/b>\n<\/th>\n<th><a href=\"\/Alex_Sobczyk\" title=\"Alex Sobczyk\">Alex Sobczyk <\/a> <a href=\"\/Hee-Chan_Hwang\" title=\"Hee-Chan Hwang\">Hee-Chan Hwang<\/a>\n<\/th>\n<\/tr>\n<tr>\n<td colspan=\"2\" style=\"text-align:center;\" bgcolor=\"lightgray\"><b>Wechsel<\/b>\n<\/td>\n<\/tr>\n<tr>\n<th style=\"text-align:left;\"><b>Wechsel<\/b>\n<\/th>\n<th style=\"text-align:left;\">Igor f\u00fcr Luan (20.), Adjei f\u00fcr Honsak (31.), H\u00f6dl f\u00fcr Osmani (31.), Dwamena f\u00fcr Sobczyk (31.), Zynel f\u00fcr Ati (46.), Raischl f\u00fcr Brandner (46.), Sobczyk f\u00fcr Hwang (60.), Osmani f\u00fcr Karic (60.), Grabovac f\u00fcr Okugawa (60.), Julio f\u00fcr H\u00f6dl (60.)\n<\/th>\n<\/tr>\n<tr>\n<td colspan=\"2\" style=\"text-align:center;\" bgcolor=\"lightgray\"><b>Statistik<\/b>\n<\/td>\n<\/tr>\n<tr>\n<th style=\"text-align:left;\"><b>Endstand<\/b>\n<\/th>\n<th style=\"text-align:left;\">1:2 (0:1)\n<\/th>\n<\/tr>\n<tr>\n<th style=\"text-align:left;\"><b>Torsch\u00fctzen<\/b>\n<\/th>\n<th style=\"text-align:left;\">Grabovac (64.); Frahn (6.), Kraus (92.)\n<\/th>\n<\/tr>\n<tr>\n<th style=\"text-align:left;\"><b>Gelbe Karten<\/b>\n<\/th>\n<th style=\"text-align:left;\">\n<\/th>\n<\/tr>\n<tr>\n<th style=\"text-align:left;\"><b>Rote Karten<\/b>\n<\/th>\n<th style=\"text-align:left;\">\n<\/th>\n<\/tr>\n<tr>\n<th style=\"text-align:left;\"><b>Schiedsrichter<\/b>\n<\/th>\n<th style=\"text-align:left;\">Nenad Kostacevic\n<\/th>\n<\/tr>\n<tr>\n<th style=\"text-align:left;\"><b>Stadion<\/b>\n<\/th>\n<th style=\"text-align:left;\">Trainingslager, St. Ulrich am Pillersee\n<\/th>\n<\/tr>\n<tr>\n<th style=\"text-align:left;\"><b>Zuschauer<\/b>\n<\/th>\n<th style=\"text-align:left;\">\n<\/th>\n<\/tr>\n<\/tbody>\n<\/table>\n<h2><span class=\"mw-headline\" id=\"Weblinks\">Weblinks<\/span><a href=\"\/index.php?title=FC_Liefering_gegen_1._FC_Heidenheim&amp;action=edit&amp;section=2\" title=\"Abschnitt bearbeiten: Weblinks\">Bearbeiten<\/a><span class=\"mw-editsection-bracket\">]<\/span><\/span><\/h2>\n<ul>\n<li><a rel=\"nofollow\" class=\"external text\" href=\"http:\/\/www.redbullsalzburg.at\/de\/fc-liefering\/news\/saison_2015_16\/fc-liefering-verliert-knapp-gegen-deutschen-zweitligisten.html\">Spielbericht Vereinshomepage<\/a><\/li>\n<\/ul>\n<h2><span class=\"mw-headline\" id=\"Stimmen_zum_Spiel\">Stimmen zum Spiel<\/span><a href=\"\/index.php?title=FC_Liefering_gegen_1._FC_Heidenheim&amp;action=edit&amp;section=3\" title=\"Abschnitt bearbeiten: Stimmen zum Spiel\">Bearbeiten<\/a><span class=\"mw-editsection-bracket\">]<\/span><\/span><\/h2>\n<p><b>Thomas Letsch:<\/b>\u201eDiese Spiele sind f\u00fcr uns extrem wichtig. Heidenheim war von Beginn an sehr pr\u00e4sent und hat sehr k\u00f6rperbetont gespielt. Wir haben das aber im Laufe der ersten Halbzeit gut angenommen und super dagegengehalten. In H\u00e4lfte zwei hatten wir mehr vom Spiel und waren gro\u00dfteils die bessere Mannschaft. Wir sind mit dem Test zufrieden, auch wenn uns das sp\u00e4te Gegentor \u00e4rgert.\u201c\n<\/p>\n<\/div>\n","protected":false},"excerpt":{"rendered":"<p>FaktenBearbeiten] FC Liefering gegen 1. FC Heidenheim, 1:2 Spieltag Testspiel Datum 10. Juli 2015 Anpfiff 16.30 Uhr Aufstellung Tor Lawrence Ati-Zigi Verteidigung Luan Mathias Honsak Philipp Wiesinger Sandro Ingolitsch Mittelfeld Michael Brandner Emir Karic Elvis Osmani Masaya Okugawa Sturm Alex Sobczyk Hee-Chan Hwang Wechsel Wechsel Igor f\u00fcr Luan (20.), Adjei f\u00fcr Honsak (31.), H\u00f6dl f\u00fcr [&hellip;]<\/p>\n","protected":false},"author":1,"featured_media":0,"parent":0,"menu_order":0,"comment_status":"closed","ping_status":"closed","template":"","meta":{"footnotes":""},"class_list":["post-3886","page","type-page","status-publish","hentry"],"_links":{"self":[{"href":"https:\/\/wiki.s12.at\/index.php\/wp-json\/wp\/v2\/pages\/3886","targetHints":{"allow":["GET"]}}],"collection":[{"href":"https:\/\/wiki.s12.at\/index.php\/wp-json\/wp\/v2\/pages"}],"about":[{"href":"https:\/\/wiki.s12.at\/index.php\/wp-json\/wp\/v2\/types\/page"}],"author":[{"embeddable":true,"href":"https:\/\/wiki.s12.at\/index.php\/wp-json\/wp\/v2\/users\/1"}],"replies":[{"embeddable":true,"href":"https:\/\/wiki.s12.at\/index.php\/wp-json\/wp\/v2\/comments?post=3886"}],"version-history":[{"count":0,"href":"https:\/\/wiki.s12.at\/index.php\/wp-json\/wp\/v2\/pages\/3886\/revisions"}],"wp:attachment":[{"href":"https:\/\/wiki.s12.at\/index.php\/wp-json\/wp\/v2\/media?parent=3886"}],"curies":[{"name":"wp","href":"https:\/\/api.w.org\/{rel}","templated":true}]}}

<div class="mw-parser-output">
<h2><span class="mw-headline" id="Fakten">Fakten</span><a href="/index.php?title=FC_Liefering_gegen_1._FC_Heidenheim&amp;action=edit&amp;section=1" title="Abschnitt bearbeiten: Fakten">Bearbeiten</a><span class="mw-editsection-bracket">]</span></span></h2>
<table class="toptextcells toccolours">
<tbody>
<tr>
<th colspan="2" style="text-align: center; vertical-align: top; padding: 0.3em 0.8em; font-size: 125%; background-color: lightsteelblue;">FC Liefering gegen 1. FC Heidenheim, 1:2
</th>
</tr>
<tr>
<th style="text-align:left;"><b>Spieltag</b>
</th>
<th style="text-align:left;">Testspiel
</th>
</tr>
<tr>
<th style="text-align:left;"><b>Datum</b>
</th>
<th style="text-align:left;">10. Juli 2015
</th>
</tr>
<tr>
<th style="text-align:left;"><b>Anpfiff</b>
</th>
<th style="text-align:left;">16.30 Uhr
</th>
</tr>
<tr>
<td colspan="2" style="text-align:center;" bgcolor="lightgray"><b>Aufstellung</b>
</td>
</tr>
<tr>
<th style="text-align:left;"><b>Tor</b>
</th>
<th><a href="/Lawrence_Ati-Zigi" title="Lawrence Ati-Zigi">Lawrence Ati-Zigi</a>
</th>
</tr>
<tr>
<th style="text-align:left;"><b>Verteidigung</b>
</th>
<th><a href="/Luan" title="Luan">Luan</a> <a href="/Mathias_Honsak" title="Mathias Honsak">Mathias Honsak</a> <a href="/Philipp_Wiesinger" title="Philipp Wiesinger">Philipp Wiesinger</a> <a href="/Sandro_Ingolitsch" title="Sandro Ingolitsch">Sandro Ingolitsch</a>
</th>
</tr>
<tr>
<th style="text-align:left;"><b>Mittelfeld</b>
</th>
<th><a href="/Michael_Brandner" title="Michael Brandner">Michael Brandner</a> <a href="/Emir_Karic" title="Emir Karic">Emir Karic</a> <a href="/Elvis_Osmani" title="Elvis Osmani">Elvis Osmani</a> <a href="/Masaya_Okugawa" title="Masaya Okugawa">Masaya Okugawa</a>
</th>
</tr>
<tr>
<th style="text-align:left;"><b>Sturm</b>
</th>
<th><a href="/Alex_Sobczyk" title="Alex Sobczyk">Alex Sobczyk </a> <a href="/Hee-Chan_Hwang" title="Hee-Chan Hwang">Hee-Chan Hwang</a>
</th>
</tr>
<tr>
<td colspan="2" style="text-align:center;" bgcolor="lightgray"><b>Wechsel</b>
</td>
</tr>
<tr>
<th style="text-align:left;"><b>Wechsel</b>
</th>
<th style="text-align:left;">Igor für Luan (20.), Adjei für Honsak (31.), Hödl für Osmani (31.), Dwamena für Sobczyk (31.), Zynel für Ati (46.), Raischl für Brandner (46.), Sobczyk für Hwang (60.), Osmani für Karic (60.), Grabovac für Okugawa (60.), Julio für Hödl (60.)
</th>
</tr>
<tr>
<td colspan="2" style="text-align:center;" bgcolor="lightgray"><b>Statistik</b>
</td>
</tr>
<tr>
<th style="text-align:left;"><b>Endstand</b>
</th>
<th style="text-align:left;">1:2 (0:1)
</th>
</tr>
<tr>
<th style="text-align:left;"><b>Torschützen</b>
</th>
<th style="text-align:left;">Grabovac (64.); Frahn (6.), Kraus (92.)
</th>
</tr>
<tr>
<th style="text-align:left;"><b>Gelbe Karten</b>
</th>
<th style="text-align:left;">
</th>
</tr>
<tr>
<th style="text-align:left;"><b>Rote Karten</b>
</th>
<th style="text-align:left;">
</th>
</tr>
<tr>
<th style="text-align:left;"><b>Schiedsrichter</b>
</th>
<th style="text-align:left;">Nenad Kostacevic
</th>
</tr>
<tr>
<th style="text-align:left;"><b>Stadion</b>
</th>
<th style="text-align:left;">Trainingslager, St. Ulrich am Pillersee
</th>
</tr>
<tr>
<th style="text-align:left;"><b>Zuschauer</b>
</th>
<th style="text-align:left;">
</th>
</tr>
</tbody>
</table>
<h2><span class="mw-headline" id="Weblinks">Weblinks</span><a href="/index.php?title=FC_Liefering_gegen_1._FC_Heidenheim&amp;action=edit&amp;section=2" title="Abschnitt bearbeiten: Weblinks">Bearbeiten</a><span class="mw-editsection-bracket">]</span></span></h2>
<ul>
<li><a rel="nofollow" class="external text" href="http://www.redbullsalzburg.at/de/fc-liefering/news/saison_2015_16/fc-liefering-verliert-knapp-gegen-deutschen-zweitligisten.html">Spielbericht Vereinshomepage</a></li>
</ul>
<h2><span class="mw-headline" id="Stimmen_zum_Spiel">Stimmen zum Spiel</span><a href="/index.php?title=FC_Liefering_gegen_1._FC_Heidenheim&amp;action=edit&amp;section=3" title="Abschnitt bearbeiten: Stimmen zum Spiel">Bearbeiten</a><span class="mw-editsection-bracket">]</span></span></h2>
<p><b>Thomas Letsch:</b>„Diese Spiele sind für uns extrem wichtig. Heidenheim war von Beginn an sehr präsent und hat sehr körperbetont gespielt. Wir haben das aber im Laufe der ersten Halbzeit gut angenommen und super dagegengehalten. In Hälfte zwei hatten wir mehr vom Spiel und waren großteils die bessere Mannschaft. Wir sind mit dem Test zufrieden, auch wenn uns das späte Gegentor ärgert.“
</p>
</div>

<p>FaktenBearbeiten] FC Liefering gegen 1. FC Heidenheim, 1:2 Spieltag Testspiel Datum 10. Juli 2015 Anpfiff 16.30 Uhr Aufstellung Tor Lawrence Ati-Zigi Verteidigung Luan Mathias Honsak Philipp Wiesinger Sandro Ingolitsch Mittelfeld Michael Brandner Emir Karic Elvis Osmani Masaya Okugawa Sturm Alex Sobczyk Hee-Chan Hwang Wechsel Wechsel Igor für Luan (20.), Adjei für Honsak (31.), Hödl für [&hellip;]</p>
