{"id":3867,"date":"2026-05-06T15:26:11","date_gmt":"2026-05-06T13:26:11","guid":{"rendered":"https:\/\/wiki.s12.at\/index.php\/fc-kairat-almaty-gegen-fc-salzburg\/"},"modified":"2026-05-06T15:26:11","modified_gmt":"2026-05-06T13:26:11","slug":"fc-kairat-almaty-gegen-fc-salzburg","status":"publish","type":"page","link":"https:\/\/wiki.s12.at\/index.php\/fc-kairat-almaty-gegen-fc-salzburg\/","title":{"rendered":"FC Kairat Almaty gegen FC Salzburg"},"content":{"rendered":"<div class=\"mw-parser-output\">\n<h2><span class=\"mw-headline\" id=\"Fakten\">Fakten<\/span><a href=\"\/index.php?title=FC_Kairat_Almaty_gegen_FC_Salzburg&amp;action=edit&amp;section=1\" title=\"Abschnitt bearbeiten: Fakten\">Bearbeiten<\/a><span class=\"mw-editsection-bracket\">]<\/span><\/span><\/h2>\n<table class=\"toptextcells toccolours\">\n<tbody>\n<tr>\n<th colspan=\"2\" style=\"text-align: center; vertical-align: top; padding: 0.3em 0.8em; font-size: 125%; background-color: lightsteelblue;\">FC Kairat Almaty (U19) gegen FC Red Bull Salzburg (U19), 0:1\n<\/th>\n<\/tr>\n<tr>\n<th style=\"text-align:left;\"><b>Spieltag<\/b>\n<\/th>\n<th style=\"text-align:left;\">UEFA Youth League 2. Runde, R\u00fcckspiel\n<\/th>\n<\/tr>\n<tr>\n<th style=\"text-align:left;\"><b>Datum<\/b>\n<\/th>\n<th style=\"text-align:left;\">23. November 2016\n<\/th>\n<\/tr>\n<tr>\n<th style=\"text-align:left;\"><b>Anpfiff<\/b>\n<\/th>\n<th style=\"text-align:left;\">14 Uhr (CET)\n<\/th>\n<\/tr>\n<tr>\n<td colspan=\"2\" style=\"text-align:center;\" bgcolor=\"lightgray\"><b>Aufstellung<\/b>\n<\/td>\n<\/tr>\n<tr>\n<th style=\"text-align:left;\"><b>Tor<\/b>\n<\/th>\n<th><a href=\"\/Bartlomiej_Zynel\" class=\"mw-redirect\" title=\"Bartlomiej Zynel\">Bartlomiej Zynel<\/a>\n<\/th>\n<\/tr>\n<tr>\n<th style=\"text-align:left;\"><b>Verteidigung<\/b>\n<\/th>\n<th><a href=\"\/Alexander_Burgstaller\" title=\"Alexander Burgstaller\">Alexander Burgstaller<\/a> &#8211; <a href=\"\/Nico_Gorzel\" title=\"Nico Gorzel\">Nico Gorzel<\/a> (C)  &#8211; <a href=\"\/Luca_Meisl\" title=\"Luca Meisl\">Luca Meisl<\/a> &#8211; <a href=\"\/Maximilian_Mayer\" title=\"Maximilian Mayer\">Maximilian Mayer<\/a>\n<\/th>\n<\/tr>\n<tr>\n<th style=\"text-align:left;\"><b>Mittelfeld<\/b>\n<\/th>\n<th><a href=\"\/Maximilian_Schuster\" title=\"Maximilian Schuster\">Maximilian Schuster<\/a> &#8211; <a href=\"\/Philipp_Sturm\" title=\"Philipp Sturm\">Philipp Sturm<\/a> &#8211; <a href=\"\/Dominik_Stumberger\" title=\"Dominik Stumberger\">Dominik Stumberger<\/a>\n<\/th>\n<\/tr>\n<tr>\n<th style=\"text-align:left;\"><b>Sturm<\/b>\n<\/th>\n<th><a href=\"\/Kenan_Kirim\" title=\"Kenan Kirim\">Kenan Kirim<\/a> &#8211;  <a href=\"\/Aldin_Aganovic\" title=\"Aldin Aganovic\">Aldin Aganovic <\/a> &#8211; <a href=\"\/Randy_Montie\" title=\"Randy Montie\">Randy Montie<\/a>\n<\/th>\n<\/tr>\n<tr>\n<td colspan=\"2\" style=\"text-align:center;\" bgcolor=\"lightgray\"><b>Wechsel<\/b>\n<\/td>\n<\/tr>\n<tr>\n<th style=\"text-align:left;\"><b>Wechsel<\/b>\n<\/th>\n<th style=\"text-align:left;\"><a href=\"\/Benjamin_Wallquist\" title=\"Benjamin Wallquist\">Benjamin Wallquist<\/a> f\u00fcr Gorzel (57.), <a href=\"\/Julian_G%C3%B6lles\" title=\"Julian G\u00f6lles\">Julian G\u00f6lles<\/a> f\u00fcr Mayer (57.), <a href=\"\/Nemanja_Zikic\" title=\"Nemanja Zikic\">Nemanja Zikic<\/a> f\u00fcr Sturm (69.)\n<\/th>\n<\/tr>\n<tr>\n<td colspan=\"2\" style=\"text-align:center;\" bgcolor=\"lightgray\"><b>Statistik<\/b>\n<\/td>\n<\/tr>\n<tr>\n<th style=\"text-align:left;\"><b>Endstand<\/b>\n<\/th>\n<th style=\"text-align:left;\">0:1 (0:1)\n<\/th>\n<\/tr>\n<tr>\n<th style=\"text-align:left;\"><b>Torsch\u00fctzen<\/b>\n<\/th>\n<th style=\"text-align:left;\">Meisl (16.)\n<\/th>\n<\/tr>\n<tr>\n<th style=\"text-align:left;\"><b>Gelbe Karten<\/b>\n<\/th>\n<th style=\"text-align:left;\">Oteshev  (88.), Zhuzbay (92.)\n<\/th>\n<\/tr>\n<tr>\n<th style=\"text-align:left;\"><b>Rote Karten<\/b>\n<\/th>\n<th style=\"text-align:left;\">\n<\/th>\n<\/tr>\n<tr>\n<th style=\"text-align:left;\"><b>Schiedsrichter<\/b>\n<\/th>\n<th style=\"text-align:left;\">Giorgi Kruashvili (GEO)\n<\/th>\n<\/tr>\n<tr>\n<th style=\"text-align:left;\"><b>Stadion<\/b>\n<\/th>\n<th style=\"text-align:left;\">Almaty Ortalyk Stadion, Almaty\n<\/th>\n<\/tr>\n<tr>\n<th style=\"text-align:left;\"><b>Zuschauer<\/b>\n<\/th>\n<th style=\"text-align:left;\">\n<\/th>\n<\/tr>\n<\/tbody>\n<\/table>\n<ul>\n<li>Das Durchschnittsalter der Jungbullen im R\u00fcckspiel gegen den kasachischen Landesmeister betrug 17,2 Jahre.<\/li>\n<\/ul>\n<h2><span class=\"mw-headline\" id=\"Bilder\">Bilder<\/span><a href=\"\/index.php?title=FC_Kairat_Almaty_gegen_FC_Salzburg&amp;action=edit&amp;section=2\" title=\"Abschnitt bearbeiten: Bilder\">Bearbeiten<\/a><span class=\"mw-editsection-bracket\">]<\/span><\/span><\/h2>\n<p>(c)FC Salzburg\n<\/p>\n<ul class=\"gallery mw-gallery-traditional\">\n<li class=\"gallerybox\" style=\"width: 155px\">\n<div style=\"width: 155px\">\n<div class=\"thumb\" style=\"width: 150px;\">\n<div style=\"margin:35px auto;\"><a href=\"\/Datei:FKKairat_(1).jpg\" class=\"image\"><img alt=\"FKKairat (1).jpg\" src=\"\/images\/thumb\/d\/d5\/FKKairat_%281%29.jpg\/120px-FKKairat_%281%29.jpg\" decoding=\"async\" width=\"120\" height=\"80\" srcset=\"\/images\/thumb\/d\/d5\/FKKairat_%281%29.jpg\/180px-FKKairat_%281%29.jpg 1.5x, \/images\/thumb\/d\/d5\/FKKairat_%281%29.jpg\/240px-FKKairat_%281%29.jpg 2x\" \/><\/a><\/div>\n<\/div>\n<div class=\"gallerytext\">\n\t\t\t<\/div>\n<\/p><\/div>\n<\/li>\n<li class=\"gallerybox\" style=\"width: 155px\">\n<div style=\"width: 155px\">\n<div class=\"thumb\" style=\"width: 150px;\">\n<div style=\"margin:35px auto;\"><a href=\"\/Datei:FKKairat_(2).jpg\" class=\"image\"><img alt=\"FKKairat (2).jpg\" src=\"\/images\/thumb\/5\/5b\/FKKairat_%282%29.jpg\/120px-FKKairat_%282%29.jpg\" decoding=\"async\" width=\"120\" height=\"80\" srcset=\"\/images\/thumb\/5\/5b\/FKKairat_%282%29.jpg\/180px-FKKairat_%282%29.jpg 1.5x, \/images\/thumb\/5\/5b\/FKKairat_%282%29.jpg\/240px-FKKairat_%282%29.jpg 2x\" \/><\/a><\/div>\n<\/div>\n<div class=\"gallerytext\">\n\t\t\t<\/div>\n<\/p><\/div>\n<\/li>\n<li class=\"gallerybox\" style=\"width: 155px\">\n<div style=\"width: 155px\">\n<div class=\"thumb\" style=\"width: 150px;\">\n<div style=\"margin:35px auto;\"><a href=\"\/Datei:FKKairat_(3).jpg\" class=\"image\"><img alt=\"FKKairat (3).jpg\" src=\"\/images\/thumb\/4\/49\/FKKairat_%283%29.jpg\/120px-FKKairat_%283%29.jpg\" decoding=\"async\" width=\"120\" height=\"80\" srcset=\"\/images\/thumb\/4\/49\/FKKairat_%283%29.jpg\/180px-FKKairat_%283%29.jpg 1.5x, \/images\/thumb\/4\/49\/FKKairat_%283%29.jpg\/240px-FKKairat_%283%29.jpg 2x\" \/><\/a><\/div>\n<\/div>\n<div class=\"gallerytext\">\n\t\t\t<\/div>\n<\/p><\/div>\n<\/li>\n<li class=\"gallerybox\" style=\"width: 155px\">\n<div style=\"width: 155px\">\n<div class=\"thumb\" style=\"width: 150px;\">\n<div style=\"margin:35px auto;\"><a href=\"\/Datei:FKKairat_(4).jpg\" class=\"image\"><img loading=\"lazy\" alt=\"FKKairat (4).jpg\" src=\"\/images\/thumb\/5\/53\/FKKairat_%284%29.jpg\/120px-FKKairat_%284%29.jpg\" decoding=\"async\" width=\"120\" height=\"80\" srcset=\"\/images\/thumb\/5\/53\/FKKairat_%284%29.jpg\/180px-FKKairat_%284%29.jpg 1.5x, \/images\/thumb\/5\/53\/FKKairat_%284%29.jpg\/240px-FKKairat_%284%29.jpg 2x\" \/><\/a><\/div>\n<\/div>\n<div class=\"gallerytext\">\n\t\t\t<\/div>\n<\/p><\/div>\n<\/li>\n<\/ul>\n<h2><span class=\"mw-headline\" id=\"Weblinks\">Weblinks<\/span><a href=\"\/index.php?title=FC_Kairat_Almaty_gegen_FC_Salzburg&amp;action=edit&amp;section=3\" title=\"Abschnitt bearbeiten: Weblinks\">Bearbeiten<\/a><span class=\"mw-editsection-bracket\">]<\/span><\/span><\/h2>\n<p><a rel=\"nofollow\" class=\"external text\" href=\"http:\/\/www.redbullsalzburg.at\/de\/fc-red-bull-salzburg\/news\/saison_2016_17\/jungbullen-qualifizieren-sich-souveraen-fuers-play-off.html\">Spielbericht Vereinshomepage<\/a>\n<\/p>\n<h2><span class=\"mw-headline\" id=\"Stimmen_zum_Spiel\">Stimmen zum Spiel<\/span><a href=\"\/index.php?title=FC_Kairat_Almaty_gegen_FC_Salzburg&amp;action=edit&amp;section=4\" title=\"Abschnitt bearbeiten: Stimmen zum Spiel\">Bearbeiten<\/a><span class=\"mw-editsection-bracket\">]<\/span><\/span><\/h2>\n<ul>\n<li><b>Marco Rose:<\/b> Wir sind nicht nur zufrieden, dass wir eine Runde weiter sind, sondern auch mit der Art und Weise, wie wir diese Aufgabe gemeistert haben. Wir waren mit einer sehr jungen Mannschaft in Kasachstan und konnten vielen Spielern wertvolle Spielpraxis auf internationalem Niveau geben. Meine Mannschaft hat die schwierigen \u00e4u\u00dferen Bedingungen angenommen und unser Spiel, unabh\u00e4ngig vom Hinspiel, auf den Platz gebracht, auch wenn wir gemerkt haben, dass das bei minus 15 Grad nicht immer einfach ist. Wir haben zu null gespielt, ein Tor geschossen und bis zur letzten Minute hart gearbeitet.<\/li>\n<li><b>Nico Gorzel:<\/b> Die beiden Spiele gegen Kairat Almaty waren eine gro\u00dfe Herausforderung f\u00fcr uns, an die wir \u00e4u\u00dferst positiv herangegangen sind und f\u00fcr die wir von unserem Trainerteam perfekt eingestellt wurden. F\u00fcr jeden einzelnen von uns waren die bisherigen Partien eine tolle Erfahrung, die uns f\u00fcr die n\u00e4chsten Spiele pr\u00e4gen wird. Wir k\u00f6nnen stolz darauf sein, dass wir uns in beeindruckender Manier gegen die Landesmeister aus Mazedonien und Kasachstan verdient f\u00fcr die n\u00e4chste Runde im Fr\u00fchjahr qualifizieren konnten.<\/li>\n<\/ul>\n<\/div>\n","protected":false},"excerpt":{"rendered":"<p>FaktenBearbeiten] FC Kairat Almaty (U19) gegen FC Red Bull Salzburg (U19), 0:1 Spieltag UEFA Youth League 2. Runde, R\u00fcckspiel Datum 23. November 2016 Anpfiff 14 Uhr (CET) Aufstellung Tor Bartlomiej Zynel Verteidigung Alexander Burgstaller &#8211; Nico Gorzel (C) &#8211; Luca Meisl &#8211; Maximilian Mayer Mittelfeld Maximilian Schuster &#8211; Philipp Sturm &#8211; Dominik Stumberger Sturm Kenan [&hellip;]<\/p>\n","protected":false},"author":1,"featured_media":0,"parent":0,"menu_order":0,"comment_status":"closed","ping_status":"closed","template":"","meta":{"footnotes":""},"class_list":["post-3867","page","type-page","status-publish","hentry"],"_links":{"self":[{"href":"https:\/\/wiki.s12.at\/index.php\/wp-json\/wp\/v2\/pages\/3867","targetHints":{"allow":["GET"]}}],"collection":[{"href":"https:\/\/wiki.s12.at\/index.php\/wp-json\/wp\/v2\/pages"}],"about":[{"href":"https:\/\/wiki.s12.at\/index.php\/wp-json\/wp\/v2\/types\/page"}],"author":[{"embeddable":true,"href":"https:\/\/wiki.s12.at\/index.php\/wp-json\/wp\/v2\/users\/1"}],"replies":[{"embeddable":true,"href":"https:\/\/wiki.s12.at\/index.php\/wp-json\/wp\/v2\/comments?post=3867"}],"version-history":[{"count":0,"href":"https:\/\/wiki.s12.at\/index.php\/wp-json\/wp\/v2\/pages\/3867\/revisions"}],"wp:attachment":[{"href":"https:\/\/wiki.s12.at\/index.php\/wp-json\/wp\/v2\/media?parent=3867"}],"curies":[{"name":"wp","href":"https:\/\/api.w.org\/{rel}","templated":true}]}}

<div class="mw-parser-output">
<h2><span class="mw-headline" id="Fakten">Fakten</span><a href="/index.php?title=FC_Kairat_Almaty_gegen_FC_Salzburg&amp;action=edit&amp;section=1" title="Abschnitt bearbeiten: Fakten">Bearbeiten</a><span class="mw-editsection-bracket">]</span></span></h2>
<table class="toptextcells toccolours">
<tbody>
<tr>
<th colspan="2" style="text-align: center; vertical-align: top; padding: 0.3em 0.8em; font-size: 125%; background-color: lightsteelblue;">FC Kairat Almaty (U19) gegen FC Red Bull Salzburg (U19), 0:1
</th>
</tr>
<tr>
<th style="text-align:left;"><b>Spieltag</b>
</th>
<th style="text-align:left;">UEFA Youth League 2. Runde, Rückspiel
</th>
</tr>
<tr>
<th style="text-align:left;"><b>Datum</b>
</th>
<th style="text-align:left;">23. November 2016
</th>
</tr>
<tr>
<th style="text-align:left;"><b>Anpfiff</b>
</th>
<th style="text-align:left;">14 Uhr (CET)
</th>
</tr>
<tr>
<td colspan="2" style="text-align:center;" bgcolor="lightgray"><b>Aufstellung</b>
</td>
</tr>
<tr>
<th style="text-align:left;"><b>Tor</b>
</th>
<th><a href="/Bartlomiej_Zynel" class="mw-redirect" title="Bartlomiej Zynel">Bartlomiej Zynel</a>
</th>
</tr>
<tr>
<th style="text-align:left;"><b>Verteidigung</b>
</th>
<th><a href="/Alexander_Burgstaller" title="Alexander Burgstaller">Alexander Burgstaller</a> &#8211; <a href="/Nico_Gorzel" title="Nico Gorzel">Nico Gorzel</a> (C)  &#8211; <a href="/Luca_Meisl" title="Luca Meisl">Luca Meisl</a> &#8211; <a href="/Maximilian_Mayer" title="Maximilian Mayer">Maximilian Mayer</a>
</th>
</tr>
<tr>
<th style="text-align:left;"><b>Mittelfeld</b>
</th>
<th><a href="/Maximilian_Schuster" title="Maximilian Schuster">Maximilian Schuster</a> &#8211; <a href="/Philipp_Sturm" title="Philipp Sturm">Philipp Sturm</a> &#8211; <a href="/Dominik_Stumberger" title="Dominik Stumberger">Dominik Stumberger</a>
</th>
</tr>
<tr>
<th style="text-align:left;"><b>Sturm</b>
</th>
<th><a href="/Kenan_Kirim" title="Kenan Kirim">Kenan Kirim</a> &#8211;  <a href="/Aldin_Aganovic" title="Aldin Aganovic">Aldin Aganovic </a> &#8211; <a href="/Randy_Montie" title="Randy Montie">Randy Montie</a>
</th>
</tr>
<tr>
<td colspan="2" style="text-align:center;" bgcolor="lightgray"><b>Wechsel</b>
</td>
</tr>
<tr>
<th style="text-align:left;"><b>Wechsel</b>
</th>
<th style="text-align:left;"><a href="/Benjamin_Wallquist" title="Benjamin Wallquist">Benjamin Wallquist</a> für Gorzel (57.), <a href="/Julian_G%C3%B6lles" title="Julian Gölles">Julian Gölles</a> für Mayer (57.), <a href="/Nemanja_Zikic" title="Nemanja Zikic">Nemanja Zikic</a> für Sturm (69.)
</th>
</tr>
<tr>
<td colspan="2" style="text-align:center;" bgcolor="lightgray"><b>Statistik</b>
</td>
</tr>
<tr>
<th style="text-align:left;"><b>Endstand</b>
</th>
<th style="text-align:left;">0:1 (0:1)
</th>
</tr>
<tr>
<th style="text-align:left;"><b>Torschützen</b>
</th>
<th style="text-align:left;">Meisl (16.)
</th>
</tr>
<tr>
<th style="text-align:left;"><b>Gelbe Karten</b>
</th>
<th style="text-align:left;">Oteshev  (88.), Zhuzbay (92.)
</th>
</tr>
<tr>
<th style="text-align:left;"><b>Rote Karten</b>
</th>
<th style="text-align:left;">
</th>
</tr>
<tr>
<th style="text-align:left;"><b>Schiedsrichter</b>
</th>
<th style="text-align:left;">Giorgi Kruashvili (GEO)
</th>
</tr>
<tr>
<th style="text-align:left;"><b>Stadion</b>
</th>
<th style="text-align:left;">Almaty Ortalyk Stadion, Almaty
</th>
</tr>
<tr>
<th style="text-align:left;"><b>Zuschauer</b>
</th>
<th style="text-align:left;">
</th>
</tr>
</tbody>
</table>
<ul>
<li>Das Durchschnittsalter der Jungbullen im Rückspiel gegen den kasachischen Landesmeister betrug 17,2 Jahre.</li>
</ul>
<h2><span class="mw-headline" id="Bilder">Bilder</span><a href="/index.php?title=FC_Kairat_Almaty_gegen_FC_Salzburg&amp;action=edit&amp;section=2" title="Abschnitt bearbeiten: Bilder">Bearbeiten</a><span class="mw-editsection-bracket">]</span></span></h2>
<p>(c)FC Salzburg
</p>
<ul class="gallery mw-gallery-traditional">
<li class="gallerybox" style="width: 155px">
<div style="width: 155px">
<div class="thumb" style="width: 150px;">
<div style="margin:35px auto;"><a href="/Datei:FKKairat_(1).jpg" class="image"><img alt="FKKairat (1).jpg" src="/images/thumb/d/d5/FKKairat_%281%29.jpg/120px-FKKairat_%281%29.jpg" decoding="async" width="120" height="80" srcset="/images/thumb/d/d5/FKKairat_%281%29.jpg/180px-FKKairat_%281%29.jpg 1.5x, /images/thumb/d/d5/FKKairat_%281%29.jpg/240px-FKKairat_%281%29.jpg 2x" /></a></div>
</div>
<div class="gallerytext">
			</div>
</p></div>
</li>
<li class="gallerybox" style="width: 155px">
<div style="width: 155px">
<div class="thumb" style="width: 150px;">
<div style="margin:35px auto;"><a href="/Datei:FKKairat_(2).jpg" class="image"><img alt="FKKairat (2).jpg" src="/images/thumb/5/5b/FKKairat_%282%29.jpg/120px-FKKairat_%282%29.jpg" decoding="async" width="120" height="80" srcset="/images/thumb/5/5b/FKKairat_%282%29.jpg/180px-FKKairat_%282%29.jpg 1.5x, /images/thumb/5/5b/FKKairat_%282%29.jpg/240px-FKKairat_%282%29.jpg 2x" /></a></div>
</div>
<div class="gallerytext">
			</div>
</p></div>
</li>
<li class="gallerybox" style="width: 155px">
<div style="width: 155px">
<div class="thumb" style="width: 150px;">
<div style="margin:35px auto;"><a href="/Datei:FKKairat_(3).jpg" class="image"><img alt="FKKairat (3).jpg" src="/images/thumb/4/49/FKKairat_%283%29.jpg/120px-FKKairat_%283%29.jpg" decoding="async" width="120" height="80" srcset="/images/thumb/4/49/FKKairat_%283%29.jpg/180px-FKKairat_%283%29.jpg 1.5x, /images/thumb/4/49/FKKairat_%283%29.jpg/240px-FKKairat_%283%29.jpg 2x" /></a></div>
</div>
<div class="gallerytext">
			</div>
</p></div>
</li>
<li class="gallerybox" style="width: 155px">
<div style="width: 155px">
<div class="thumb" style="width: 150px;">
<div style="margin:35px auto;"><a href="/Datei:FKKairat_(4).jpg" class="image"><img loading="lazy" alt="FKKairat (4).jpg" src="/images/thumb/5/53/FKKairat_%284%29.jpg/120px-FKKairat_%284%29.jpg" decoding="async" width="120" height="80" srcset="/images/thumb/5/53/FKKairat_%284%29.jpg/180px-FKKairat_%284%29.jpg 1.5x, /images/thumb/5/53/FKKairat_%284%29.jpg/240px-FKKairat_%284%29.jpg 2x" /></a></div>
</div>
<div class="gallerytext">
			</div>
</p></div>
</li>
</ul>
<h2><span class="mw-headline" id="Weblinks">Weblinks</span><a href="/index.php?title=FC_Kairat_Almaty_gegen_FC_Salzburg&amp;action=edit&amp;section=3" title="Abschnitt bearbeiten: Weblinks">Bearbeiten</a><span class="mw-editsection-bracket">]</span></span></h2>
<p><a rel="nofollow" class="external text" href="http://www.redbullsalzburg.at/de/fc-red-bull-salzburg/news/saison_2016_17/jungbullen-qualifizieren-sich-souveraen-fuers-play-off.html">Spielbericht Vereinshomepage</a>
</p>
<h2><span class="mw-headline" id="Stimmen_zum_Spiel">Stimmen zum Spiel</span><a href="/index.php?title=FC_Kairat_Almaty_gegen_FC_Salzburg&amp;action=edit&amp;section=4" title="Abschnitt bearbeiten: Stimmen zum Spiel">Bearbeiten</a><span class="mw-editsection-bracket">]</span></span></h2>
<ul>
<li><b>Marco Rose:</b> Wir sind nicht nur zufrieden, dass wir eine Runde weiter sind, sondern auch mit der Art und Weise, wie wir diese Aufgabe gemeistert haben. Wir waren mit einer sehr jungen Mannschaft in Kasachstan und konnten vielen Spielern wertvolle Spielpraxis auf internationalem Niveau geben. Meine Mannschaft hat die schwierigen äußeren Bedingungen angenommen und unser Spiel, unabhängig vom Hinspiel, auf den Platz gebracht, auch wenn wir gemerkt haben, dass das bei minus 15 Grad nicht immer einfach ist. Wir haben zu null gespielt, ein Tor geschossen und bis zur letzten Minute hart gearbeitet.</li>
<li><b>Nico Gorzel:</b> Die beiden Spiele gegen Kairat Almaty waren eine große Herausforderung für uns, an die wir äußerst positiv herangegangen sind und für die wir von unserem Trainerteam perfekt eingestellt wurden. Für jeden einzelnen von uns waren die bisherigen Partien eine tolle Erfahrung, die uns für die nächsten Spiele prägen wird. Wir können stolz darauf sein, dass wir uns in beeindruckender Manier gegen die Landesmeister aus Mazedonien und Kasachstan verdient für die nächste Runde im Frühjahr qualifizieren konnten.</li>
</ul>
</div>

<p>FaktenBearbeiten] FC Kairat Almaty (U19) gegen FC Red Bull Salzburg (U19), 0:1 Spieltag UEFA Youth League 2. Runde, Rückspiel Datum 23. November 2016 Anpfiff 14 Uhr (CET) Aufstellung Tor Bartlomiej Zynel Verteidigung Alexander Burgstaller &#8211; Nico Gorzel (C) &#8211; Luca Meisl &#8211; Maximilian Mayer Mittelfeld Maximilian Schuster &#8211; Philipp Sturm &#8211; Dominik Stumberger Sturm Kenan [&hellip;]</p>
