{"id":3847,"date":"2026-05-06T15:25:17","date_gmt":"2026-05-06T13:25:17","guid":{"rendered":"https:\/\/wiki.s12.at\/index.php\/fc-dornbirn-gegen-fc-red-bull-salzburg-2025\/"},"modified":"2026-05-06T15:25:17","modified_gmt":"2026-05-06T13:25:17","slug":"fc-dornbirn-gegen-fc-red-bull-salzburg-2025","status":"publish","type":"page","link":"https:\/\/wiki.s12.at\/index.php\/fc-dornbirn-gegen-fc-red-bull-salzburg-2025\/","title":{"rendered":"FC Dornbirn gegen FC Red Bull Salzburg (2025)"},"content":{"rendered":"<div class=\"mw-parser-output\">\n<table class=\"toptextcells toccolours\">\n<tbody>\n<tr>\n<th colspan=\"2\" style=\"text-align: center; vertical-align: top; padding: 0.3em 0.8em; font-size: 125%; background-color: lightsteelblue;\">FC Dornbirn gegen FC Red Bull Salzburg, 1:3\n<\/th>\n<\/tr>\n<tr>\n<th style=\"text-align:left;\"><b>Spieltag<\/b>\n<\/th>\n<th style=\"text-align:left;\">\u00d6FB Cup- 2. Runde\n<\/th>\n<\/tr>\n<tr>\n<th style=\"text-align:left;\"><b>Datum<\/b>\n<\/th>\n<th style=\"text-align:left;\">27. August 2025\n<\/th>\n<\/tr>\n<tr>\n<th style=\"text-align:left;\"><b>Anpfiff<\/b>\n<\/th>\n<th style=\"text-align:left;\">18 Uhr\n<\/th>\n<\/tr>\n<tr>\n<td colspan=\"2\" style=\"text-align:center;\" bgcolor=\"lightgray\"><b>Aufstellung<\/b>\n<\/td>\n<\/tr>\n<tr>\n<th style=\"text-align:left;\"><b>Tor<\/b>\n<\/th>\n<th><a href=\"\/Alexander_Schlager\" title=\"Alexander Schlager\">Alexander Schlager<\/a>\n<\/th>\n<\/tr>\n<tr>\n<th style=\"text-align:left;\"><b>Verteidigung<\/b>\n<\/th>\n<th><a href=\"\/Tim_Trummer\" title=\"Tim Trummer\">Tim Trummer<\/a> &#8211;  <a href=\"\/Jannik_Schuster\" title=\"Jannik Schuster\">Jannik Schuster <\/a> &#8211;  <a href=\"\/Jacob_Rasmussen\" title=\"Jacob Rasmussen\">Jacob Rasmussen<\/a>&#8211; <a href=\"\/Aleksa_Terzic\" title=\"Aleksa Terzic\">Aleksa Terzic<\/a>\n<\/th>\n<\/tr>\n<tr>\n<th style=\"text-align:left;\"><b>Mittelfeld<\/b>\n<\/th>\n<th><a href=\"\/Soumaila_Diabate\" title=\"Soumaila Diabate\">Soumaila Diabate<\/a> &#8211; <a href=\"\/Mamady_Diambou\" title=\"Mamady Diambou\">Mamady Diambou<\/a> &#8211;  <a href=\"\/Enrique_Aguilar\" title=\"Enrique Aguilar\">Enrique Aguilar <\/a> \u2013  <a href=\"\/Kerim_Alajbegovic\" title=\"Kerim Alajbegovic\">Kerim Alajbegovic<\/a>\n<\/th>\n<\/tr>\n<tr>\n<th style=\"text-align:left;\"><b>Sturm<\/b>\n<\/th>\n<th><a href=\"\/Edmund_Baidoo\" title=\"Edmund Baidoo\">Edmund Baidoo<\/a> &#8211; <a href=\"\/Adam_Daghim\" title=\"Adam Daghim\">Adam Daghim<\/a>\n<\/th>\n<\/tr>\n<tr>\n<td colspan=\"2\" style=\"text-align:center;\" bgcolor=\"lightgray\"><b>Wechsel<\/b>\n<\/td>\n<\/tr>\n<tr>\n<th style=\"text-align:left;\"><b>Wechsel<\/b>\n<\/th>\n<th style=\"text-align:left;\"><a href=\"\/Sota_Kitano\" title=\"Sota Kitano\">Sota Kitano<\/a> f\u00fcr Aguilar  (60.), <a href=\"\/Petar_Ratkov\" title=\"Petar Ratkov\">Petar Ratkov<\/a> f\u00fcr Baidoo (60.), <a href=\"\/Yorbe_Vertessen\" title=\"Yorbe Vertessen\">Yorbe Vertessen<\/a> f\u00fcr Daghim (60.), <br \/> <a href=\"\/Stefan_Lainer\" title=\"Stefan Lainer\">Stefan Lainer<\/a> f\u00fcr Trummer (60.), <a href=\"\/Moussa_Yeo\" class=\"mw-redirect\" title=\"Moussa Yeo\">Moussa Yeo<\/a> f\u00fcr Alajbegovic (85.)\n<\/th>\n<\/tr>\n<tr>\n<td colspan=\"2\" style=\"text-align:center;\" bgcolor=\"lightgray\"><b>Statistik<\/b>\n<\/td>\n<\/tr>\n<tr>\n<th style=\"text-align:left;\"><b>Endstand<\/b>\n<\/th>\n<th style=\"text-align:left;\">1:3  (1:1)\n<\/th>\n<\/tr>\n<tr>\n<th style=\"text-align:left;\"><b>Torsch\u00fctzen<\/b>\n<\/th>\n<th style=\"text-align:left;\">Makovec (40.); Alajbegovic (20.), Ratkov (70.), Vertessen (83.)\n<\/th>\n<\/tr>\n<tr>\n<th style=\"text-align:left;\"><b>Gelbe Karten<\/b>\n<\/th>\n<th style=\"text-align:left;\">Stojnic (92.); Yeo (90.)\n<\/th>\n<\/tr>\n<tr>\n<th style=\"text-align:left;\"><b>Rote Karten<\/b>\n<\/th>\n<th style=\"text-align:left;\">\n<\/th>\n<\/tr>\n<tr>\n<th style=\"text-align:left;\"><b>Schiedsrichter<\/b>\n<\/th>\n<th style=\"text-align:left;\">Stefan Macanovic\n<\/th>\n<\/tr>\n<tr>\n<th style=\"text-align:left;\"><b>Stadion<\/b>\n<\/th>\n<th style=\"text-align:left;\">Birkenwiese, Dornbirn\n<\/th>\n<\/tr>\n<tr>\n<th style=\"text-align:left;\"><b>Zuschauer<\/b>\n<\/th>\n<th style=\"text-align:left;\">1.500\n<\/th>\n<\/tr>\n<\/tbody>\n<\/table>\n<h2><span class=\"mw-headline\" id=\"Spielbericht\">Spielbericht<\/span><a href=\"\/index.php?title=FC_Dornbirn_gegen_FC_Red_Bull_Salzburg_(2025)&amp;action=edit&amp;section=1\" title=\"Abschnitt bearbeiten: Spielbericht\">Bearbeiten<\/a><span class=\"mw-editsection-bracket\">]<\/span><\/span><\/h2>\n<p><a rel=\"nofollow\" class=\"external text\" href=\"https:\/\/www.redbullsalzburg.at\/de\/2025-2026\/spielplan\/oefb-cup-runde-2-fc-dornbirn-vs-fc-red-bull-salzburg#spielbericht\">Spielbericht Vereinshomepage<\/a>\n<\/p>\n<h2><span class=\"mw-headline\" id=\"Stimmen_zum_Spiel\">Stimmen zum Spiel<\/span><a href=\"\/index.php?title=FC_Dornbirn_gegen_FC_Red_Bull_Salzburg_(2025)&amp;action=edit&amp;section=2\" title=\"Abschnitt bearbeiten: Stimmen zum Spiel\">Bearbeiten<\/a><span class=\"mw-editsection-bracket\">]<\/span><\/span><\/h2>\n<p><b>Thomas Letsch:<\/b> Es war ein klassisches Cup-Match, der Gegner hat sich aufs Verteidigen konzentriert. \u00c4rgerlich war, dass wir nach einem Eckball das Gegentor kassiert haben, da haben wir einmal gepennt \u2013 das kann allerdings eben mal passieren. Aber grunds\u00e4tzlich haben wir die Partie grundsolide runtergespielt. Wir h\u00e4tten sicherlich mindestens mit 2:0 in die Pause gehen m\u00fcssen, auch hintenraus h\u00e4tten wir es einfacher haben k\u00f6nnen. Wir freuen uns jedoch, dass wir weiter sind!\n<\/p>\n<p><b>Kerim Alajbegovic:<\/b> Sie standen sehr tief, das ist nicht so einfach, weil man geduldig bleiben und den richtigen Moment finden muss. Den haben wir durch meinen Treffer auch gut gefunden. Klar h\u00e4tten wir noch mehr Tore erzielen k\u00f6nnen, aber am Ende ist es ein gutes, solides 3:1 \u2013 wir gehen weiter!\n<\/p>\n<\/div>\n","protected":false},"excerpt":{"rendered":"<p>FC Dornbirn gegen FC Red Bull Salzburg, 1:3 Spieltag \u00d6FB Cup- 2. Runde Datum 27. August 2025 Anpfiff 18 Uhr Aufstellung Tor Alexander Schlager Verteidigung Tim Trummer &#8211; Jannik Schuster &#8211; Jacob Rasmussen&#8211; Aleksa Terzic Mittelfeld Soumaila Diabate &#8211; Mamady Diambou &#8211; Enrique Aguilar \u2013 Kerim Alajbegovic Sturm Edmund Baidoo &#8211; Adam Daghim Wechsel Wechsel [&hellip;]<\/p>\n","protected":false},"author":1,"featured_media":0,"parent":0,"menu_order":0,"comment_status":"closed","ping_status":"closed","template":"","meta":{"footnotes":""},"class_list":["post-3847","page","type-page","status-publish","hentry"],"_links":{"self":[{"href":"https:\/\/wiki.s12.at\/index.php\/wp-json\/wp\/v2\/pages\/3847","targetHints":{"allow":["GET"]}}],"collection":[{"href":"https:\/\/wiki.s12.at\/index.php\/wp-json\/wp\/v2\/pages"}],"about":[{"href":"https:\/\/wiki.s12.at\/index.php\/wp-json\/wp\/v2\/types\/page"}],"author":[{"embeddable":true,"href":"https:\/\/wiki.s12.at\/index.php\/wp-json\/wp\/v2\/users\/1"}],"replies":[{"embeddable":true,"href":"https:\/\/wiki.s12.at\/index.php\/wp-json\/wp\/v2\/comments?post=3847"}],"version-history":[{"count":0,"href":"https:\/\/wiki.s12.at\/index.php\/wp-json\/wp\/v2\/pages\/3847\/revisions"}],"wp:attachment":[{"href":"https:\/\/wiki.s12.at\/index.php\/wp-json\/wp\/v2\/media?parent=3847"}],"curies":[{"name":"wp","href":"https:\/\/api.w.org\/{rel}","templated":true}]}}

<div class="mw-parser-output">
<table class="toptextcells toccolours">
<tbody>
<tr>
<th colspan="2" style="text-align: center; vertical-align: top; padding: 0.3em 0.8em; font-size: 125%; background-color: lightsteelblue;">FC Dornbirn gegen FC Red Bull Salzburg, 1:3
</th>
</tr>
<tr>
<th style="text-align:left;"><b>Spieltag</b>
</th>
<th style="text-align:left;">ÖFB Cup- 2. Runde
</th>
</tr>
<tr>
<th style="text-align:left;"><b>Datum</b>
</th>
<th style="text-align:left;">27. August 2025
</th>
</tr>
<tr>
<th style="text-align:left;"><b>Anpfiff</b>
</th>
<th style="text-align:left;">18 Uhr
</th>
</tr>
<tr>
<td colspan="2" style="text-align:center;" bgcolor="lightgray"><b>Aufstellung</b>
</td>
</tr>
<tr>
<th style="text-align:left;"><b>Tor</b>
</th>
<th><a href="/Alexander_Schlager" title="Alexander Schlager">Alexander Schlager</a>
</th>
</tr>
<tr>
<th style="text-align:left;"><b>Verteidigung</b>
</th>
<th><a href="/Tim_Trummer" title="Tim Trummer">Tim Trummer</a> &#8211;  <a href="/Jannik_Schuster" title="Jannik Schuster">Jannik Schuster </a> &#8211;  <a href="/Jacob_Rasmussen" title="Jacob Rasmussen">Jacob Rasmussen</a>&#8211; <a href="/Aleksa_Terzic" title="Aleksa Terzic">Aleksa Terzic</a>
</th>
</tr>
<tr>
<th style="text-align:left;"><b>Mittelfeld</b>
</th>
<th><a href="/Soumaila_Diabate" title="Soumaila Diabate">Soumaila Diabate</a> &#8211; <a href="/Mamady_Diambou" title="Mamady Diambou">Mamady Diambou</a> &#8211;  <a href="/Enrique_Aguilar" title="Enrique Aguilar">Enrique Aguilar </a> –  <a href="/Kerim_Alajbegovic" title="Kerim Alajbegovic">Kerim Alajbegovic</a>
</th>
</tr>
<tr>
<th style="text-align:left;"><b>Sturm</b>
</th>
<th><a href="/Edmund_Baidoo" title="Edmund Baidoo">Edmund Baidoo</a> &#8211; <a href="/Adam_Daghim" title="Adam Daghim">Adam Daghim</a>
</th>
</tr>
<tr>
<td colspan="2" style="text-align:center;" bgcolor="lightgray"><b>Wechsel</b>
</td>
</tr>
<tr>
<th style="text-align:left;"><b>Wechsel</b>
</th>
<th style="text-align:left;"><a href="/Sota_Kitano" title="Sota Kitano">Sota Kitano</a> für Aguilar  (60.), <a href="/Petar_Ratkov" title="Petar Ratkov">Petar Ratkov</a> für Baidoo (60.), <a href="/Yorbe_Vertessen" title="Yorbe Vertessen">Yorbe Vertessen</a> für Daghim (60.), <br /> <a href="/Stefan_Lainer" title="Stefan Lainer">Stefan Lainer</a> für Trummer (60.), <a href="/Moussa_Yeo" class="mw-redirect" title="Moussa Yeo">Moussa Yeo</a> für Alajbegovic (85.)
</th>
</tr>
<tr>
<td colspan="2" style="text-align:center;" bgcolor="lightgray"><b>Statistik</b>
</td>
</tr>
<tr>
<th style="text-align:left;"><b>Endstand</b>
</th>
<th style="text-align:left;">1:3  (1:1)
</th>
</tr>
<tr>
<th style="text-align:left;"><b>Torschützen</b>
</th>
<th style="text-align:left;">Makovec (40.); Alajbegovic (20.), Ratkov (70.), Vertessen (83.)
</th>
</tr>
<tr>
<th style="text-align:left;"><b>Gelbe Karten</b>
</th>
<th style="text-align:left;">Stojnic (92.); Yeo (90.)
</th>
</tr>
<tr>
<th style="text-align:left;"><b>Rote Karten</b>
</th>
<th style="text-align:left;">
</th>
</tr>
<tr>
<th style="text-align:left;"><b>Schiedsrichter</b>
</th>
<th style="text-align:left;">Stefan Macanovic
</th>
</tr>
<tr>
<th style="text-align:left;"><b>Stadion</b>
</th>
<th style="text-align:left;">Birkenwiese, Dornbirn
</th>
</tr>
<tr>
<th style="text-align:left;"><b>Zuschauer</b>
</th>
<th style="text-align:left;">1.500
</th>
</tr>
</tbody>
</table>
<h2><span class="mw-headline" id="Spielbericht">Spielbericht</span><a href="/index.php?title=FC_Dornbirn_gegen_FC_Red_Bull_Salzburg_(2025)&amp;action=edit&amp;section=1" title="Abschnitt bearbeiten: Spielbericht">Bearbeiten</a><span class="mw-editsection-bracket">]</span></span></h2>
<p><a rel="nofollow" class="external text" href="https://www.redbullsalzburg.at/de/2025-2026/spielplan/oefb-cup-runde-2-fc-dornbirn-vs-fc-red-bull-salzburg#spielbericht">Spielbericht Vereinshomepage</a>
</p>
<h2><span class="mw-headline" id="Stimmen_zum_Spiel">Stimmen zum Spiel</span><a href="/index.php?title=FC_Dornbirn_gegen_FC_Red_Bull_Salzburg_(2025)&amp;action=edit&amp;section=2" title="Abschnitt bearbeiten: Stimmen zum Spiel">Bearbeiten</a><span class="mw-editsection-bracket">]</span></span></h2>
<p><b>Thomas Letsch:</b> Es war ein klassisches Cup-Match, der Gegner hat sich aufs Verteidigen konzentriert. Ärgerlich war, dass wir nach einem Eckball das Gegentor kassiert haben, da haben wir einmal gepennt – das kann allerdings eben mal passieren. Aber grundsätzlich haben wir die Partie grundsolide runtergespielt. Wir hätten sicherlich mindestens mit 2:0 in die Pause gehen müssen, auch hintenraus hätten wir es einfacher haben können. Wir freuen uns jedoch, dass wir weiter sind!
</p>
<p><b>Kerim Alajbegovic:</b> Sie standen sehr tief, das ist nicht so einfach, weil man geduldig bleiben und den richtigen Moment finden muss. Den haben wir durch meinen Treffer auch gut gefunden. Klar hätten wir noch mehr Tore erzielen können, aber am Ende ist es ein gutes, solides 3:1 – wir gehen weiter!
</p>
</div>

<p>FC Dornbirn gegen FC Red Bull Salzburg, 1:3 Spieltag ÖFB Cup- 2. Runde Datum 27. August 2025 Anpfiff 18 Uhr Aufstellung Tor Alexander Schlager Verteidigung Tim Trummer &#8211; Jannik Schuster &#8211; Jacob Rasmussen&#8211; Aleksa Terzic Mittelfeld Soumaila Diabate &#8211; Mamady Diambou &#8211; Enrique Aguilar – Kerim Alajbegovic Sturm Edmund Baidoo &#8211; Adam Daghim Wechsel Wechsel [&hellip;]</p>
