{"id":3841,"date":"2026-05-06T15:25:14","date_gmt":"2026-05-06T13:25:14","guid":{"rendered":"https:\/\/wiki.s12.at\/index.php\/fc-chelsea-gegen-fc-salzburg\/"},"modified":"2026-05-06T15:25:14","modified_gmt":"2026-05-06T13:25:14","slug":"fc-chelsea-gegen-fc-salzburg","status":"publish","type":"page","link":"https:\/\/wiki.s12.at\/index.php\/fc-chelsea-gegen-fc-salzburg\/","title":{"rendered":"FC Chelsea gegen FC Salzburg"},"content":{"rendered":"<div class=\"mw-parser-output\">\n<table class=\"toptextcells toccolours\">\n<tbody>\n<tr>\n<th colspan=\"2\" style=\"text-align: center; vertical-align: top; padding: 0.3em 0.8em; font-size: 125%; background-color: lightsteelblue;\">FC Chelsea gegen FC Salzburg, 1:1\n<\/th>\n<\/tr>\n<tr>\n<th style=\"text-align:left;\"><b>Spieltag<\/b>\n<\/th>\n<th style=\"text-align:left;\">UEFA Championsleague Gruppe E, 2. Runde\n<\/th>\n<\/tr>\n<tr>\n<th style=\"text-align:left;\"><b>Datum<\/b>\n<\/th>\n<th style=\"text-align:left;\">14. September 2022\n<\/th>\n<\/tr>\n<tr>\n<th style=\"text-align:left;\"><b>Anpfiff<\/b>\n<\/th>\n<th style=\"text-align:left;\">21 Uhr\n<\/th>\n<\/tr>\n<tr>\n<td colspan=\"2\" style=\"text-align:center;\" bgcolor=\"lightgray\"><b>Aufstellung<\/b>\n<\/td>\n<\/tr>\n<tr>\n<th style=\"text-align:left;\"><b>Tor<\/b>\n<\/th>\n<th><a href=\"\/Philipp_K%C3%B6hn\" title=\"Philipp K\u00f6hn\">Philipp K\u00f6hn <\/a>\n<\/th>\n<\/tr>\n<tr>\n<th style=\"text-align:left;\"><b>Verteidigung<\/b>\n<\/th>\n<th><a href=\"\/Amar_Dedic\" title=\"Amar Dedic\">Amar Dedic<\/a> &#8211; <a href=\"\/Bernardo\" title=\"Bernardo\">Bernardo<\/a>  &#8211;<a href=\"\/Strahinja_Pavlovic\" title=\"Strahinja Pavlovic\">Strahinja Pavlovic<\/a>  &#8211;  <a href=\"\/Andreas_Ulmer\" title=\"Andreas Ulmer\">Andreas Ulmer<\/a>\n<\/th>\n<\/tr>\n<tr>\n<th style=\"text-align:left;\"><b>Mittelfeld<\/b>\n<\/th>\n<th><a href=\"\/Nicolas_Seiwald\" title=\"Nicolas Seiwald\">Nicolas Seiwald<\/a> &#8211; <a href=\"\/Maurits_Kjaergaard\" title=\"Maurits Kjaergaard\">Maurits Kjaergaard<\/a> &#8211; <a href=\"\/Luka_Sucic\" title=\"Luka Sucic\">Luka Sucic<\/a> &#8211; <a href=\"\/Nicolas_Capaldo\" title=\"Nicolas Capaldo\">Nicolas Capaldo<\/a>\n<\/th>\n<\/tr>\n<tr>\n<th style=\"text-align:left;\"><b>Sturm<\/b>\n<\/th>\n<th><a href=\"\/Benjamin_Sesko\" class=\"mw-redirect\" title=\"Benjamin Sesko\">Benjamin Sesko<\/a> &#8211; <a href=\"\/Noah_Okafor\" title=\"Noah Okafor\">Noah Okafor<\/a>\n<\/th>\n<\/tr>\n<tr>\n<td colspan=\"2\" style=\"text-align:center;\" bgcolor=\"lightgray\"><b>Wechsel<\/b>\n<\/td>\n<\/tr>\n<tr>\n<th style=\"text-align:left;\"><b>Wechsel<\/b>\n<\/th>\n<th style=\"text-align:left;\"><a href=\"\/Lucas_Gourna-Douath\" title=\"Lucas Gourna-Douath\">Lucas Gourna-Douath<\/a> f\u00fcr Kjaergaard (46.), <a href=\"\/Dijon_Kameri\" title=\"Dijon Kameri\">Dijon Kameri<\/a> f\u00fcr Sucic  (70.), <a href=\"\/Junior_Adamu\" class=\"mw-redirect\" title=\"Junior Adamu\">Junior Adamu<\/a> f\u00fcr Sesko (70.), <br \/><a href=\"\/Sekou_Koita\" title=\"Sekou Koita\">Sekou Koita<\/a> f\u00fcr Okafor (85.)\n<\/th>\n<\/tr>\n<tr>\n<td colspan=\"2\" style=\"text-align:center;\" bgcolor=\"lightgray\"><b>Statistik<\/b>\n<\/td>\n<\/tr>\n<tr>\n<th style=\"text-align:left;\"><b>Endstand<\/b>\n<\/th>\n<th style=\"text-align:left;\">1:1 (0:0)\n<\/th>\n<\/tr>\n<tr>\n<th style=\"text-align:left;\"><b>Torsch\u00fctzen<\/b>\n<\/th>\n<th style=\"text-align:left;\">Sterling (48.); Okafor (75.)\n<\/th>\n<\/tr>\n<tr>\n<th style=\"text-align:left;\"><b>Gelbe Karten<\/b>\n<\/th>\n<th style=\"text-align:left;\">Pavlovic (77.), Adamu   (77.), Ulmer  (78.), Capaldo (89.); James (79.)\n<\/th>\n<\/tr>\n<tr>\n<th style=\"text-align:left;\"><b>Rote Karten<\/b>\n<\/th>\n<th style=\"text-align:left;\">\n<\/th>\n<\/tr>\n<tr>\n<th style=\"text-align:left;\"><b>Schiedsrichter<\/b>\n<\/th>\n<th style=\"text-align:left;\">Ivan Kru\u017eliak (SVK)\n<\/th>\n<\/tr>\n<tr>\n<th style=\"text-align:left;\"><b>Stadion<\/b>\n<\/th>\n<th style=\"text-align:left;\">Stamford Bridge, London\n<\/th>\n<\/tr>\n<tr>\n<th style=\"text-align:left;\"><b>Zuschauer<\/b>\n<\/th>\n<th style=\"text-align:left;\">\n<\/th>\n<\/tr>\n<\/tbody>\n<\/table>\n<h2><span class=\"mw-headline\" id=\"Spielbericht\">Spielbericht<\/span><a href=\"\/index.php?title=FC_Chelsea_gegen_FC_Salzburg&amp;action=edit&amp;section=1\" title=\"Abschnitt bearbeiten: Spielbericht\">Bearbeiten<\/a><span class=\"mw-editsection-bracket\">]<\/span><\/span><\/h2>\n<p><a rel=\"nofollow\" class=\"external text\" href=\"https:\/\/www.redbullsalzburg.at\/de\/2022-2023\/spielplan\/champions-league-runde-2-chelsea-vs-fc-salzburg#spielbericht\">Spielbericht Vereinshomepage<\/a>\n<\/p>\n<h2><span class=\"mw-headline\" id=\"Stimmen_zum_Spiel\">Stimmen zum Spiel<\/span><a href=\"\/index.php?title=FC_Chelsea_gegen_FC_Salzburg&amp;action=edit&amp;section=2\" title=\"Abschnitt bearbeiten: Stimmen zum Spiel\">Bearbeiten<\/a><span class=\"mw-editsection-bracket\">]<\/span><\/span><\/h2>\n<p><b>Matthias Jaissle:<\/b> Ein ganz, ganz gro\u00dfes Kompliment an die junge Mannschaft! Wie sie 90 Minuten lang gefightet und wirklich alles auf dem Platz gelassen hat \u2013 genau das hatten wir uns vorgenommen. Wir wussten im Vorfeld, dass wir gegen so eine Weltklassemannschaft leiden m\u00fcssen. Wie sie das umgesetzt haben, verdient meinen allergr\u00f6\u00dften Respekt. Das ist eine gef\u00fchlte Sensation, auch darauf sind wir alle m\u00e4chtig stolz!\n<\/p>\n<p><b>Noah Okafor:<\/b> Ich bin gl\u00fccklich \u00fcber den Punkt! Es war ein schwieriges Spiel, aber wir haben gek\u00e4mpft bis zum Gehtnichtmehr. Ich bin wieder extrem stolz darauf, was wir gelaufen sind. Schlussendlich hat\u2019s sich ausgezahlt, den Punkt nehmen wir mit!\n<\/p>\n<p><b>Andreas Ulmer:<\/b> Wir haben gek\u00e4mpft bis zur letzten Minute und fast alles verteidigt. Wir haben heute das Maximum herausgeholt, wir k\u00f6nnen mit dem Unentschieden hier sehr zufrieden sein! Man hat gesehen, dass das heute eine Qualit\u00e4t ,mehr\u2018 war im Vergleich zum AC Milan, sie haben sich noch gut rauskombiniert trotz unseres Pressings. Vor unserem Tor haben wir aber wirklich gut verteidigt, das war ausschlaggebend!\n<\/p>\n<\/div>\n","protected":false},"excerpt":{"rendered":"<p>FC Chelsea gegen FC Salzburg, 1:1 Spieltag UEFA Championsleague Gruppe E, 2. Runde Datum 14. September 2022 Anpfiff 21 Uhr Aufstellung Tor Philipp K\u00f6hn Verteidigung Amar Dedic &#8211; Bernardo &#8211;Strahinja Pavlovic &#8211; Andreas Ulmer Mittelfeld Nicolas Seiwald &#8211; Maurits Kjaergaard &#8211; Luka Sucic &#8211; Nicolas Capaldo Sturm Benjamin Sesko &#8211; Noah Okafor Wechsel Wechsel Lucas [&hellip;]<\/p>\n","protected":false},"author":1,"featured_media":0,"parent":0,"menu_order":0,"comment_status":"closed","ping_status":"closed","template":"","meta":{"footnotes":""},"class_list":["post-3841","page","type-page","status-publish","hentry"],"_links":{"self":[{"href":"https:\/\/wiki.s12.at\/index.php\/wp-json\/wp\/v2\/pages\/3841","targetHints":{"allow":["GET"]}}],"collection":[{"href":"https:\/\/wiki.s12.at\/index.php\/wp-json\/wp\/v2\/pages"}],"about":[{"href":"https:\/\/wiki.s12.at\/index.php\/wp-json\/wp\/v2\/types\/page"}],"author":[{"embeddable":true,"href":"https:\/\/wiki.s12.at\/index.php\/wp-json\/wp\/v2\/users\/1"}],"replies":[{"embeddable":true,"href":"https:\/\/wiki.s12.at\/index.php\/wp-json\/wp\/v2\/comments?post=3841"}],"version-history":[{"count":0,"href":"https:\/\/wiki.s12.at\/index.php\/wp-json\/wp\/v2\/pages\/3841\/revisions"}],"wp:attachment":[{"href":"https:\/\/wiki.s12.at\/index.php\/wp-json\/wp\/v2\/media?parent=3841"}],"curies":[{"name":"wp","href":"https:\/\/api.w.org\/{rel}","templated":true}]}}

<div class="mw-parser-output">
<table class="toptextcells toccolours">
<tbody>
<tr>
<th colspan="2" style="text-align: center; vertical-align: top; padding: 0.3em 0.8em; font-size: 125%; background-color: lightsteelblue;">FC Chelsea gegen FC Salzburg, 1:1
</th>
</tr>
<tr>
<th style="text-align:left;"><b>Spieltag</b>
</th>
<th style="text-align:left;">UEFA Championsleague Gruppe E, 2. Runde
</th>
</tr>
<tr>
<th style="text-align:left;"><b>Datum</b>
</th>
<th style="text-align:left;">14. September 2022
</th>
</tr>
<tr>
<th style="text-align:left;"><b>Anpfiff</b>
</th>
<th style="text-align:left;">21 Uhr
</th>
</tr>
<tr>
<td colspan="2" style="text-align:center;" bgcolor="lightgray"><b>Aufstellung</b>
</td>
</tr>
<tr>
<th style="text-align:left;"><b>Tor</b>
</th>
<th><a href="/Philipp_K%C3%B6hn" title="Philipp Köhn">Philipp Köhn </a>
</th>
</tr>
<tr>
<th style="text-align:left;"><b>Verteidigung</b>
</th>
<th><a href="/Amar_Dedic" title="Amar Dedic">Amar Dedic</a> &#8211; <a href="/Bernardo" title="Bernardo">Bernardo</a>  &#8211;<a href="/Strahinja_Pavlovic" title="Strahinja Pavlovic">Strahinja Pavlovic</a>  &#8211;  <a href="/Andreas_Ulmer" title="Andreas Ulmer">Andreas Ulmer</a>
</th>
</tr>
<tr>
<th style="text-align:left;"><b>Mittelfeld</b>
</th>
<th><a href="/Nicolas_Seiwald" title="Nicolas Seiwald">Nicolas Seiwald</a> &#8211; <a href="/Maurits_Kjaergaard" title="Maurits Kjaergaard">Maurits Kjaergaard</a> &#8211; <a href="/Luka_Sucic" title="Luka Sucic">Luka Sucic</a> &#8211; <a href="/Nicolas_Capaldo" title="Nicolas Capaldo">Nicolas Capaldo</a>
</th>
</tr>
<tr>
<th style="text-align:left;"><b>Sturm</b>
</th>
<th><a href="/Benjamin_Sesko" class="mw-redirect" title="Benjamin Sesko">Benjamin Sesko</a> &#8211; <a href="/Noah_Okafor" title="Noah Okafor">Noah Okafor</a>
</th>
</tr>
<tr>
<td colspan="2" style="text-align:center;" bgcolor="lightgray"><b>Wechsel</b>
</td>
</tr>
<tr>
<th style="text-align:left;"><b>Wechsel</b>
</th>
<th style="text-align:left;"><a href="/Lucas_Gourna-Douath" title="Lucas Gourna-Douath">Lucas Gourna-Douath</a> für Kjaergaard (46.), <a href="/Dijon_Kameri" title="Dijon Kameri">Dijon Kameri</a> für Sucic  (70.), <a href="/Junior_Adamu" class="mw-redirect" title="Junior Adamu">Junior Adamu</a> für Sesko (70.), <br /><a href="/Sekou_Koita" title="Sekou Koita">Sekou Koita</a> für Okafor (85.)
</th>
</tr>
<tr>
<td colspan="2" style="text-align:center;" bgcolor="lightgray"><b>Statistik</b>
</td>
</tr>
<tr>
<th style="text-align:left;"><b>Endstand</b>
</th>
<th style="text-align:left;">1:1 (0:0)
</th>
</tr>
<tr>
<th style="text-align:left;"><b>Torschützen</b>
</th>
<th style="text-align:left;">Sterling (48.); Okafor (75.)
</th>
</tr>
<tr>
<th style="text-align:left;"><b>Gelbe Karten</b>
</th>
<th style="text-align:left;">Pavlovic (77.), Adamu   (77.), Ulmer  (78.), Capaldo (89.); James (79.)
</th>
</tr>
<tr>
<th style="text-align:left;"><b>Rote Karten</b>
</th>
<th style="text-align:left;">
</th>
</tr>
<tr>
<th style="text-align:left;"><b>Schiedsrichter</b>
</th>
<th style="text-align:left;">Ivan Kružliak (SVK)
</th>
</tr>
<tr>
<th style="text-align:left;"><b>Stadion</b>
</th>
<th style="text-align:left;">Stamford Bridge, London
</th>
</tr>
<tr>
<th style="text-align:left;"><b>Zuschauer</b>
</th>
<th style="text-align:left;">
</th>
</tr>
</tbody>
</table>
<h2><span class="mw-headline" id="Spielbericht">Spielbericht</span><a href="/index.php?title=FC_Chelsea_gegen_FC_Salzburg&amp;action=edit&amp;section=1" title="Abschnitt bearbeiten: Spielbericht">Bearbeiten</a><span class="mw-editsection-bracket">]</span></span></h2>
<p><a rel="nofollow" class="external text" href="https://www.redbullsalzburg.at/de/2022-2023/spielplan/champions-league-runde-2-chelsea-vs-fc-salzburg#spielbericht">Spielbericht Vereinshomepage</a>
</p>
<h2><span class="mw-headline" id="Stimmen_zum_Spiel">Stimmen zum Spiel</span><a href="/index.php?title=FC_Chelsea_gegen_FC_Salzburg&amp;action=edit&amp;section=2" title="Abschnitt bearbeiten: Stimmen zum Spiel">Bearbeiten</a><span class="mw-editsection-bracket">]</span></span></h2>
<p><b>Matthias Jaissle:</b> Ein ganz, ganz großes Kompliment an die junge Mannschaft! Wie sie 90 Minuten lang gefightet und wirklich alles auf dem Platz gelassen hat – genau das hatten wir uns vorgenommen. Wir wussten im Vorfeld, dass wir gegen so eine Weltklassemannschaft leiden müssen. Wie sie das umgesetzt haben, verdient meinen allergrößten Respekt. Das ist eine gefühlte Sensation, auch darauf sind wir alle mächtig stolz!
</p>
<p><b>Noah Okafor:</b> Ich bin glücklich über den Punkt! Es war ein schwieriges Spiel, aber wir haben gekämpft bis zum Gehtnichtmehr. Ich bin wieder extrem stolz darauf, was wir gelaufen sind. Schlussendlich hat’s sich ausgezahlt, den Punkt nehmen wir mit!
</p>
<p><b>Andreas Ulmer:</b> Wir haben gekämpft bis zur letzten Minute und fast alles verteidigt. Wir haben heute das Maximum herausgeholt, wir können mit dem Unentschieden hier sehr zufrieden sein! Man hat gesehen, dass das heute eine Qualität ,mehr‘ war im Vergleich zum AC Milan, sie haben sich noch gut rauskombiniert trotz unseres Pressings. Vor unserem Tor haben wir aber wirklich gut verteidigt, das war ausschlaggebend!
</p>
</div>

<p>FC Chelsea gegen FC Salzburg, 1:1 Spieltag UEFA Championsleague Gruppe E, 2. Runde Datum 14. September 2022 Anpfiff 21 Uhr Aufstellung Tor Philipp Köhn Verteidigung Amar Dedic &#8211; Bernardo &#8211;Strahinja Pavlovic &#8211; Andreas Ulmer Mittelfeld Nicolas Seiwald &#8211; Maurits Kjaergaard &#8211; Luka Sucic &#8211; Nicolas Capaldo Sturm Benjamin Sesko &#8211; Noah Okafor Wechsel Wechsel Lucas [&hellip;]</p>
