{"id":3840,"date":"2026-05-06T15:25:14","date_gmt":"2026-05-06T13:25:14","guid":{"rendered":"https:\/\/wiki.s12.at\/index.php\/fc-chelsea-u19-gegen-fc-salzburg-u19\/"},"modified":"2026-05-06T15:25:14","modified_gmt":"2026-05-06T13:25:14","slug":"fc-chelsea-u19-gegen-fc-salzburg-u19","status":"publish","type":"page","link":"https:\/\/wiki.s12.at\/index.php\/fc-chelsea-u19-gegen-fc-salzburg-u19\/","title":{"rendered":"FC Chelsea U19 gegen FC Salzburg U19"},"content":{"rendered":"<div class=\"mw-parser-output\">\n<table class=\"toptextcells toccolours\">\n<tbody>\n<tr>\n<th colspan=\"2\" style=\"text-align: center; vertical-align: top; padding: 0.3em 0.8em; font-size: 125%; background-color: lightsteelblue;\">FC Chelsea U19 gegen FC Salzburg U19, 1:1\n<\/th>\n<\/tr>\n<tr>\n<th style=\"text-align:left;\"><b>Spieltag<\/b>\n<\/th>\n<th style=\"text-align:left;\">UEFA Youth League, 2. Runde\n<\/th>\n<\/tr>\n<tr>\n<th style=\"text-align:left;\"><b>Datum<\/b>\n<\/th>\n<th style=\"text-align:left;\">14. September 2022\n<\/th>\n<\/tr>\n<tr>\n<th style=\"text-align:left;\"><b>Anpfiff<\/b>\n<\/th>\n<th style=\"text-align:left;\">14  Uhr\n<\/th>\n<\/tr>\n<tr>\n<td colspan=\"2\" style=\"text-align:center;\" bgcolor=\"lightgray\"><b>Aufstellung<\/b>\n<\/td>\n<\/tr>\n<tr>\n<th style=\"text-align:left;\"><b>Tor<\/b>\n<\/th>\n<th><a href=\"\/Jonas_Krumrey\" title=\"Jonas Krumrey\">Jonas Krumrey <\/a>\n<\/th>\n<\/tr>\n<tr>\n<th style=\"text-align:left;\"><b>Verteidigung<\/b>\n<\/th>\n<th><a href=\"\/Mark_Gevorgyan\" title=\"Mark Gevorgyan\">Mark Gevorgyan<\/a> &#8211; <a href=\"\/Marcel_Moswitzer\" title=\"Marcel Moswitzer\">Marcel Moswitzer<\/a> &#8211; <a href=\"\/Sandro-Luca_Molnar\" title=\"Sandro-Luca Molnar\">Sandro-Luca Molnar<\/a>  &#8211; <a href=\"\/Mario_Pejazic\" title=\"Mario Pejazic\">Mario Pejazic<\/a>\n<\/th>\n<\/tr>\n<tr>\n<th style=\"text-align:left;\"><b>Mittelfeld<\/b>\n<\/th>\n<th><a href=\"\/Raphael_Hofer\" title=\"Raphael Hofer\">Raphael Hofer<\/a> &#8211; <a href=\"\/Tolgahan_Sahin\" title=\"Tolgahan Sahin\">Tolgahan Sahin<\/a> &#8211; <a href=\"\/Moussa_Yeo\" class=\"mw-redirect\" title=\"Moussa Yeo\">Moussa Yeo<\/a> &#8211; <a href=\"\/Dominik_Lechner\" title=\"Dominik Lechner\">Dominik Lechner<\/a>\n<\/th>\n<\/tr>\n<tr>\n<th style=\"text-align:left;\"><b>Sturm<\/b>\n<\/th>\n<th><a href=\"\/Marcell_Berki\" title=\"Marcell Berki\">Marcell Berki<\/a> &#8211; <a href=\"\/Karim_Konat%C3%A9\" class=\"mw-redirect\" title=\"Karim Konat\u00e9\">Karim Konat\u00e9<\/a>\n<\/th>\n<\/tr>\n<tr>\n<td colspan=\"2\" style=\"text-align:center;\" bgcolor=\"lightgray\"><b>Wechsel<\/b>\n<\/td>\n<\/tr>\n<tr>\n<th style=\"text-align:left;\"><b>Wechsel<\/b>\n<\/th>\n<th style=\"text-align:left;\"><a href=\"\/Konstantin_Gertig\" title=\"Konstantin Gertig\">Konstantin Gertig<\/a> f\u00fcr Molnar (58.), <a href=\"\/Federico_Crescenti\" class=\"mw-redirect\" title=\"Federico Crescenti\">Federico Crescenti<\/a> f\u00fcr Berki (70.), <a href=\"\/Zeteny_Jano\" title=\"Zeteny Jano\">Zeteny Jano<\/a> f\u00fcr Hofer (70.)<br \/> <a href=\"\/Valentin_Sulzbacher\" title=\"Valentin Sulzbacher\">Valentin Sulzbacher<\/a> f\u00fcr  Sahin (79.), <a href=\"\/Luka_Reischl\" title=\"Luka Reischl\">Luka Reischl<\/a> f\u00fcr Lechner (79.)\n<\/th>\n<\/tr>\n<tr>\n<td colspan=\"2\" style=\"text-align:center;\" bgcolor=\"lightgray\"><b>Statistik<\/b>\n<\/td>\n<\/tr>\n<tr>\n<th style=\"text-align:left;\"><b>Endstand<\/b>\n<\/th>\n<th style=\"text-align:left;\">1:1 (0:0)\n<\/th>\n<\/tr>\n<tr>\n<th style=\"text-align:left;\"><b>Torsch\u00fctzen<\/b>\n<\/th>\n<th style=\"text-align:left;\">Hall (60.); Crescenti (83.)\n<\/th>\n<\/tr>\n<tr>\n<th style=\"text-align:left;\"><b>Gelbe Karten<\/b>\n<\/th>\n<th style=\"text-align:left;\">Sahin  (25.), Gevorgyan (63.), Sulzbacher (88.), Reischl (93.)\n<\/th>\n<\/tr>\n<tr>\n<th style=\"text-align:left;\"><b>Rote Karten<\/b>\n<\/th>\n<th style=\"text-align:left;\">\n<\/th>\n<\/tr>\n<tr>\n<th style=\"text-align:left;\"><b>Schiedsrichter<\/b>\n<\/th>\n<th style=\"text-align:left;\">Jamie Robinson (NIR)\n<\/th>\n<\/tr>\n<tr>\n<th style=\"text-align:left;\"><b>Stadion<\/b>\n<\/th>\n<th style=\"text-align:left;\">Chelsea Football Club Training Ground\n<\/th>\n<\/tr>\n<tr>\n<th style=\"text-align:left;\"><b>Zuschauer<\/b>\n<\/th>\n<th style=\"text-align:left;\">\n<\/th>\n<\/tr>\n<\/tbody>\n<\/table>\n<h2><span class=\"mw-headline\" id=\"Spielbericht\">Spielbericht<\/span><a href=\"\/index.php?title=FC_Chelsea_U19_gegen_FC_Salzburg_U19&amp;action=edit&amp;section=1\" title=\"Abschnitt bearbeiten: Spielbericht\">Bearbeiten<\/a><span class=\"mw-editsection-bracket\">]<\/span><\/span><\/h2>\n<p><a rel=\"nofollow\" class=\"external text\" href=\"https:\/\/www.redbullsalzburg.at\/de\/uefa-youth-league\/2022-2023\/spielplan-u19\/youth-league-runde-2-chelsea-u19-vs-fc-salzburg-u19#spielbericht\">Spielbericht Vereinshomepage<\/a>\n<\/p>\n<h2><span class=\"mw-headline\" id=\"Stimmen_zum_Spiel\">Stimmen zum Spiel<\/span><a href=\"\/index.php?title=FC_Chelsea_U19_gegen_FC_Salzburg_U19&amp;action=edit&amp;section=2\" title=\"Abschnitt bearbeiten: Stimmen zum Spiel\">Bearbeiten<\/a><span class=\"mw-editsection-bracket\">]<\/span><\/span><\/h2>\n<p><b>Fabio Ingolitsch:<\/b> Wir haben uns nach einer schwierigen Anfangsphase super ins Spiel hineingearbeitet. \u00c4rgerlich, dass wir durch ein sehr strittiges Gegentor in R\u00fcckstand geraten sind. Unsere Burschen haben sich davon aber nicht beirren lassen und ihr Ding bis zum Ende durchgezogen. Am Ende ist es ein leistungsgerechtes Unentschieden, bei dem wir hintenraus noch mehr K\u00f6rner f\u00fcr den Siegtreffer gehabt h\u00e4tten.\n<\/p>\n<\/div>\n","protected":false},"excerpt":{"rendered":"<p>FC Chelsea U19 gegen FC Salzburg U19, 1:1 Spieltag UEFA Youth League, 2. Runde Datum 14. September 2022 Anpfiff 14 Uhr Aufstellung Tor Jonas Krumrey Verteidigung Mark Gevorgyan &#8211; Marcel Moswitzer &#8211; Sandro-Luca Molnar &#8211; Mario Pejazic Mittelfeld Raphael Hofer &#8211; Tolgahan Sahin &#8211; Moussa Yeo &#8211; Dominik Lechner Sturm Marcell Berki &#8211; Karim Konat\u00e9 [&hellip;]<\/p>\n","protected":false},"author":1,"featured_media":0,"parent":0,"menu_order":0,"comment_status":"closed","ping_status":"closed","template":"","meta":{"footnotes":""},"class_list":["post-3840","page","type-page","status-publish","hentry"],"_links":{"self":[{"href":"https:\/\/wiki.s12.at\/index.php\/wp-json\/wp\/v2\/pages\/3840","targetHints":{"allow":["GET"]}}],"collection":[{"href":"https:\/\/wiki.s12.at\/index.php\/wp-json\/wp\/v2\/pages"}],"about":[{"href":"https:\/\/wiki.s12.at\/index.php\/wp-json\/wp\/v2\/types\/page"}],"author":[{"embeddable":true,"href":"https:\/\/wiki.s12.at\/index.php\/wp-json\/wp\/v2\/users\/1"}],"replies":[{"embeddable":true,"href":"https:\/\/wiki.s12.at\/index.php\/wp-json\/wp\/v2\/comments?post=3840"}],"version-history":[{"count":0,"href":"https:\/\/wiki.s12.at\/index.php\/wp-json\/wp\/v2\/pages\/3840\/revisions"}],"wp:attachment":[{"href":"https:\/\/wiki.s12.at\/index.php\/wp-json\/wp\/v2\/media?parent=3840"}],"curies":[{"name":"wp","href":"https:\/\/api.w.org\/{rel}","templated":true}]}}

<div class="mw-parser-output">
<table class="toptextcells toccolours">
<tbody>
<tr>
<th colspan="2" style="text-align: center; vertical-align: top; padding: 0.3em 0.8em; font-size: 125%; background-color: lightsteelblue;">FC Chelsea U19 gegen FC Salzburg U19, 1:1
</th>
</tr>
<tr>
<th style="text-align:left;"><b>Spieltag</b>
</th>
<th style="text-align:left;">UEFA Youth League, 2. Runde
</th>
</tr>
<tr>
<th style="text-align:left;"><b>Datum</b>
</th>
<th style="text-align:left;">14. September 2022
</th>
</tr>
<tr>
<th style="text-align:left;"><b>Anpfiff</b>
</th>
<th style="text-align:left;">14  Uhr
</th>
</tr>
<tr>
<td colspan="2" style="text-align:center;" bgcolor="lightgray"><b>Aufstellung</b>
</td>
</tr>
<tr>
<th style="text-align:left;"><b>Tor</b>
</th>
<th><a href="/Jonas_Krumrey" title="Jonas Krumrey">Jonas Krumrey </a>
</th>
</tr>
<tr>
<th style="text-align:left;"><b>Verteidigung</b>
</th>
<th><a href="/Mark_Gevorgyan" title="Mark Gevorgyan">Mark Gevorgyan</a> &#8211; <a href="/Marcel_Moswitzer" title="Marcel Moswitzer">Marcel Moswitzer</a> &#8211; <a href="/Sandro-Luca_Molnar" title="Sandro-Luca Molnar">Sandro-Luca Molnar</a>  &#8211; <a href="/Mario_Pejazic" title="Mario Pejazic">Mario Pejazic</a>
</th>
</tr>
<tr>
<th style="text-align:left;"><b>Mittelfeld</b>
</th>
<th><a href="/Raphael_Hofer" title="Raphael Hofer">Raphael Hofer</a> &#8211; <a href="/Tolgahan_Sahin" title="Tolgahan Sahin">Tolgahan Sahin</a> &#8211; <a href="/Moussa_Yeo" class="mw-redirect" title="Moussa Yeo">Moussa Yeo</a> &#8211; <a href="/Dominik_Lechner" title="Dominik Lechner">Dominik Lechner</a>
</th>
</tr>
<tr>
<th style="text-align:left;"><b>Sturm</b>
</th>
<th><a href="/Marcell_Berki" title="Marcell Berki">Marcell Berki</a> &#8211; <a href="/Karim_Konat%C3%A9" class="mw-redirect" title="Karim Konaté">Karim Konaté</a>
</th>
</tr>
<tr>
<td colspan="2" style="text-align:center;" bgcolor="lightgray"><b>Wechsel</b>
</td>
</tr>
<tr>
<th style="text-align:left;"><b>Wechsel</b>
</th>
<th style="text-align:left;"><a href="/Konstantin_Gertig" title="Konstantin Gertig">Konstantin Gertig</a> für Molnar (58.), <a href="/Federico_Crescenti" class="mw-redirect" title="Federico Crescenti">Federico Crescenti</a> für Berki (70.), <a href="/Zeteny_Jano" title="Zeteny Jano">Zeteny Jano</a> für Hofer (70.)<br /> <a href="/Valentin_Sulzbacher" title="Valentin Sulzbacher">Valentin Sulzbacher</a> für  Sahin (79.), <a href="/Luka_Reischl" title="Luka Reischl">Luka Reischl</a> für Lechner (79.)
</th>
</tr>
<tr>
<td colspan="2" style="text-align:center;" bgcolor="lightgray"><b>Statistik</b>
</td>
</tr>
<tr>
<th style="text-align:left;"><b>Endstand</b>
</th>
<th style="text-align:left;">1:1 (0:0)
</th>
</tr>
<tr>
<th style="text-align:left;"><b>Torschützen</b>
</th>
<th style="text-align:left;">Hall (60.); Crescenti (83.)
</th>
</tr>
<tr>
<th style="text-align:left;"><b>Gelbe Karten</b>
</th>
<th style="text-align:left;">Sahin  (25.), Gevorgyan (63.), Sulzbacher (88.), Reischl (93.)
</th>
</tr>
<tr>
<th style="text-align:left;"><b>Rote Karten</b>
</th>
<th style="text-align:left;">
</th>
</tr>
<tr>
<th style="text-align:left;"><b>Schiedsrichter</b>
</th>
<th style="text-align:left;">Jamie Robinson (NIR)
</th>
</tr>
<tr>
<th style="text-align:left;"><b>Stadion</b>
</th>
<th style="text-align:left;">Chelsea Football Club Training Ground
</th>
</tr>
<tr>
<th style="text-align:left;"><b>Zuschauer</b>
</th>
<th style="text-align:left;">
</th>
</tr>
</tbody>
</table>
<h2><span class="mw-headline" id="Spielbericht">Spielbericht</span><a href="/index.php?title=FC_Chelsea_U19_gegen_FC_Salzburg_U19&amp;action=edit&amp;section=1" title="Abschnitt bearbeiten: Spielbericht">Bearbeiten</a><span class="mw-editsection-bracket">]</span></span></h2>
<p><a rel="nofollow" class="external text" href="https://www.redbullsalzburg.at/de/uefa-youth-league/2022-2023/spielplan-u19/youth-league-runde-2-chelsea-u19-vs-fc-salzburg-u19#spielbericht">Spielbericht Vereinshomepage</a>
</p>
<h2><span class="mw-headline" id="Stimmen_zum_Spiel">Stimmen zum Spiel</span><a href="/index.php?title=FC_Chelsea_U19_gegen_FC_Salzburg_U19&amp;action=edit&amp;section=2" title="Abschnitt bearbeiten: Stimmen zum Spiel">Bearbeiten</a><span class="mw-editsection-bracket">]</span></span></h2>
<p><b>Fabio Ingolitsch:</b> Wir haben uns nach einer schwierigen Anfangsphase super ins Spiel hineingearbeitet. Ärgerlich, dass wir durch ein sehr strittiges Gegentor in Rückstand geraten sind. Unsere Burschen haben sich davon aber nicht beirren lassen und ihr Ding bis zum Ende durchgezogen. Am Ende ist es ein leistungsgerechtes Unentschieden, bei dem wir hintenraus noch mehr Körner für den Siegtreffer gehabt hätten.
</p>
</div>

<p>FC Chelsea U19 gegen FC Salzburg U19, 1:1 Spieltag UEFA Youth League, 2. Runde Datum 14. September 2022 Anpfiff 14 Uhr Aufstellung Tor Jonas Krumrey Verteidigung Mark Gevorgyan &#8211; Marcel Moswitzer &#8211; Sandro-Luca Molnar &#8211; Mario Pejazic Mittelfeld Raphael Hofer &#8211; Tolgahan Sahin &#8211; Moussa Yeo &#8211; Dominik Lechner Sturm Marcell Berki &#8211; Karim Konaté [&hellip;]</p>
