{"id":3835,"date":"2026-05-06T15:25:09","date_gmt":"2026-05-06T13:25:09","guid":{"rendered":"https:\/\/wiki.s12.at\/index.php\/fc-bologna-gegen-fc-salzburg\/"},"modified":"2026-05-06T15:25:09","modified_gmt":"2026-05-06T13:25:09","slug":"fc-bologna-gegen-fc-salzburg","status":"publish","type":"page","link":"https:\/\/wiki.s12.at\/index.php\/fc-bologna-gegen-fc-salzburg\/","title":{"rendered":"FC Bologna gegen FC Salzburg"},"content":{"rendered":"<div class=\"mw-parser-output\">\n<table class=\"toptextcells toccolours\">\n<tbody>\n<tr>\n<th colspan=\"2\" style=\"text-align: center; vertical-align: top; padding: 0.3em 0.8em; font-size: 125%; background-color: lightsteelblue;\">FC Bologna gegen FC Salzburg , 4:1\n<\/th>\n<\/tr>\n<tr>\n<th style=\"text-align:left;\"><b>Spieltag<\/b>\n<\/th>\n<th style=\"text-align:left;\">Europaleague, 5. Runde\n<\/th>\n<\/tr>\n<tr>\n<th style=\"text-align:left;\"><b>Datum<\/b>\n<\/th>\n<th style=\"text-align:left;\">27.November 2025\n<\/th>\n<\/tr>\n<tr>\n<th style=\"text-align:left;\"><b>Anpfiff<\/b>\n<\/th>\n<th style=\"text-align:left;\">21 Uhr\n<\/th>\n<\/tr>\n<tr>\n<td colspan=\"2\" style=\"text-align:center;\" bgcolor=\"lightgray\"><b>Aufstellung<\/b>\n<\/td>\n<\/tr>\n<tr>\n<th style=\"text-align:left;\"><b>Tor<\/b>\n<\/th>\n<th><a href=\"\/Alexander_Schlager\" title=\"Alexander Schlager\">Alexander Schlager<\/a>\n<\/th>\n<\/tr>\n<tr>\n<th style=\"text-align:left;\"><b>Verteidigung<\/b>\n<\/th>\n<th><a href=\"\/Stefan_Lainer\" title=\"Stefan Lainer\">Stefan Lainer<\/a> &#8211;  <a href=\"\/Joane_Gadou\" title=\"Joane Gadou\">Joane Gadou <\/a> &#8211;  <a href=\"\/Jannik_Schuster\" title=\"Jannik Schuster\">Jannik Schuster<\/a>&#8211; <a href=\"\/Aleksa_Terzic\" title=\"Aleksa Terzic\">Aleksa Terzic<\/a>\n<\/th>\n<\/tr>\n<tr>\n<th style=\"text-align:left;\"><b>Mittelfeld<\/b>\n<\/th>\n<th><a href=\"\/Mads_Bidstrup\" title=\"Mads Bidstrup\">Mads Bidstrup<\/a> \u2013 <a href=\"\/Soumaila_Diabate\" title=\"Soumaila Diabate\">Soumaila Diabate<\/a> &#8211;  <a href=\"\/Clement_Bischoff\" title=\"Clement Bischoff\">Clement Bischoff<\/a>&#8211;  <a href=\"\/Moussa_Yeo\" class=\"mw-redirect\" title=\"Moussa Yeo\">Moussa Yeo<\/a>\n<\/th>\n<\/tr>\n<tr>\n<th style=\"text-align:left;\"><b>Sturm<\/b>\n<\/th>\n<th><a href=\"\/Edmund_Baidoo\" title=\"Edmund Baidoo\">Edmund Baidoo<\/a> &#8211; <a href=\"\/Yorbe_Vertessen\" title=\"Yorbe Vertessen\">Yorbe Vertessen<\/a>\n<\/th>\n<\/tr>\n<tr>\n<td colspan=\"2\" style=\"text-align:center;\" bgcolor=\"lightgray\"><b>Wechsel<\/b>\n<\/td>\n<\/tr>\n<tr>\n<th style=\"text-align:left;\"><b>Wechsel<\/b>\n<\/th>\n<th style=\"text-align:left;\"><a href=\"\/Kerim_Alajbegovic\" title=\"Kerim Alajbegovic\">Kerim Alajbegovic<\/a> f\u00fcr Diabate  (60.), <a href=\"\/Petar_Ratkov\" title=\"Petar Ratkov\">Petar Ratkov<\/a> f\u00fcr Yeo (60.),  <a href=\"\/Oliver_Lukic\" title=\"Oliver Lukic\">Oliver Lukic<\/a> f\u00fcr <br \/>Bischoff (74.), <a href=\"\/Enrique_Aguilar\" title=\"Enrique Aguilar\">Enrique Aguilar<\/a> f\u00fcr Vertessen (74.), <a href=\"\/Karim_Konate\" title=\"Karim Konate\">Karim Konate<\/a> f\u00fcr Baidoo (81.)\n<\/th>\n<\/tr>\n<tr>\n<td colspan=\"2\" style=\"text-align:center;\" bgcolor=\"lightgray\"><b>Statistik<\/b>\n<\/td>\n<\/tr>\n<tr>\n<th style=\"text-align:left;\"><b>Endstand<\/b>\n<\/th>\n<th style=\"text-align:left;\">4:1 (1:1)\n<\/th>\n<\/tr>\n<tr>\n<th style=\"text-align:left;\"><b>Torsch\u00fctzen<\/b>\n<\/th>\n<th style=\"text-align:left;\">Odgaard (26.), Dallinga (51.), Bernardeschi (53.), Orsolini (86.); Vertessen (33.)\n<\/th>\n<\/tr>\n<tr>\n<th style=\"text-align:left;\"><b>Gelbe Karten<\/b>\n<\/th>\n<th style=\"text-align:left;\">Vertessen (43.), Yeo (46.)\n<\/th>\n<\/tr>\n<tr>\n<th style=\"text-align:left;\"><b>Rote Karten<\/b>\n<\/th>\n<th style=\"text-align:left;\">\n<\/th>\n<\/tr>\n<tr>\n<th style=\"text-align:left;\"><b>Schiedsrichter<\/b>\n<\/th>\n<th style=\"text-align:left;\">Igor Pajac (CRO)\n<\/th>\n<\/tr>\n<tr>\n<th style=\"text-align:left;\"><b>Stadion<\/b>\n<\/th>\n<th style=\"text-align:left;\">Stadio Renato Dall&#8217;Ara, Bologna\n<\/th>\n<\/tr>\n<tr>\n<th style=\"text-align:left;\"><b>Zuschauer<\/b>\n<\/th>\n<th style=\"text-align:left;\">21.025\n<\/th>\n<\/tr>\n<\/tbody>\n<\/table>\n<h2><span class=\"mw-headline\" id=\"Spielbericht\">Spielbericht<\/span><a href=\"\/index.php?title=FC_Bologna_gegen_FC_Salzburg&amp;action=edit&amp;section=1\" title=\"Abschnitt bearbeiten: Spielbericht\">Bearbeiten<\/a><span class=\"mw-editsection-bracket\">]<\/span><\/span><\/h2>\n<p><a rel=\"nofollow\" class=\"external text\" href=\"https:\/\/www.redbullsalzburg.at\/de\/2025-2026\/spielplan\/europa-league-runde-5-bologna-vs-fc-salzburg#spielbericht\">Spielbericht Vereinshomepage<\/a>\n<\/p>\n<h2><span class=\"mw-headline\" id=\"Stimmen_zum_Spiel\">Stimmen zum Spiel<\/span><a href=\"\/index.php?title=FC_Bologna_gegen_FC_Salzburg&amp;action=edit&amp;section=2\" title=\"Abschnitt bearbeiten: Stimmen zum Spiel\">Bearbeiten<\/a><span class=\"mw-editsection-bracket\">]<\/span><\/span><\/h2>\n<p><b>Thomas Letsch:<\/b> Wir machen vieles gut, sind in den entscheidenden Momenten dann aber zu nachl\u00e4ssig und zu fehleranf\u00e4llig \u2013 egal, ob hinten oder vorne. Wir laden den Gegner zum Toreschie\u00dfen ein, umgekehrt machen wir die gro\u00dfen Chancen nicht rein. Wir arbeiten an den Sachen, aber am Schluss stehen wir wieder mit der gleichen Story da. Mit einem 2:3 w\u00e4ren wir vielleicht wieder im Spiel gewesen, stattdessen steht eine deutliche Niederlage zu Buche.\n<\/p>\n<p><b>Stefan Lainer:<\/b> Die Niederlage tut in dieser H\u00f6he schon sehr weh. Wir hatten genauso unsere M\u00f6glichkeiten, m\u00fcssen daraus aber einfach mehr machen. Dann h\u00e4tte es noch einmal richtig spannend werden k\u00f6nnen. Es fehlt in der Europa League oft ein bisschen, um im Endeffekt Punkte mitzunehmen. Wir k\u00f6nnen heute auch positive Schl\u00fcsse ziehen, aber nat\u00fcrlich ist das 1:4 sehr bitter.\n<\/p>\n<\/div>\n","protected":false},"excerpt":{"rendered":"<p>FC Bologna gegen FC Salzburg , 4:1 Spieltag Europaleague, 5. Runde Datum 27.November 2025 Anpfiff 21 Uhr Aufstellung Tor Alexander Schlager Verteidigung Stefan Lainer &#8211; Joane Gadou &#8211; Jannik Schuster&#8211; Aleksa Terzic Mittelfeld Mads Bidstrup \u2013 Soumaila Diabate &#8211; Clement Bischoff&#8211; Moussa Yeo Sturm Edmund Baidoo &#8211; Yorbe Vertessen Wechsel Wechsel Kerim Alajbegovic f\u00fcr Diabate [&hellip;]<\/p>\n","protected":false},"author":1,"featured_media":0,"parent":0,"menu_order":0,"comment_status":"closed","ping_status":"closed","template":"","meta":{"footnotes":""},"class_list":["post-3835","page","type-page","status-publish","hentry"],"_links":{"self":[{"href":"https:\/\/wiki.s12.at\/index.php\/wp-json\/wp\/v2\/pages\/3835","targetHints":{"allow":["GET"]}}],"collection":[{"href":"https:\/\/wiki.s12.at\/index.php\/wp-json\/wp\/v2\/pages"}],"about":[{"href":"https:\/\/wiki.s12.at\/index.php\/wp-json\/wp\/v2\/types\/page"}],"author":[{"embeddable":true,"href":"https:\/\/wiki.s12.at\/index.php\/wp-json\/wp\/v2\/users\/1"}],"replies":[{"embeddable":true,"href":"https:\/\/wiki.s12.at\/index.php\/wp-json\/wp\/v2\/comments?post=3835"}],"version-history":[{"count":0,"href":"https:\/\/wiki.s12.at\/index.php\/wp-json\/wp\/v2\/pages\/3835\/revisions"}],"wp:attachment":[{"href":"https:\/\/wiki.s12.at\/index.php\/wp-json\/wp\/v2\/media?parent=3835"}],"curies":[{"name":"wp","href":"https:\/\/api.w.org\/{rel}","templated":true}]}}

<div class="mw-parser-output">
<table class="toptextcells toccolours">
<tbody>
<tr>
<th colspan="2" style="text-align: center; vertical-align: top; padding: 0.3em 0.8em; font-size: 125%; background-color: lightsteelblue;">FC Bologna gegen FC Salzburg , 4:1
</th>
</tr>
<tr>
<th style="text-align:left;"><b>Spieltag</b>
</th>
<th style="text-align:left;">Europaleague, 5. Runde
</th>
</tr>
<tr>
<th style="text-align:left;"><b>Datum</b>
</th>
<th style="text-align:left;">27.November 2025
</th>
</tr>
<tr>
<th style="text-align:left;"><b>Anpfiff</b>
</th>
<th style="text-align:left;">21 Uhr
</th>
</tr>
<tr>
<td colspan="2" style="text-align:center;" bgcolor="lightgray"><b>Aufstellung</b>
</td>
</tr>
<tr>
<th style="text-align:left;"><b>Tor</b>
</th>
<th><a href="/Alexander_Schlager" title="Alexander Schlager">Alexander Schlager</a>
</th>
</tr>
<tr>
<th style="text-align:left;"><b>Verteidigung</b>
</th>
<th><a href="/Stefan_Lainer" title="Stefan Lainer">Stefan Lainer</a> &#8211;  <a href="/Joane_Gadou" title="Joane Gadou">Joane Gadou </a> &#8211;  <a href="/Jannik_Schuster" title="Jannik Schuster">Jannik Schuster</a>&#8211; <a href="/Aleksa_Terzic" title="Aleksa Terzic">Aleksa Terzic</a>
</th>
</tr>
<tr>
<th style="text-align:left;"><b>Mittelfeld</b>
</th>
<th><a href="/Mads_Bidstrup" title="Mads Bidstrup">Mads Bidstrup</a> – <a href="/Soumaila_Diabate" title="Soumaila Diabate">Soumaila Diabate</a> &#8211;  <a href="/Clement_Bischoff" title="Clement Bischoff">Clement Bischoff</a>&#8211;  <a href="/Moussa_Yeo" class="mw-redirect" title="Moussa Yeo">Moussa Yeo</a>
</th>
</tr>
<tr>
<th style="text-align:left;"><b>Sturm</b>
</th>
<th><a href="/Edmund_Baidoo" title="Edmund Baidoo">Edmund Baidoo</a> &#8211; <a href="/Yorbe_Vertessen" title="Yorbe Vertessen">Yorbe Vertessen</a>
</th>
</tr>
<tr>
<td colspan="2" style="text-align:center;" bgcolor="lightgray"><b>Wechsel</b>
</td>
</tr>
<tr>
<th style="text-align:left;"><b>Wechsel</b>
</th>
<th style="text-align:left;"><a href="/Kerim_Alajbegovic" title="Kerim Alajbegovic">Kerim Alajbegovic</a> für Diabate  (60.), <a href="/Petar_Ratkov" title="Petar Ratkov">Petar Ratkov</a> für Yeo (60.),  <a href="/Oliver_Lukic" title="Oliver Lukic">Oliver Lukic</a> für <br />Bischoff (74.), <a href="/Enrique_Aguilar" title="Enrique Aguilar">Enrique Aguilar</a> für Vertessen (74.), <a href="/Karim_Konate" title="Karim Konate">Karim Konate</a> für Baidoo (81.)
</th>
</tr>
<tr>
<td colspan="2" style="text-align:center;" bgcolor="lightgray"><b>Statistik</b>
</td>
</tr>
<tr>
<th style="text-align:left;"><b>Endstand</b>
</th>
<th style="text-align:left;">4:1 (1:1)
</th>
</tr>
<tr>
<th style="text-align:left;"><b>Torschützen</b>
</th>
<th style="text-align:left;">Odgaard (26.), Dallinga (51.), Bernardeschi (53.), Orsolini (86.); Vertessen (33.)
</th>
</tr>
<tr>
<th style="text-align:left;"><b>Gelbe Karten</b>
</th>
<th style="text-align:left;">Vertessen (43.), Yeo (46.)
</th>
</tr>
<tr>
<th style="text-align:left;"><b>Rote Karten</b>
</th>
<th style="text-align:left;">
</th>
</tr>
<tr>
<th style="text-align:left;"><b>Schiedsrichter</b>
</th>
<th style="text-align:left;">Igor Pajac (CRO)
</th>
</tr>
<tr>
<th style="text-align:left;"><b>Stadion</b>
</th>
<th style="text-align:left;">Stadio Renato Dall&#8217;Ara, Bologna
</th>
</tr>
<tr>
<th style="text-align:left;"><b>Zuschauer</b>
</th>
<th style="text-align:left;">21.025
</th>
</tr>
</tbody>
</table>
<h2><span class="mw-headline" id="Spielbericht">Spielbericht</span><a href="/index.php?title=FC_Bologna_gegen_FC_Salzburg&amp;action=edit&amp;section=1" title="Abschnitt bearbeiten: Spielbericht">Bearbeiten</a><span class="mw-editsection-bracket">]</span></span></h2>
<p><a rel="nofollow" class="external text" href="https://www.redbullsalzburg.at/de/2025-2026/spielplan/europa-league-runde-5-bologna-vs-fc-salzburg#spielbericht">Spielbericht Vereinshomepage</a>
</p>
<h2><span class="mw-headline" id="Stimmen_zum_Spiel">Stimmen zum Spiel</span><a href="/index.php?title=FC_Bologna_gegen_FC_Salzburg&amp;action=edit&amp;section=2" title="Abschnitt bearbeiten: Stimmen zum Spiel">Bearbeiten</a><span class="mw-editsection-bracket">]</span></span></h2>
<p><b>Thomas Letsch:</b> Wir machen vieles gut, sind in den entscheidenden Momenten dann aber zu nachlässig und zu fehleranfällig – egal, ob hinten oder vorne. Wir laden den Gegner zum Toreschießen ein, umgekehrt machen wir die großen Chancen nicht rein. Wir arbeiten an den Sachen, aber am Schluss stehen wir wieder mit der gleichen Story da. Mit einem 2:3 wären wir vielleicht wieder im Spiel gewesen, stattdessen steht eine deutliche Niederlage zu Buche.
</p>
<p><b>Stefan Lainer:</b> Die Niederlage tut in dieser Höhe schon sehr weh. Wir hatten genauso unsere Möglichkeiten, müssen daraus aber einfach mehr machen. Dann hätte es noch einmal richtig spannend werden können. Es fehlt in der Europa League oft ein bisschen, um im Endeffekt Punkte mitzunehmen. Wir können heute auch positive Schlüsse ziehen, aber natürlich ist das 1:4 sehr bitter.
</p>
</div>

<p>FC Bologna gegen FC Salzburg , 4:1 Spieltag Europaleague, 5. Runde Datum 27.November 2025 Anpfiff 21 Uhr Aufstellung Tor Alexander Schlager Verteidigung Stefan Lainer &#8211; Joane Gadou &#8211; Jannik Schuster&#8211; Aleksa Terzic Mittelfeld Mads Bidstrup – Soumaila Diabate &#8211; Clement Bischoff&#8211; Moussa Yeo Sturm Edmund Baidoo &#8211; Yorbe Vertessen Wechsel Wechsel Kerim Alajbegovic für Diabate [&hellip;]</p>
