{"id":3827,"date":"2026-05-06T15:25:01","date_gmt":"2026-05-06T13:25:01","guid":{"rendered":"https:\/\/wiki.s12.at\/index.php\/fc-bayern-muenchen-gegen-fc-red-bull-salzburg\/"},"modified":"2026-05-06T15:25:01","modified_gmt":"2026-05-06T13:25:01","slug":"fc-bayern-muenchen-gegen-fc-red-bull-salzburg","status":"publish","type":"page","link":"https:\/\/wiki.s12.at\/index.php\/fc-bayern-muenchen-gegen-fc-red-bull-salzburg\/","title":{"rendered":"FC Bayern M\u00fcnchen gegen FC Red Bull Salzburg"},"content":{"rendered":"<div class=\"mw-parser-output\">\n<table class=\"toptextcells toccolours\">\n<tbody>\n<tr>\n<th colspan=\"2\" style=\"text-align: center; vertical-align: top; padding: 0.3em 0.8em; font-size: 125%; background-color: lightsteelblue;\">FC Bayern M\u00fcnchen gegen FC Red Bull Salzburg, 4:4\n<\/th>\n<\/tr>\n<tr>\n<th style=\"text-align:left;\"><b>Spieltag<\/b>\n<\/th>\n<th style=\"text-align:left;\">Testspiel\n<\/th>\n<\/tr>\n<tr>\n<th style=\"text-align:left;\"><b>Datum<\/b>\n<\/th>\n<th style=\"text-align:left;\">13. J\u00e4nner 2023\n<\/th>\n<\/tr>\n<tr>\n<th style=\"text-align:left;\"><b>Anpfiff<\/b>\n<\/th>\n<th style=\"text-align:left;\">18 Uhr\n<\/th>\n<\/tr>\n<tr>\n<td colspan=\"2\" style=\"text-align:center;\" bgcolor=\"lightgray\"><b>Aufstellung<\/b>\n<\/td>\n<\/tr>\n<tr>\n<th style=\"text-align:left;\"><b>Tor<\/b>\n<\/th>\n<th><a href=\"\/Philipp_K%C3%B6hn\" title=\"Philipp K\u00f6hn\">Philipp K\u00f6hn<\/a>\n<\/th>\n<\/tr>\n<tr>\n<th style=\"text-align:left;\"><b>Verteidigung<\/b>\n<\/th>\n<th><a href=\"\/Ignace_Van_der_Brempt\" title=\"Ignace Van der Brempt\">Ignace Van der Brempt<\/a> &#8211; <a href=\"\/Jerome_Onguene\" title=\"Jerome Onguene\">Jerome Onguene<\/a>  &#8211;<a href=\"\/Strahinja_Pavlovic\" title=\"Strahinja Pavlovic\">Strahinja Pavlovic<\/a>  &#8211;  <a href=\"\/Bernardo\" title=\"Bernardo\">Bernardo<\/a>\n<\/th>\n<\/tr>\n<tr>\n<th style=\"text-align:left;\"><b>Mittelfeld<\/b>\n<\/th>\n<th><a href=\"\/Raphael_Hofer\" title=\"Raphael Hofer\">Raphael Hofer<\/a> &#8211; <a href=\"\/Nicolas_Seiwald\" title=\"Nicolas Seiwald\">Nicolas Seiwald<\/a> &#8211;  <a href=\"\/Luka_Sucic\" title=\"Luka Sucic\">Luka Sucic<\/a> &#8211; <a href=\"\/Dijon_Kameri\" title=\"Dijon Kameri\">Dijon Kameri<\/a>\n<\/th>\n<\/tr>\n<tr>\n<th style=\"text-align:left;\"><b>Sturm<\/b>\n<\/th>\n<th><a href=\"\/Sekou_Koita\" title=\"Sekou Koita\">Sekou Koita<\/a>  &#8211; <a href=\"\/Benjamin_Sesko\" class=\"mw-redirect\" title=\"Benjamin Sesko\">Benjamin Sesko<\/a>\n<\/th>\n<\/tr>\n<tr>\n<td colspan=\"2\" style=\"text-align:center;\" bgcolor=\"lightgray\"><b>Wechsel<\/b>\n<\/td>\n<\/tr>\n<tr>\n<th style=\"text-align:left;\"><b>Wechsel<\/b>\n<\/th>\n<th style=\"text-align:left;\"><a href=\"\/Lukas_Ibertsberger\" title=\"Lukas Ibertsberger\">Lukas Ibertsberger<\/a> f\u00fcr Bernardo, <a href=\"\/Amankwah_Forson\" title=\"Amankwah Forson\">Amankwah Forson<\/a> f\u00fcr Hofer, <a href=\"\/Oumar_Solet\" title=\"Oumar Solet\">Oumar Solet<\/a> f\u00fcr Pavlovic, <br \/><a href=\"\/Karim_Konate\" title=\"Karim Konate\">Karim Konate<\/a> f\u00fcr Sesko, <a href=\"\/Maurits_Kjaergaard\" title=\"Maurits Kjaergaard\">Maurits Kjaergaard<\/a> f\u00fcr Sucic, <a href=\"\/Noah_Okafor\" title=\"Noah Okafor\">Noah Okafor<\/a> f\u00fcr Koita,<br \/> <a href=\"\/Lucas_Gourna-Douath\" title=\"Lucas Gourna-Douath\">Lucas Gourna-Douath<\/a> f\u00fcr Seiwald, <a href=\"\/Junior_Adamu\" class=\"mw-redirect\" title=\"Junior Adamu\">Junior Adamu<\/a> f\u00fcr Kameri, <a href=\"\/Samson_Baidoo\" title=\"Samson Baidoo\">Samson Baidoo<\/a> f\u00fcr Onguene, <br \/><a href=\"\/Amar_Dedic\" title=\"Amar Dedic\">Amar Dedic<\/a> f\u00fcr Van der Brempt (alle 46.)\n<\/th>\n<\/tr>\n<tr>\n<td colspan=\"2\" style=\"text-align:center;\" bgcolor=\"lightgray\"><b>Statistik<\/b>\n<\/td>\n<\/tr>\n<tr>\n<th style=\"text-align:left;\"><b>Endstand<\/b>\n<\/th>\n<th style=\"text-align:left;\">4:4 (1:1)\n<\/th>\n<\/tr>\n<tr>\n<th style=\"text-align:left;\"><b>Torsch\u00fctzen<\/b>\n<\/th>\n<th style=\"text-align:left;\">Sane (9.), Ibrahimovic (69.), Coman (73.), Tel (88.); Koita (16.), Konate (50.), Okafor (54., 89.)\n<\/th>\n<\/tr>\n<tr>\n<th style=\"text-align:left;\"><b>Gelbe Karten<\/b>\n<\/th>\n<th style=\"text-align:left;\">\n<\/th>\n<\/tr>\n<tr>\n<th style=\"text-align:left;\"><b>Rote Karten<\/b>\n<\/th>\n<th style=\"text-align:left;\">\n<\/th>\n<\/tr>\n<tr>\n<th style=\"text-align:left;\"><b>Schiedsrichter<\/b>\n<\/th>\n<th style=\"text-align:left;\">Felix Brych\n<\/th>\n<\/tr>\n<tr>\n<th style=\"text-align:left;\"><b>Stadion<\/b>\n<\/th>\n<th style=\"text-align:left;\">FC Bayern Campus, M\u00fcnchen\n<\/th>\n<\/tr>\n<tr>\n<th style=\"text-align:left;\"><b>Zuschauer<\/b>\n<\/th>\n<th style=\"text-align:left;\">2,000\n<\/th>\n<\/tr>\n<\/tbody>\n<\/table>\n<h2><span class=\"mw-headline\" id=\"Spielbericht\">Spielbericht<\/span><a href=\"\/index.php?title=FC_Bayern_M%C3%BCnchen_gegen_FC_Red_Bull_Salzburg&amp;action=edit&amp;section=1\" title=\"Abschnitt bearbeiten: Spielbericht\">Bearbeiten<\/a><span class=\"mw-editsection-bracket\">]<\/span><\/span><\/h2>\n<p><a rel=\"nofollow\" class=\"external text\" href=\"https:\/\/www.redbullsalzburg.at\/de\/2022-2023\/spielplan\/testspiel-fc-bayern-muenchen-vs-fc-red-bull-salzburg#spielbericht\">Spielbericht Vereinshomepage<\/a>\n<\/p>\n<h2><span class=\"mw-headline\" id=\"Stimmen_zum_Spiel\">Stimmen zum Spiel<\/span><a href=\"\/index.php?title=FC_Bayern_M%C3%BCnchen_gegen_FC_Red_Bull_Salzburg&amp;action=edit&amp;section=2\" title=\"Abschnitt bearbeiten: Stimmen zum Spiel\">Bearbeiten<\/a><span class=\"mw-editsection-bracket\">]<\/span><\/span><\/h2>\n<p><b>Matthias Jaissle:<\/b> Wir sind jetzt seit einigen Tagen im Trainingsbetrieb, die Burschen ziehen sehr gut mit. Heute hat man schon viele Facetten, von dem, was wir dann im Fr\u00fchjahr auf den Platz bringen wollen, gesehen. Aber es gibt auch noch einiges zu tun, das hat uns Bayern ganz klar aufgezeigt. Die Schwachpunkte, die uns heute ins Auge gestochen sind, werden wir im Detail aufarbeiten. Aber f\u00fcr den Stand der Vorbereitung sind wir heute sehr zufrieden.\n<\/p>\n<p><b>Noah Okafor:<\/b>So in das neue Jahr zu starten \u2013 mit zwei Toren und einem Unentschieden \u2013, ist ein guter Anfang. Wir sind auf einem guten Level und haben gezeigt, dass wir auch im neuen Jahr wieder da sind! Das gibt Motivation, um weiter hart zu arbeiten. Jetzt freuen wir uns auf Marbella und ein gutes Trainingslager!\n<\/p>\n<\/div>\n","protected":false},"excerpt":{"rendered":"<p>FC Bayern M\u00fcnchen gegen FC Red Bull Salzburg, 4:4 Spieltag Testspiel Datum 13. J\u00e4nner 2023 Anpfiff 18 Uhr Aufstellung Tor Philipp K\u00f6hn Verteidigung Ignace Van der Brempt &#8211; Jerome Onguene &#8211;Strahinja Pavlovic &#8211; Bernardo Mittelfeld Raphael Hofer &#8211; Nicolas Seiwald &#8211; Luka Sucic &#8211; Dijon Kameri Sturm Sekou Koita &#8211; Benjamin Sesko Wechsel Wechsel Lukas [&hellip;]<\/p>\n","protected":false},"author":1,"featured_media":0,"parent":0,"menu_order":0,"comment_status":"closed","ping_status":"closed","template":"","meta":{"footnotes":""},"class_list":["post-3827","page","type-page","status-publish","hentry"],"_links":{"self":[{"href":"https:\/\/wiki.s12.at\/index.php\/wp-json\/wp\/v2\/pages\/3827","targetHints":{"allow":["GET"]}}],"collection":[{"href":"https:\/\/wiki.s12.at\/index.php\/wp-json\/wp\/v2\/pages"}],"about":[{"href":"https:\/\/wiki.s12.at\/index.php\/wp-json\/wp\/v2\/types\/page"}],"author":[{"embeddable":true,"href":"https:\/\/wiki.s12.at\/index.php\/wp-json\/wp\/v2\/users\/1"}],"replies":[{"embeddable":true,"href":"https:\/\/wiki.s12.at\/index.php\/wp-json\/wp\/v2\/comments?post=3827"}],"version-history":[{"count":0,"href":"https:\/\/wiki.s12.at\/index.php\/wp-json\/wp\/v2\/pages\/3827\/revisions"}],"wp:attachment":[{"href":"https:\/\/wiki.s12.at\/index.php\/wp-json\/wp\/v2\/media?parent=3827"}],"curies":[{"name":"wp","href":"https:\/\/api.w.org\/{rel}","templated":true}]}}

FC Bayern München gegen FC Red Bull Salzburg

<div class="mw-parser-output">
<table class="toptextcells toccolours">
<tbody>
<tr>
<th colspan="2" style="text-align: center; vertical-align: top; padding: 0.3em 0.8em; font-size: 125%; background-color: lightsteelblue;">FC Bayern München gegen FC Red Bull Salzburg, 4:4
</th>
</tr>
<tr>
<th style="text-align:left;"><b>Spieltag</b>
</th>
<th style="text-align:left;">Testspiel
</th>
</tr>
<tr>
<th style="text-align:left;"><b>Datum</b>
</th>
<th style="text-align:left;">13. Jänner 2023
</th>
</tr>
<tr>
<th style="text-align:left;"><b>Anpfiff</b>
</th>
<th style="text-align:left;">18 Uhr
</th>
</tr>
<tr>
<td colspan="2" style="text-align:center;" bgcolor="lightgray"><b>Aufstellung</b>
</td>
</tr>
<tr>
<th style="text-align:left;"><b>Tor</b>
</th>
<th><a href="/Philipp_K%C3%B6hn" title="Philipp Köhn">Philipp Köhn</a>
</th>
</tr>
<tr>
<th style="text-align:left;"><b>Verteidigung</b>
</th>
<th><a href="/Ignace_Van_der_Brempt" title="Ignace Van der Brempt">Ignace Van der Brempt</a> &#8211; <a href="/Jerome_Onguene" title="Jerome Onguene">Jerome Onguene</a>  &#8211;<a href="/Strahinja_Pavlovic" title="Strahinja Pavlovic">Strahinja Pavlovic</a>  &#8211;  <a href="/Bernardo" title="Bernardo">Bernardo</a>
</th>
</tr>
<tr>
<th style="text-align:left;"><b>Mittelfeld</b>
</th>
<th><a href="/Raphael_Hofer" title="Raphael Hofer">Raphael Hofer</a> &#8211; <a href="/Nicolas_Seiwald" title="Nicolas Seiwald">Nicolas Seiwald</a> &#8211;  <a href="/Luka_Sucic" title="Luka Sucic">Luka Sucic</a> &#8211; <a href="/Dijon_Kameri" title="Dijon Kameri">Dijon Kameri</a>
</th>
</tr>
<tr>
<th style="text-align:left;"><b>Sturm</b>
</th>
<th><a href="/Sekou_Koita" title="Sekou Koita">Sekou Koita</a>  &#8211; <a href="/Benjamin_Sesko" class="mw-redirect" title="Benjamin Sesko">Benjamin Sesko</a>
</th>
</tr>
<tr>
<td colspan="2" style="text-align:center;" bgcolor="lightgray"><b>Wechsel</b>
</td>
</tr>
<tr>
<th style="text-align:left;"><b>Wechsel</b>
</th>
<th style="text-align:left;"><a href="/Lukas_Ibertsberger" title="Lukas Ibertsberger">Lukas Ibertsberger</a> für Bernardo, <a href="/Amankwah_Forson" title="Amankwah Forson">Amankwah Forson</a> für Hofer, <a href="/Oumar_Solet" title="Oumar Solet">Oumar Solet</a> für Pavlovic, <br /><a href="/Karim_Konate" title="Karim Konate">Karim Konate</a> für Sesko, <a href="/Maurits_Kjaergaard" title="Maurits Kjaergaard">Maurits Kjaergaard</a> für Sucic, <a href="/Noah_Okafor" title="Noah Okafor">Noah Okafor</a> für Koita,<br /> <a href="/Lucas_Gourna-Douath" title="Lucas Gourna-Douath">Lucas Gourna-Douath</a> für Seiwald, <a href="/Junior_Adamu" class="mw-redirect" title="Junior Adamu">Junior Adamu</a> für Kameri, <a href="/Samson_Baidoo" title="Samson Baidoo">Samson Baidoo</a> für Onguene, <br /><a href="/Amar_Dedic" title="Amar Dedic">Amar Dedic</a> für Van der Brempt (alle 46.)
</th>
</tr>
<tr>
<td colspan="2" style="text-align:center;" bgcolor="lightgray"><b>Statistik</b>
</td>
</tr>
<tr>
<th style="text-align:left;"><b>Endstand</b>
</th>
<th style="text-align:left;">4:4 (1:1)
</th>
</tr>
<tr>
<th style="text-align:left;"><b>Torschützen</b>
</th>
<th style="text-align:left;">Sane (9.), Ibrahimovic (69.), Coman (73.), Tel (88.); Koita (16.), Konate (50.), Okafor (54., 89.)
</th>
</tr>
<tr>
<th style="text-align:left;"><b>Gelbe Karten</b>
</th>
<th style="text-align:left;">
</th>
</tr>
<tr>
<th style="text-align:left;"><b>Rote Karten</b>
</th>
<th style="text-align:left;">
</th>
</tr>
<tr>
<th style="text-align:left;"><b>Schiedsrichter</b>
</th>
<th style="text-align:left;">Felix Brych
</th>
</tr>
<tr>
<th style="text-align:left;"><b>Stadion</b>
</th>
<th style="text-align:left;">FC Bayern Campus, München
</th>
</tr>
<tr>
<th style="text-align:left;"><b>Zuschauer</b>
</th>
<th style="text-align:left;">2,000
</th>
</tr>
</tbody>
</table>
<h2><span class="mw-headline" id="Spielbericht">Spielbericht</span><a href="/index.php?title=FC_Bayern_M%C3%BCnchen_gegen_FC_Red_Bull_Salzburg&amp;action=edit&amp;section=1" title="Abschnitt bearbeiten: Spielbericht">Bearbeiten</a><span class="mw-editsection-bracket">]</span></span></h2>
<p><a rel="nofollow" class="external text" href="https://www.redbullsalzburg.at/de/2022-2023/spielplan/testspiel-fc-bayern-muenchen-vs-fc-red-bull-salzburg#spielbericht">Spielbericht Vereinshomepage</a>
</p>
<h2><span class="mw-headline" id="Stimmen_zum_Spiel">Stimmen zum Spiel</span><a href="/index.php?title=FC_Bayern_M%C3%BCnchen_gegen_FC_Red_Bull_Salzburg&amp;action=edit&amp;section=2" title="Abschnitt bearbeiten: Stimmen zum Spiel">Bearbeiten</a><span class="mw-editsection-bracket">]</span></span></h2>
<p><b>Matthias Jaissle:</b> Wir sind jetzt seit einigen Tagen im Trainingsbetrieb, die Burschen ziehen sehr gut mit. Heute hat man schon viele Facetten, von dem, was wir dann im Frühjahr auf den Platz bringen wollen, gesehen. Aber es gibt auch noch einiges zu tun, das hat uns Bayern ganz klar aufgezeigt. Die Schwachpunkte, die uns heute ins Auge gestochen sind, werden wir im Detail aufarbeiten. Aber für den Stand der Vorbereitung sind wir heute sehr zufrieden.
</p>
<p><b>Noah Okafor:</b>So in das neue Jahr zu starten – mit zwei Toren und einem Unentschieden –, ist ein guter Anfang. Wir sind auf einem guten Level und haben gezeigt, dass wir auch im neuen Jahr wieder da sind! Das gibt Motivation, um weiter hart zu arbeiten. Jetzt freuen wir uns auf Marbella und ein gutes Trainingslager!
</p>
</div>

<p>FC Bayern München gegen FC Red Bull Salzburg, 4:4 Spieltag Testspiel Datum 13. Jänner 2023 Anpfiff 18 Uhr Aufstellung Tor Philipp Köhn Verteidigung Ignace Van der Brempt &#8211; Jerome Onguene &#8211;Strahinja Pavlovic &#8211; Bernardo Mittelfeld Raphael Hofer &#8211; Nicolas Seiwald &#8211; Luka Sucic &#8211; Dijon Kameri Sturm Sekou Koita &#8211; Benjamin Sesko Wechsel Wechsel Lukas [&hellip;]</p>
