{"id":3804,"date":"2026-05-06T15:24:48","date_gmt":"2026-05-06T13:24:48","guid":{"rendered":"https:\/\/wiki.s12.at\/index.php\/fc-alberschwende-gegen-fc-red-bull-salzburg-frauen\/"},"modified":"2026-05-06T15:24:48","modified_gmt":"2026-05-06T13:24:48","slug":"fc-alberschwende-gegen-fc-red-bull-salzburg-frauen","status":"publish","type":"page","link":"https:\/\/wiki.s12.at\/index.php\/fc-alberschwende-gegen-fc-red-bull-salzburg-frauen\/","title":{"rendered":"FC Alberschwende gegen FC Red Bull Salzburg Frauen"},"content":{"rendered":"<div class=\"mw-parser-output\">\n<table class=\"toptextcells toccolours\">\n<tbody>\n<tr>\n<th colspan=\"2\" style=\"text-align: center; vertical-align: top; padding: 0.3em 0.8em; font-size: 125%; background-color: lightsteelblue;\">FC Alberschwende  gegen FC Red Bull Salzburg Frauen, 0:8\n<\/th>\n<\/tr>\n<tr>\n<th style=\"text-align:left;\"><b>Spieltag<\/b>\n<\/th>\n<th style=\"text-align:left;\">\u00d6FB Frauen Cup, 1. Runde\n<\/th>\n<\/tr>\n<tr>\n<th style=\"text-align:left;\"><b>Datum<\/b>\n<\/th>\n<th style=\"text-align:left;\">9. August 2025\n<\/th>\n<\/tr>\n<tr>\n<th style=\"text-align:left;\"><b>Anpfiff<\/b>\n<\/th>\n<th style=\"text-align:left;\">16 Uhr\n<\/th>\n<\/tr>\n<tr>\n<td colspan=\"2\" style=\"text-align:center;\" bgcolor=\"lightgray\"><b>Aufstellung<\/b>\n<\/td>\n<\/tr>\n<tr>\n<th style=\"text-align:left;\"><b>Tor<\/b>\n<\/th>\n<th><a href=\"\/Michaela_Fischer\" title=\"Michaela Fischer\">Michaela Fischer<\/a>\n<\/th>\n<\/tr>\n<tr>\n<th style=\"text-align:left;\"><b>Verteidigung<\/b>\n<\/th>\n<th><a href=\"\/Laura_Spinn\" title=\"Laura Spinn\">Laura Spinn<\/a> &#8211; <a href=\"\/Valentina_Illinger\" title=\"Valentina Illinger\">Valentina Illinger<\/a> &#8211; <a href=\"\/Sophia_Schirmbrand\" title=\"Sophia Schirmbrand\">Sophia Schirmbrand<\/a> &#8211;<a href=\"\/Aldina_Hamzic\" title=\"Aldina Hamzic\">Aldina Hamzic<\/a>\n<\/th>\n<\/tr>\n<tr>\n<th style=\"text-align:left;\"><b>Mittelfeld<\/b>\n<\/th>\n<th><a href=\"\/Greta_Spinn\" title=\"Greta Spinn\">Greta Spinn<\/a> &#8211; <a href=\"\/Sara_Grabovac\" title=\"Sara Grabovac\">Sara Grabovac<\/a> &#8211; <a href=\"\/Christina_Gierzinger\" title=\"Christina Gierzinger\">Christina Gierzinger<\/a> &#8211;<a href=\"\/Julia_Gr%C3%BCnwald\" title=\"Julia Gr\u00fcnwald\">Julia Gr\u00fcnwald<\/a>\n<\/th>\n<\/tr>\n<tr>\n<th style=\"text-align:left;\"><b>Sturm<\/b>\n<\/th>\n<th><a href=\"\/Vina_Crnoja\" title=\"Vina Crnoja\">Vina Crnoja<\/a> &#8211; <a href=\"\/Emelie_Kobler\" title=\"Emelie Kobler\">Emelie Kobler<\/a>\n<\/th>\n<\/tr>\n<tr>\n<td colspan=\"2\" style=\"text-align:center;\" bgcolor=\"lightgray\"><b>Wechsel<\/b>\n<\/td>\n<\/tr>\n<tr>\n<th style=\"text-align:left;\"><b>Wechsel<\/b>\n<\/th>\n<th style=\"text-align:left;\"><a href=\"\/Lea_Krinzinger\" title=\"Lea Krinzinger\">Lea Krinzinger<\/a> f\u00fcr Crnoja (56.), <a href=\"\/Tina_Krassnig\" title=\"Tina Krassnig\">Tina Krassnig<\/a> f\u00fcr Illinger (56.), <a href=\"\/Caroline_Gragger\" title=\"Caroline Gragger\">Caroline Gragger<\/a> f\u00fcr Gierzinger (56.), <br \/><a href=\"\/Valentina_Akrap\" title=\"Valentina Akrap\">Valentina Akrap<\/a> f\u00fcr G. Spinn (56.), <a href=\"\/Theresa_D%27Angelo\" title=\"Theresa D&#39;Angelo\">Theresa D&#8217;Angelo<\/a> f\u00fcr Schirmbrand (56.)\n<\/th>\n<\/tr>\n<tr>\n<td colspan=\"2\" style=\"text-align:center;\" bgcolor=\"lightgray\"><b>Statistik<\/b>\n<\/td>\n<\/tr>\n<tr>\n<th style=\"text-align:left;\"><b>Endstand<\/b>\n<\/th>\n<th style=\"text-align:left;\">0:8 (0:4)\n<\/th>\n<\/tr>\n<tr>\n<th style=\"text-align:left;\"><b>Torsch\u00fctzen<\/b>\n<\/th>\n<th style=\"text-align:left;\">G. Spinn (3., 49.), Crnoja (31.), Hamzic (35.), Grabovac (37.), Krassnig (72.), Kobler (88., 90.)\n<\/th>\n<\/tr>\n<tr>\n<th style=\"text-align:left;\"><b>Gelbe Karten<\/b>\n<\/th>\n<th style=\"text-align:left;\">Nardin (45+2.), D\u00fcr (54.), Demir (73.); Akrap (82.)\n<\/th>\n<\/tr>\n<tr>\n<th style=\"text-align:left;\"><b>Rote Karten<\/b>\n<\/th>\n<th style=\"text-align:left;\">\n<\/th>\n<\/tr>\n<tr>\n<th style=\"text-align:left;\"><b>Schiedsrichter<\/b>\n<\/th>\n<th style=\"text-align:left;\">Y\u00fcksel Akyildiz\n<\/th>\n<\/tr>\n<tr>\n<th style=\"text-align:left;\"><b>Stadion<\/b>\n<\/th>\n<th style=\"text-align:left;\">Sportplatz,  Alberschwende\n<\/th>\n<\/tr>\n<tr>\n<th style=\"text-align:left;\"><b>Zuschauer<\/b>\n<\/th>\n<th style=\"text-align:left;\">561\n<\/th>\n<\/tr>\n<\/tbody>\n<\/table>\n<h2><span class=\"mw-headline\" id=\"Spielbericht\">Spielbericht<\/span><a href=\"\/index.php?title=FC_Alberschwende_gegen_FC_Red_Bull_Salzburg_Frauen&amp;action=edit&amp;section=1\" title=\"Abschnitt bearbeiten: Spielbericht\">Bearbeiten<\/a><span class=\"mw-editsection-bracket\">]<\/span><\/span><\/h2>\n<p><a rel=\"nofollow\" class=\"external text\" href=\"https:\/\/www.redbullsalzburg.at\/de\/frauen\/2025-2026\/spielplan-frauen\/oefb-cup-runde-1-fc-sohm-alberschwende-damen-vs-fc-red-bull-salzburg#spielbericht\">Spielbericht Vereinshomepage<\/a>\n<\/p>\n<h2><span class=\"mw-headline\" id=\"Stimmen_zum_Spiel\">Stimmen zum Spiel<\/span><a href=\"\/index.php?title=FC_Alberschwende_gegen_FC_Red_Bull_Salzburg_Frauen&amp;action=edit&amp;section=2\" title=\"Abschnitt bearbeiten: Stimmen zum Spiel\">Bearbeiten<\/a><span class=\"mw-editsection-bracket\">]<\/span><\/span><\/h2>\n<p><b>Dusan Pavlovic: <\/b> Das war eine starke Mannschaftsleistung! Wir haben eine hohe Intensit\u00e4t auf den Platz gebracht und diese \u00fcber 90 Minuten hinweg gehalten. Das Ergebnis geht auch in dieser H\u00f6he in Ordnung. Wir haben in der 55. Minute f\u00fcnf Mal gewechselt, und die M\u00e4dels, die von der Bank gekommen sind, haben eine tolle Leistung gebracht \u2013 das macht mich besonders gl\u00fccklich. Die Meisterschaft kann kommen!\n<\/p>\n<\/div>\n","protected":false},"excerpt":{"rendered":"<p>FC Alberschwende gegen FC Red Bull Salzburg Frauen, 0:8 Spieltag \u00d6FB Frauen Cup, 1. Runde Datum 9. August 2025 Anpfiff 16 Uhr Aufstellung Tor Michaela Fischer Verteidigung Laura Spinn &#8211; Valentina Illinger &#8211; Sophia Schirmbrand &#8211;Aldina Hamzic Mittelfeld Greta Spinn &#8211; Sara Grabovac &#8211; Christina Gierzinger &#8211;Julia Gr\u00fcnwald Sturm Vina Crnoja &#8211; Emelie Kobler Wechsel [&hellip;]<\/p>\n","protected":false},"author":1,"featured_media":0,"parent":0,"menu_order":0,"comment_status":"closed","ping_status":"closed","template":"","meta":{"footnotes":""},"class_list":["post-3804","page","type-page","status-publish","hentry"],"_links":{"self":[{"href":"https:\/\/wiki.s12.at\/index.php\/wp-json\/wp\/v2\/pages\/3804","targetHints":{"allow":["GET"]}}],"collection":[{"href":"https:\/\/wiki.s12.at\/index.php\/wp-json\/wp\/v2\/pages"}],"about":[{"href":"https:\/\/wiki.s12.at\/index.php\/wp-json\/wp\/v2\/types\/page"}],"author":[{"embeddable":true,"href":"https:\/\/wiki.s12.at\/index.php\/wp-json\/wp\/v2\/users\/1"}],"replies":[{"embeddable":true,"href":"https:\/\/wiki.s12.at\/index.php\/wp-json\/wp\/v2\/comments?post=3804"}],"version-history":[{"count":0,"href":"https:\/\/wiki.s12.at\/index.php\/wp-json\/wp\/v2\/pages\/3804\/revisions"}],"wp:attachment":[{"href":"https:\/\/wiki.s12.at\/index.php\/wp-json\/wp\/v2\/media?parent=3804"}],"curies":[{"name":"wp","href":"https:\/\/api.w.org\/{rel}","templated":true}]}}

<div class="mw-parser-output">
<table class="toptextcells toccolours">
<tbody>
<tr>
<th colspan="2" style="text-align: center; vertical-align: top; padding: 0.3em 0.8em; font-size: 125%; background-color: lightsteelblue;">FC Alberschwende  gegen FC Red Bull Salzburg Frauen, 0:8
</th>
</tr>
<tr>
<th style="text-align:left;"><b>Spieltag</b>
</th>
<th style="text-align:left;">ÖFB Frauen Cup, 1. Runde
</th>
</tr>
<tr>
<th style="text-align:left;"><b>Datum</b>
</th>
<th style="text-align:left;">9. August 2025
</th>
</tr>
<tr>
<th style="text-align:left;"><b>Anpfiff</b>
</th>
<th style="text-align:left;">16 Uhr
</th>
</tr>
<tr>
<td colspan="2" style="text-align:center;" bgcolor="lightgray"><b>Aufstellung</b>
</td>
</tr>
<tr>
<th style="text-align:left;"><b>Tor</b>
</th>
<th><a href="/Michaela_Fischer" title="Michaela Fischer">Michaela Fischer</a>
</th>
</tr>
<tr>
<th style="text-align:left;"><b>Verteidigung</b>
</th>
<th><a href="/Laura_Spinn" title="Laura Spinn">Laura Spinn</a> &#8211; <a href="/Valentina_Illinger" title="Valentina Illinger">Valentina Illinger</a> &#8211; <a href="/Sophia_Schirmbrand" title="Sophia Schirmbrand">Sophia Schirmbrand</a> &#8211;<a href="/Aldina_Hamzic" title="Aldina Hamzic">Aldina Hamzic</a>
</th>
</tr>
<tr>
<th style="text-align:left;"><b>Mittelfeld</b>
</th>
<th><a href="/Greta_Spinn" title="Greta Spinn">Greta Spinn</a> &#8211; <a href="/Sara_Grabovac" title="Sara Grabovac">Sara Grabovac</a> &#8211; <a href="/Christina_Gierzinger" title="Christina Gierzinger">Christina Gierzinger</a> &#8211;<a href="/Julia_Gr%C3%BCnwald" title="Julia Grünwald">Julia Grünwald</a>
</th>
</tr>
<tr>
<th style="text-align:left;"><b>Sturm</b>
</th>
<th><a href="/Vina_Crnoja" title="Vina Crnoja">Vina Crnoja</a> &#8211; <a href="/Emelie_Kobler" title="Emelie Kobler">Emelie Kobler</a>
</th>
</tr>
<tr>
<td colspan="2" style="text-align:center;" bgcolor="lightgray"><b>Wechsel</b>
</td>
</tr>
<tr>
<th style="text-align:left;"><b>Wechsel</b>
</th>
<th style="text-align:left;"><a href="/Lea_Krinzinger" title="Lea Krinzinger">Lea Krinzinger</a> für Crnoja (56.), <a href="/Tina_Krassnig" title="Tina Krassnig">Tina Krassnig</a> für Illinger (56.), <a href="/Caroline_Gragger" title="Caroline Gragger">Caroline Gragger</a> für Gierzinger (56.), <br /><a href="/Valentina_Akrap" title="Valentina Akrap">Valentina Akrap</a> für G. Spinn (56.), <a href="/Theresa_D%27Angelo" title="Theresa D&#39;Angelo">Theresa D&#8217;Angelo</a> für Schirmbrand (56.)
</th>
</tr>
<tr>
<td colspan="2" style="text-align:center;" bgcolor="lightgray"><b>Statistik</b>
</td>
</tr>
<tr>
<th style="text-align:left;"><b>Endstand</b>
</th>
<th style="text-align:left;">0:8 (0:4)
</th>
</tr>
<tr>
<th style="text-align:left;"><b>Torschützen</b>
</th>
<th style="text-align:left;">G. Spinn (3., 49.), Crnoja (31.), Hamzic (35.), Grabovac (37.), Krassnig (72.), Kobler (88., 90.)
</th>
</tr>
<tr>
<th style="text-align:left;"><b>Gelbe Karten</b>
</th>
<th style="text-align:left;">Nardin (45+2.), Dür (54.), Demir (73.); Akrap (82.)
</th>
</tr>
<tr>
<th style="text-align:left;"><b>Rote Karten</b>
</th>
<th style="text-align:left;">
</th>
</tr>
<tr>
<th style="text-align:left;"><b>Schiedsrichter</b>
</th>
<th style="text-align:left;">Yüksel Akyildiz
</th>
</tr>
<tr>
<th style="text-align:left;"><b>Stadion</b>
</th>
<th style="text-align:left;">Sportplatz,  Alberschwende
</th>
</tr>
<tr>
<th style="text-align:left;"><b>Zuschauer</b>
</th>
<th style="text-align:left;">561
</th>
</tr>
</tbody>
</table>
<h2><span class="mw-headline" id="Spielbericht">Spielbericht</span><a href="/index.php?title=FC_Alberschwende_gegen_FC_Red_Bull_Salzburg_Frauen&amp;action=edit&amp;section=1" title="Abschnitt bearbeiten: Spielbericht">Bearbeiten</a><span class="mw-editsection-bracket">]</span></span></h2>
<p><a rel="nofollow" class="external text" href="https://www.redbullsalzburg.at/de/frauen/2025-2026/spielplan-frauen/oefb-cup-runde-1-fc-sohm-alberschwende-damen-vs-fc-red-bull-salzburg#spielbericht">Spielbericht Vereinshomepage</a>
</p>
<h2><span class="mw-headline" id="Stimmen_zum_Spiel">Stimmen zum Spiel</span><a href="/index.php?title=FC_Alberschwende_gegen_FC_Red_Bull_Salzburg_Frauen&amp;action=edit&amp;section=2" title="Abschnitt bearbeiten: Stimmen zum Spiel">Bearbeiten</a><span class="mw-editsection-bracket">]</span></span></h2>
<p><b>Dusan Pavlovic: </b> Das war eine starke Mannschaftsleistung! Wir haben eine hohe Intensität auf den Platz gebracht und diese über 90 Minuten hinweg gehalten. Das Ergebnis geht auch in dieser Höhe in Ordnung. Wir haben in der 55. Minute fünf Mal gewechselt, und die Mädels, die von der Bank gekommen sind, haben eine tolle Leistung gebracht – das macht mich besonders glücklich. Die Meisterschaft kann kommen!
</p>
</div>

<p>FC Alberschwende gegen FC Red Bull Salzburg Frauen, 0:8 Spieltag ÖFB Frauen Cup, 1. Runde Datum 9. August 2025 Anpfiff 16 Uhr Aufstellung Tor Michaela Fischer Verteidigung Laura Spinn &#8211; Valentina Illinger &#8211; Sophia Schirmbrand &#8211;Aldina Hamzic Mittelfeld Greta Spinn &#8211; Sara Grabovac &#8211; Christina Gierzinger &#8211;Julia Grünwald Sturm Vina Crnoja &#8211; Emelie Kobler Wechsel [&hellip;]</p>
