{"id":3800,"date":"2026-05-06T15:24:46","date_gmt":"2026-05-06T13:24:46","guid":{"rendered":"https:\/\/wiki.s12.at\/index.php\/f91-dudelange\/"},"modified":"2026-05-06T15:24:46","modified_gmt":"2026-05-06T13:24:46","slug":"f91-dudelange","status":"publish","type":"page","link":"https:\/\/wiki.s12.at\/index.php\/f91-dudelange\/","title":{"rendered":"F91 Dudelange"},"content":{"rendered":"<div class=\"mw-parser-output\">\n<div class=\"floatright\"><a href=\"\/Datei:D%C3%BCdelingen.PNG\" class=\"image\"><img fetchpriority=\"high\" alt=\"D\u00fcdelingen.PNG\" src=\"\/images\/thumb\/0\/00\/D%C3%BCdelingen.PNG\/200px-D%C3%BCdelingen.PNG\" decoding=\"async\" width=\"200\" height=\"260\" srcset=\"\/images\/thumb\/0\/00\/D%C3%BCdelingen.PNG\/300px-D%C3%BCdelingen.PNG 1.5x, \/images\/0\/00\/D%C3%BCdelingen.PNG 2x\" \/><\/a><\/div>\n<p><b>F91 Dudelange<\/b>, (luxemburgisch <b>F91 Diddeleng<\/b> , deutsch <b>F91 D\u00fcdelingen<\/b>), ist ein luxemburgischer Fu\u00dfballverein aus der Stadt D\u00fcdelingen. Er entstand 1991 aus der Fusion von Alliance Dudelange, Stade Dudelange und US Dudelange. Ein historischer Erfolg in der luxemburgischen Fu\u00dfballgeschichte konnte in der Champions-League-Saison 2005\/06 erzielt werden. Als erster Klub aus Luxemburg erreichte der F91 Dudelange nach einem Sieg \u00fcber H\u0160K Zrinjski Mostar die 2. Qualifikationsrunde.\n<\/p>\n<h2><span class=\"mw-headline\" id=\"Erfolge\">Erfolge<\/span><a href=\"\/index.php?title=F91_Dudelange&amp;action=edit&amp;section=1\" title=\"Abschnitt bearbeiten: Erfolge\">Bearbeiten<\/a><span class=\"mw-editsection-bracket\">]<\/span><\/span><\/h2>\n<ul>\n<li><b>Meistertitel:<\/b> 2000, 2001, 2002, 2005, 2006, 2007, 2008, 2009, 2011 und 2012<\/li>\n<li><b>Coupe de Luxembourg (Pokalbewerb):<\/b> 2004, 2006, 2007, 2009 und 2012<\/li>\n<\/ul>\n<h2><span class=\"mw-headline\" id=\"Bilanz\">Bilanz<\/span><a href=\"\/index.php?title=F91_Dudelange&amp;action=edit&amp;section=2\" title=\"Abschnitt bearbeiten: Bilanz\">Bearbeiten<\/a><span class=\"mw-editsection-bracket\">]<\/span><\/span><\/h2>\n<table style=\"border-style:solid;border-width:1px;border-color:#808080;background-color:#EFEFEF\" cellspacing=\"2\" cellpadding=\"2\" width=\"300px\">\n<tbody>\n<tr bgcolor=\"#EFEFEF\">\n<th>Spiele\n<\/th>\n<th>S\n<\/th>\n<th>U\n<\/th>\n<th>N\n<\/th>\n<th>Tore\n<\/th>\n<\/tr>\n<tr align=\"left\" valign=\"top\" bgcolor=\"#ccffcc\">\n<td align=\"center\">2\n<\/td>\n<td align=\"center\">1\n<\/td>\n<td align=\"center\">0\n<\/td>\n<td align=\"center\">1\n<\/td>\n<td align=\"center\">4:4\n<\/td>\n<\/tr>\n<\/tbody>\n<\/table>\n<ul>\n<li>Champions-League, 2. Runde 2012\/13<\/li>\n<\/ul>\n<\/div>\n","protected":false},"excerpt":{"rendered":"<p>F91 Dudelange, (luxemburgisch F91 Diddeleng , deutsch F91 D\u00fcdelingen), ist ein luxemburgischer Fu\u00dfballverein aus der Stadt D\u00fcdelingen. Er entstand 1991 aus der Fusion von Alliance Dudelange, Stade Dudelange und US Dudelange. Ein historischer Erfolg in der luxemburgischen Fu\u00dfballgeschichte konnte in der Champions-League-Saison 2005\/06 erzielt werden. Als erster Klub aus Luxemburg erreichte der F91 Dudelange nach [&hellip;]<\/p>\n","protected":false},"author":1,"featured_media":0,"parent":0,"menu_order":0,"comment_status":"closed","ping_status":"closed","template":"","meta":{"footnotes":""},"class_list":["post-3800","page","type-page","status-publish","hentry"],"_links":{"self":[{"href":"https:\/\/wiki.s12.at\/index.php\/wp-json\/wp\/v2\/pages\/3800","targetHints":{"allow":["GET"]}}],"collection":[{"href":"https:\/\/wiki.s12.at\/index.php\/wp-json\/wp\/v2\/pages"}],"about":[{"href":"https:\/\/wiki.s12.at\/index.php\/wp-json\/wp\/v2\/types\/page"}],"author":[{"embeddable":true,"href":"https:\/\/wiki.s12.at\/index.php\/wp-json\/wp\/v2\/users\/1"}],"replies":[{"embeddable":true,"href":"https:\/\/wiki.s12.at\/index.php\/wp-json\/wp\/v2\/comments?post=3800"}],"version-history":[{"count":0,"href":"https:\/\/wiki.s12.at\/index.php\/wp-json\/wp\/v2\/pages\/3800\/revisions"}],"wp:attachment":[{"href":"https:\/\/wiki.s12.at\/index.php\/wp-json\/wp\/v2\/media?parent=3800"}],"curies":[{"name":"wp","href":"https:\/\/api.w.org\/{rel}","templated":true}]}}

<div class="mw-parser-output">
<div class="floatright"><a href="/Datei:D%C3%BCdelingen.PNG" class="image"><img fetchpriority="high" alt="Düdelingen.PNG" src="/images/thumb/0/00/D%C3%BCdelingen.PNG/200px-D%C3%BCdelingen.PNG" decoding="async" width="200" height="260" srcset="/images/thumb/0/00/D%C3%BCdelingen.PNG/300px-D%C3%BCdelingen.PNG 1.5x, /images/0/00/D%C3%BCdelingen.PNG 2x" /></a></div>
<p><b>F91 Dudelange</b>, (luxemburgisch <b>F91 Diddeleng</b> , deutsch <b>F91 Düdelingen</b>), ist ein luxemburgischer Fußballverein aus der Stadt Düdelingen. Er entstand 1991 aus der Fusion von Alliance Dudelange, Stade Dudelange und US Dudelange. Ein historischer Erfolg in der luxemburgischen Fußballgeschichte konnte in der Champions-League-Saison 2005/06 erzielt werden. Als erster Klub aus Luxemburg erreichte der F91 Dudelange nach einem Sieg über HŠK Zrinjski Mostar die 2. Qualifikationsrunde.
</p>
<h2><span class="mw-headline" id="Erfolge">Erfolge</span><a href="/index.php?title=F91_Dudelange&amp;action=edit&amp;section=1" title="Abschnitt bearbeiten: Erfolge">Bearbeiten</a><span class="mw-editsection-bracket">]</span></span></h2>
<ul>
<li><b>Meistertitel:</b> 2000, 2001, 2002, 2005, 2006, 2007, 2008, 2009, 2011 und 2012</li>
<li><b>Coupe de Luxembourg (Pokalbewerb):</b> 2004, 2006, 2007, 2009 und 2012</li>
</ul>
<h2><span class="mw-headline" id="Bilanz">Bilanz</span><a href="/index.php?title=F91_Dudelange&amp;action=edit&amp;section=2" title="Abschnitt bearbeiten: Bilanz">Bearbeiten</a><span class="mw-editsection-bracket">]</span></span></h2>
<table style="border-style:solid;border-width:1px;border-color:#808080;background-color:#EFEFEF" cellspacing="2" cellpadding="2" width="300px">
<tbody>
<tr bgcolor="#EFEFEF">
<th>Spiele
</th>
<th>S
</th>
<th>U
</th>
<th>N
</th>
<th>Tore
</th>
</tr>
<tr align="left" valign="top" bgcolor="#ccffcc">
<td align="center">2
</td>
<td align="center">1
</td>
<td align="center">0
</td>
<td align="center">1
</td>
<td align="center">4:4
</td>
</tr>
</tbody>
</table>
<ul>
<li>Champions-League, 2. Runde 2012/13</li>
</ul>
</div>

<p>F91 Dudelange, (luxemburgisch F91 Diddeleng , deutsch F91 Düdelingen), ist ein luxemburgischer Fußballverein aus der Stadt Düdelingen. Er entstand 1991 aus der Fusion von Alliance Dudelange, Stade Dudelange und US Dudelange. Ein historischer Erfolg in der luxemburgischen Fußballgeschichte konnte in der Champions-League-Saison 2005/06 erzielt werden. Als erster Klub aus Luxemburg erreichte der F91 Dudelange nach [&hellip;]</p>
