{"id":3736,"date":"2026-05-06T15:23:30","date_gmt":"2026-05-06T13:23:30","guid":{"rendered":"https:\/\/wiki.s12.at\/index.php\/ersoy-suekrue\/"},"modified":"2026-05-06T15:23:30","modified_gmt":"2026-05-06T13:23:30","slug":"ersoy-suekrue","status":"publish","type":"page","link":"https:\/\/wiki.s12.at\/index.php\/ersoy-suekrue\/","title":{"rendered":"Ersoy S\u00fckr\u00fc"},"content":{"rendered":"<div class=\"mw-parser-output\">\n<ul>\n<li>Name: <b>Ersoy S\u00fckr\u00fc<\/b><\/li>\n<li>Geburtstag: 14. J\u00e4nner 1931<\/li>\n<li>Geburtsort: Istanbul<\/li>\n<li>Geburtsland: T\u00fcrkei<\/li>\n<li>Position: Torh\u00fcter<\/li>\n<li>Nationalmannschaft: 8 Spiele (0 Tore) f\u00fcr die T\u00fcrkei<\/li>\n<\/ul>\n<h2><span class=\"mw-headline\" id=\"Stationen\">Stationen<\/span><a href=\"\/index.php?title=Ersoy_S%C3%BCkr%C3%BC&amp;action=edit&amp;section=1\" title=\"Abschnitt bearbeiten: Stationen\">Bearbeiten<\/a><span class=\"mw-editsection-bracket\">]<\/span><\/span><\/h2>\n<ul>\n<li>1949\u20131952 \tVefa S.K.<\/li>\n<li>1953\u20131954 \tAnkarag\u00fcc\u00fc<\/li>\n<li>1954\u20131962 \tFenerbah\u00e7e<\/li>\n<li>1962\u20131964 \tAustria Salzburg<\/li>\n<\/ul>\n<h2><span class=\"mw-headline\" id=\"Besonderes\">Besonderes<\/span><a href=\"\/index.php?title=Ersoy_S%C3%BCkr%C3%BC&amp;action=edit&amp;section=2\" title=\"Abschnitt bearbeiten: Besonderes\">Bearbeiten<\/a><span class=\"mw-editsection-bracket\">]<\/span><\/span><\/h2>\n<p>Mit der t\u00fcrkischen Nationalmannschaft spielte er bei der WM 1954 in der Schweiz und kam dort zu einem Einsatz. Er war einer der wenigen Profis, die im Salzburger Kader standen.\n<\/p>\n<\/div>\n","protected":false},"excerpt":{"rendered":"<p>Name: Ersoy S\u00fckr\u00fc Geburtstag: 14. J\u00e4nner 1931 Geburtsort: Istanbul Geburtsland: T\u00fcrkei Position: Torh\u00fcter Nationalmannschaft: 8 Spiele (0 Tore) f\u00fcr die T\u00fcrkei StationenBearbeiten] 1949\u20131952 Vefa S.K. 1953\u20131954 Ankarag\u00fcc\u00fc 1954\u20131962 Fenerbah\u00e7e 1962\u20131964 Austria Salzburg BesonderesBearbeiten] Mit der t\u00fcrkischen Nationalmannschaft spielte er bei der WM 1954 in der Schweiz und kam dort zu einem Einsatz. Er war einer [&hellip;]<\/p>\n","protected":false},"author":1,"featured_media":0,"parent":0,"menu_order":0,"comment_status":"closed","ping_status":"closed","template":"","meta":{"footnotes":""},"class_list":["post-3736","page","type-page","status-publish","hentry"],"_links":{"self":[{"href":"https:\/\/wiki.s12.at\/index.php\/wp-json\/wp\/v2\/pages\/3736","targetHints":{"allow":["GET"]}}],"collection":[{"href":"https:\/\/wiki.s12.at\/index.php\/wp-json\/wp\/v2\/pages"}],"about":[{"href":"https:\/\/wiki.s12.at\/index.php\/wp-json\/wp\/v2\/types\/page"}],"author":[{"embeddable":true,"href":"https:\/\/wiki.s12.at\/index.php\/wp-json\/wp\/v2\/users\/1"}],"replies":[{"embeddable":true,"href":"https:\/\/wiki.s12.at\/index.php\/wp-json\/wp\/v2\/comments?post=3736"}],"version-history":[{"count":0,"href":"https:\/\/wiki.s12.at\/index.php\/wp-json\/wp\/v2\/pages\/3736\/revisions"}],"wp:attachment":[{"href":"https:\/\/wiki.s12.at\/index.php\/wp-json\/wp\/v2\/media?parent=3736"}],"curies":[{"name":"wp","href":"https:\/\/api.w.org\/{rel}","templated":true}]}}

Ersoy Sükrü

<div class="mw-parser-output">
<ul>
<li>Name: <b>Ersoy Sükrü</b></li>
<li>Geburtstag: 14. Jänner 1931</li>
<li>Geburtsort: Istanbul</li>
<li>Geburtsland: Türkei</li>
<li>Position: Torhüter</li>
<li>Nationalmannschaft: 8 Spiele (0 Tore) für die Türkei</li>
</ul>
<h2><span class="mw-headline" id="Stationen">Stationen</span><a href="/index.php?title=Ersoy_S%C3%BCkr%C3%BC&amp;action=edit&amp;section=1" title="Abschnitt bearbeiten: Stationen">Bearbeiten</a><span class="mw-editsection-bracket">]</span></span></h2>
<ul>
<li>1949–1952 	Vefa S.K.</li>
<li>1953–1954 	Ankaragücü</li>
<li>1954–1962 	Fenerbahçe</li>
<li>1962–1964 	Austria Salzburg</li>
</ul>
<h2><span class="mw-headline" id="Besonderes">Besonderes</span><a href="/index.php?title=Ersoy_S%C3%BCkr%C3%BC&amp;action=edit&amp;section=2" title="Abschnitt bearbeiten: Besonderes">Bearbeiten</a><span class="mw-editsection-bracket">]</span></span></h2>
<p>Mit der türkischen Nationalmannschaft spielte er bei der WM 1954 in der Schweiz und kam dort zu einem Einsatz. Er war einer der wenigen Profis, die im Salzburger Kader standen.
</p>
</div>

<p>Name: Ersoy Sükrü Geburtstag: 14. Jänner 1931 Geburtsort: Istanbul Geburtsland: Türkei Position: Torhüter Nationalmannschaft: 8 Spiele (0 Tore) für die Türkei StationenBearbeiten] 1949–1952 Vefa S.K. 1953–1954 Ankaragücü 1954–1962 Fenerbahçe 1962–1964 Austria Salzburg BesonderesBearbeiten] Mit der türkischen Nationalmannschaft spielte er bei der WM 1954 in der Schweiz und kam dort zu einem Einsatz. Er war einer [&hellip;]</p>
