{"id":3656,"date":"2026-05-06T15:22:12","date_gmt":"2026-05-06T13:22:12","guid":{"rendered":"https:\/\/wiki.s12.at\/index.php\/dynamo-kiew-gegen-fc-salzburg\/"},"modified":"2026-05-06T15:22:12","modified_gmt":"2026-05-06T13:22:12","slug":"dynamo-kiew-gegen-fc-salzburg","status":"publish","type":"page","link":"https:\/\/wiki.s12.at\/index.php\/dynamo-kiew-gegen-fc-salzburg\/","title":{"rendered":"Dynamo Kiew gegen FC Salzburg"},"content":{"rendered":"<div class=\"mw-parser-output\">\n<table class=\"toptextcells toccolours\">\n<tbody>\n<tr>\n<th colspan=\"2\" style=\"text-align: center; vertical-align: top; padding: 0.3em 0.8em; font-size: 125%; background-color: lightsteelblue;\">Dynamo Kiew gegen FC Salzburg, 0:2\n<\/th>\n<\/tr>\n<tr>\n<th style=\"text-align:left;\"><b>Spieltag<\/b>\n<\/th>\n<th style=\"text-align:left;\">UEFA-Championsleague Qualifikation, Play off-Hinspiel\n<\/th>\n<\/tr>\n<tr>\n<th style=\"text-align:left;\"><b>Datum<\/b>\n<\/th>\n<th style=\"text-align:left;\">21. August 2024\n<\/th>\n<\/tr>\n<tr>\n<th style=\"text-align:left;\"><b>Anpfiff<\/b>\n<\/th>\n<th style=\"text-align:left;\">21 Uhr\n<\/th>\n<\/tr>\n<tr>\n<td colspan=\"2\" style=\"text-align:center;\" bgcolor=\"lightgray\"><b>Aufstellung<\/b>\n<\/td>\n<\/tr>\n<tr>\n<th style=\"text-align:left;\"><b>Tor<\/b>\n<\/th>\n<th><a href=\"\/Janis_Blaswich\" title=\"Janis Blaswich\">Janis Blaswich<\/a>\n<\/th>\n<\/tr>\n<tr>\n<th style=\"text-align:left;\"><b>Verteidigung<\/b>\n<\/th>\n<th><a href=\"\/Amar_Dedic\" title=\"Amar Dedic\">Amar Dedic<\/a>  &#8211; <a href=\"\/Samson_Baidoo\" title=\"Samson Baidoo\">Samson Baidoo<\/a>  &#8211;<a href=\"\/Kamil_Piatkowski\" title=\"Kamil Piatkowski\">Kamil Piatkowski<\/a>  &#8211;  <a href=\"\/Aleksa_Terzic\" title=\"Aleksa Terzic\">Aleksa Terzic<\/a>\n<\/th>\n<\/tr>\n<tr>\n<th style=\"text-align:left;\"><b>Mittelfeld<\/b>\n<\/th>\n<th><a href=\"\/Lucas_Gourna-Douath\" title=\"Lucas Gourna-Douath\">Lucas Gourna-Douath<\/a>  &#8211; <a href=\"\/Mads_Bidstrup\" title=\"Mads Bidstrup\">Mads Bidstrup<\/a>  &#8211;  <a href=\"\/Maurits_Kjaergaard\" title=\"Maurits Kjaergaard\">Maurits Kjaergaard<\/a>\n<\/th>\n<\/tr>\n<tr>\n<th style=\"text-align:left;\"><b>Sturm<\/b>\n<\/th>\n<th><a href=\"\/Oscar_Gloukh\" title=\"Oscar Gloukh\">Oscar Gloukh<\/a> &#8211;  <a href=\"\/Moussa_Yeo\" class=\"mw-redirect\" title=\"Moussa Yeo\">Moussa Yeo<\/a> &#8211; <a href=\"\/Dorgeles_Nene\" class=\"mw-redirect\" title=\"Dorgeles Nene\">Dorgeles Nene<\/a>\n<\/th>\n<\/tr>\n<tr>\n<td colspan=\"2\" style=\"text-align:center;\" bgcolor=\"lightgray\"><b>Wechsel<\/b>\n<\/td>\n<\/tr>\n<tr>\n<th style=\"text-align:left;\"><b>Wechsel<\/b>\n<\/th>\n<th style=\"text-align:left;\"><a href=\"\/Ignace_Van_der_Brempt\" title=\"Ignace Van der Brempt\">Ignace Van der Brempt<\/a> f\u00fcr Terzic (26.), <a href=\"\/Oliver_Lukic\" title=\"Oliver Lukic\">Oliver Lukic<\/a> f\u00fcr Yeo (69.), <a href=\"\/Adam_Daghim\" title=\"Adam Daghim\">Adam Daghim<\/a> f\u00fcr Nene (69.), <br \/> <a href=\"\/Nicolas_Capaldo\" title=\"Nicolas Capaldo\">Nicolas  Capaldo<\/a> f\u00fcr Gourna-Douath (69.), <a href=\"\/Petar_Ratkov\" title=\"Petar Ratkov\">Petar Ratkov<\/a> f\u00fcr Kjaergaard (86.)\n<\/th>\n<\/tr>\n<tr>\n<td colspan=\"2\" style=\"text-align:center;\" bgcolor=\"lightgray\"><b>Statistik<\/b>\n<\/td>\n<\/tr>\n<tr>\n<th style=\"text-align:left;\"><b>Endstand<\/b>\n<\/th>\n<th style=\"text-align:left;\">0:2 (0:1)\n<\/th>\n<\/tr>\n<tr>\n<th style=\"text-align:left;\"><b>Torsch\u00fctzen<\/b>\n<\/th>\n<th style=\"text-align:left;\">Nene  (29.), Kjaergaard (50., E.)\n<\/th>\n<\/tr>\n<tr>\n<th style=\"text-align:left;\"><b>Gelbe Karten<\/b>\n<\/th>\n<th style=\"text-align:left;\">Dubinchak  (81.); Dedic (45.+3), Van der Brempt (77.)\n<\/th>\n<\/tr>\n<tr>\n<th style=\"text-align:left;\"><b>Rote Karten<\/b>\n<\/th>\n<th style=\"text-align:left;\">\n<\/th>\n<\/tr>\n<tr>\n<th style=\"text-align:left;\"><b>Schiedsrichter<\/b>\n<\/th>\n<th style=\"text-align:left;\">Sandro Sch\u00e4rer (SUI)\n<\/th>\n<\/tr>\n<tr>\n<th style=\"text-align:left;\"><b>Stadion<\/b>\n<\/th>\n<th style=\"text-align:left;\">Arena Lublin, Lublin\n<\/th>\n<\/tr>\n<tr>\n<th style=\"text-align:left;\"><b>Zuschauer<\/b>\n<\/th>\n<th style=\"text-align:left;\">7.000\n<\/th>\n<\/tr>\n<\/tbody>\n<\/table>\n<h2><span class=\"mw-headline\" id=\"Spielbericht\">Spielbericht<\/span><a href=\"\/index.php?title=Dynamo_Kiew_gegen_FC_Salzburg&amp;action=edit&amp;section=1\" title=\"Abschnitt bearbeiten: Spielbericht\">Bearbeiten<\/a><span class=\"mw-editsection-bracket\">]<\/span><\/span><\/h2>\n<p><a rel=\"nofollow\" class=\"external text\" href=\"https:\/\/www.redbullsalzburg.at\/de\/2024-2025\/spielplan\/champions-league-cl-play-off-dynamo-kyiv-vs-fc-salzburg#spielbericht\">Spielbericht Vereinshomepage<\/a>\n<\/p>\n<h2><span class=\"mw-headline\" id=\"Stimmen_zum_Spiel\">Stimmen zum Spiel<\/span><a href=\"\/index.php?title=Dynamo_Kiew_gegen_FC_Salzburg&amp;action=edit&amp;section=2\" title=\"Abschnitt bearbeiten: Stimmen zum Spiel\">Bearbeiten<\/a><span class=\"mw-editsection-bracket\">]<\/span><\/span><\/h2>\n<p><b>Pepijn Lijnders:<\/b> Es ist Halbzeit, wir m\u00fcssen etwas runterfahren, weil das Spiel einfach alles hatte! Momente, in denen wir mit Ball unglaublich waren, und Momente, in denen wir gegen den Ball \u00fcberragend waren. Aber auch Momente, in denen wir den Zeitpunkt f\u00fcrs Pressen nicht gefunden haben und einfache Ballverluste hatten. Aber nat\u00fcrlich bin ich gl\u00fccklich \u00fcber das Ergebnis und auch \u00fcber die Leistung der Burschen!\n<\/p>\n<p><b>Amar Dedic:<\/b> Ein gutes Ergebnis f\u00fcr uns, auch wenn es ein schweres Spiel war. Wir hatten gute Chancen und haben diese auch genutzt. Hinten wurde es ab und zu gef\u00e4hrlich, da m\u00fcssen wir uns noch verbessern und uns aufs R\u00fcckspiel vorbereiten, weil es zu Hause auch nicht leicht wird.\n<\/p>\n<p><b>Kamil Piatkowski:<\/b> Es war ein gutes Fu\u00dfballspiel f\u00fcr uns! Wir haben gut gespielt, zwei Tore geschossen und keines kassiert. Also sind wir gl\u00fccklich, auch wenn wir fokussiert bleiben m\u00fcssen, da erst Halbzeit ist. Es war etwas sehr Besonderes f\u00fcr mich, dass meine Familie, etwa 20 Leute, dabei war. Wir wollen in die Champions League, und k\u00f6nnen das R\u00fcckspiel kaum erwarten!\n<\/p>\n<p><b>Ignace Van der Brempt:<\/b> Es war nat\u00fcrlich nicht so einfach. Dynamo ist ein guter Gegner, aber wir sind ruhig geblieben und danach in unser Spiel reingekommen. Dann sieht man, dass wir die R\u00e4ume gut bespielt haben, nach dem Tor sind wir es sehr reif angegangen. Aber wir stehen noch mit keinem Bein in der Champions League, es ist noch ein Spiel, in dem wir bereit sein und alles geben m\u00fcssen!\n<\/p>\n<\/div>\n","protected":false},"excerpt":{"rendered":"<p>Dynamo Kiew gegen FC Salzburg, 0:2 Spieltag UEFA-Championsleague Qualifikation, Play off-Hinspiel Datum 21. August 2024 Anpfiff 21 Uhr Aufstellung Tor Janis Blaswich Verteidigung Amar Dedic &#8211; Samson Baidoo &#8211;Kamil Piatkowski &#8211; Aleksa Terzic Mittelfeld Lucas Gourna-Douath &#8211; Mads Bidstrup &#8211; Maurits Kjaergaard Sturm Oscar Gloukh &#8211; Moussa Yeo &#8211; Dorgeles Nene Wechsel Wechsel Ignace Van [&hellip;]<\/p>\n","protected":false},"author":1,"featured_media":0,"parent":0,"menu_order":0,"comment_status":"closed","ping_status":"closed","template":"","meta":{"footnotes":""},"class_list":["post-3656","page","type-page","status-publish","hentry"],"_links":{"self":[{"href":"https:\/\/wiki.s12.at\/index.php\/wp-json\/wp\/v2\/pages\/3656","targetHints":{"allow":["GET"]}}],"collection":[{"href":"https:\/\/wiki.s12.at\/index.php\/wp-json\/wp\/v2\/pages"}],"about":[{"href":"https:\/\/wiki.s12.at\/index.php\/wp-json\/wp\/v2\/types\/page"}],"author":[{"embeddable":true,"href":"https:\/\/wiki.s12.at\/index.php\/wp-json\/wp\/v2\/users\/1"}],"replies":[{"embeddable":true,"href":"https:\/\/wiki.s12.at\/index.php\/wp-json\/wp\/v2\/comments?post=3656"}],"version-history":[{"count":0,"href":"https:\/\/wiki.s12.at\/index.php\/wp-json\/wp\/v2\/pages\/3656\/revisions"}],"wp:attachment":[{"href":"https:\/\/wiki.s12.at\/index.php\/wp-json\/wp\/v2\/media?parent=3656"}],"curies":[{"name":"wp","href":"https:\/\/api.w.org\/{rel}","templated":true}]}}

<div class="mw-parser-output">
<table class="toptextcells toccolours">
<tbody>
<tr>
<th colspan="2" style="text-align: center; vertical-align: top; padding: 0.3em 0.8em; font-size: 125%; background-color: lightsteelblue;">Dynamo Kiew gegen FC Salzburg, 0:2
</th>
</tr>
<tr>
<th style="text-align:left;"><b>Spieltag</b>
</th>
<th style="text-align:left;">UEFA-Championsleague Qualifikation, Play off-Hinspiel
</th>
</tr>
<tr>
<th style="text-align:left;"><b>Datum</b>
</th>
<th style="text-align:left;">21. August 2024
</th>
</tr>
<tr>
<th style="text-align:left;"><b>Anpfiff</b>
</th>
<th style="text-align:left;">21 Uhr
</th>
</tr>
<tr>
<td colspan="2" style="text-align:center;" bgcolor="lightgray"><b>Aufstellung</b>
</td>
</tr>
<tr>
<th style="text-align:left;"><b>Tor</b>
</th>
<th><a href="/Janis_Blaswich" title="Janis Blaswich">Janis Blaswich</a>
</th>
</tr>
<tr>
<th style="text-align:left;"><b>Verteidigung</b>
</th>
<th><a href="/Amar_Dedic" title="Amar Dedic">Amar Dedic</a>  &#8211; <a href="/Samson_Baidoo" title="Samson Baidoo">Samson Baidoo</a>  &#8211;<a href="/Kamil_Piatkowski" title="Kamil Piatkowski">Kamil Piatkowski</a>  &#8211;  <a href="/Aleksa_Terzic" title="Aleksa Terzic">Aleksa Terzic</a>
</th>
</tr>
<tr>
<th style="text-align:left;"><b>Mittelfeld</b>
</th>
<th><a href="/Lucas_Gourna-Douath" title="Lucas Gourna-Douath">Lucas Gourna-Douath</a>  &#8211; <a href="/Mads_Bidstrup" title="Mads Bidstrup">Mads Bidstrup</a>  &#8211;  <a href="/Maurits_Kjaergaard" title="Maurits Kjaergaard">Maurits Kjaergaard</a>
</th>
</tr>
<tr>
<th style="text-align:left;"><b>Sturm</b>
</th>
<th><a href="/Oscar_Gloukh" title="Oscar Gloukh">Oscar Gloukh</a> &#8211;  <a href="/Moussa_Yeo" class="mw-redirect" title="Moussa Yeo">Moussa Yeo</a> &#8211; <a href="/Dorgeles_Nene" class="mw-redirect" title="Dorgeles Nene">Dorgeles Nene</a>
</th>
</tr>
<tr>
<td colspan="2" style="text-align:center;" bgcolor="lightgray"><b>Wechsel</b>
</td>
</tr>
<tr>
<th style="text-align:left;"><b>Wechsel</b>
</th>
<th style="text-align:left;"><a href="/Ignace_Van_der_Brempt" title="Ignace Van der Brempt">Ignace Van der Brempt</a> für Terzic (26.), <a href="/Oliver_Lukic" title="Oliver Lukic">Oliver Lukic</a> für Yeo (69.), <a href="/Adam_Daghim" title="Adam Daghim">Adam Daghim</a> für Nene (69.), <br /> <a href="/Nicolas_Capaldo" title="Nicolas Capaldo">Nicolas  Capaldo</a> für Gourna-Douath (69.), <a href="/Petar_Ratkov" title="Petar Ratkov">Petar Ratkov</a> für Kjaergaard (86.)
</th>
</tr>
<tr>
<td colspan="2" style="text-align:center;" bgcolor="lightgray"><b>Statistik</b>
</td>
</tr>
<tr>
<th style="text-align:left;"><b>Endstand</b>
</th>
<th style="text-align:left;">0:2 (0:1)
</th>
</tr>
<tr>
<th style="text-align:left;"><b>Torschützen</b>
</th>
<th style="text-align:left;">Nene  (29.), Kjaergaard (50., E.)
</th>
</tr>
<tr>
<th style="text-align:left;"><b>Gelbe Karten</b>
</th>
<th style="text-align:left;">Dubinchak  (81.); Dedic (45.+3), Van der Brempt (77.)
</th>
</tr>
<tr>
<th style="text-align:left;"><b>Rote Karten</b>
</th>
<th style="text-align:left;">
</th>
</tr>
<tr>
<th style="text-align:left;"><b>Schiedsrichter</b>
</th>
<th style="text-align:left;">Sandro Schärer (SUI)
</th>
</tr>
<tr>
<th style="text-align:left;"><b>Stadion</b>
</th>
<th style="text-align:left;">Arena Lublin, Lublin
</th>
</tr>
<tr>
<th style="text-align:left;"><b>Zuschauer</b>
</th>
<th style="text-align:left;">7.000
</th>
</tr>
</tbody>
</table>
<h2><span class="mw-headline" id="Spielbericht">Spielbericht</span><a href="/index.php?title=Dynamo_Kiew_gegen_FC_Salzburg&amp;action=edit&amp;section=1" title="Abschnitt bearbeiten: Spielbericht">Bearbeiten</a><span class="mw-editsection-bracket">]</span></span></h2>
<p><a rel="nofollow" class="external text" href="https://www.redbullsalzburg.at/de/2024-2025/spielplan/champions-league-cl-play-off-dynamo-kyiv-vs-fc-salzburg#spielbericht">Spielbericht Vereinshomepage</a>
</p>
<h2><span class="mw-headline" id="Stimmen_zum_Spiel">Stimmen zum Spiel</span><a href="/index.php?title=Dynamo_Kiew_gegen_FC_Salzburg&amp;action=edit&amp;section=2" title="Abschnitt bearbeiten: Stimmen zum Spiel">Bearbeiten</a><span class="mw-editsection-bracket">]</span></span></h2>
<p><b>Pepijn Lijnders:</b> Es ist Halbzeit, wir müssen etwas runterfahren, weil das Spiel einfach alles hatte! Momente, in denen wir mit Ball unglaublich waren, und Momente, in denen wir gegen den Ball überragend waren. Aber auch Momente, in denen wir den Zeitpunkt fürs Pressen nicht gefunden haben und einfache Ballverluste hatten. Aber natürlich bin ich glücklich über das Ergebnis und auch über die Leistung der Burschen!
</p>
<p><b>Amar Dedic:</b> Ein gutes Ergebnis für uns, auch wenn es ein schweres Spiel war. Wir hatten gute Chancen und haben diese auch genutzt. Hinten wurde es ab und zu gefährlich, da müssen wir uns noch verbessern und uns aufs Rückspiel vorbereiten, weil es zu Hause auch nicht leicht wird.
</p>
<p><b>Kamil Piatkowski:</b> Es war ein gutes Fußballspiel für uns! Wir haben gut gespielt, zwei Tore geschossen und keines kassiert. Also sind wir glücklich, auch wenn wir fokussiert bleiben müssen, da erst Halbzeit ist. Es war etwas sehr Besonderes für mich, dass meine Familie, etwa 20 Leute, dabei war. Wir wollen in die Champions League, und können das Rückspiel kaum erwarten!
</p>
<p><b>Ignace Van der Brempt:</b> Es war natürlich nicht so einfach. Dynamo ist ein guter Gegner, aber wir sind ruhig geblieben und danach in unser Spiel reingekommen. Dann sieht man, dass wir die Räume gut bespielt haben, nach dem Tor sind wir es sehr reif angegangen. Aber wir stehen noch mit keinem Bein in der Champions League, es ist noch ein Spiel, in dem wir bereit sein und alles geben müssen!
</p>
</div>
