{"id":3619,"date":"2026-05-06T15:21:46","date_gmt":"2026-05-06T13:21:46","guid":{"rendered":"https:\/\/wiki.s12.at\/index.php\/dinamo-zagreb-gegen-fc-salzburg\/"},"modified":"2026-05-06T15:21:46","modified_gmt":"2026-05-06T13:21:46","slug":"dinamo-zagreb-gegen-fc-salzburg","status":"publish","type":"page","link":"https:\/\/wiki.s12.at\/index.php\/dinamo-zagreb-gegen-fc-salzburg\/","title":{"rendered":"Dinamo Zagreb gegen FC Salzburg"},"content":{"rendered":"<div class=\"mw-parser-output\">\n<h2><span class=\"mw-headline\" id=\"Fakten\">Fakten<\/span><a href=\"\/index.php?title=Dinamo_Zagreb_gegen_FC_Salzburg&amp;action=edit&amp;section=1\" title=\"Abschnitt bearbeiten: Fakten\">Bearbeiten<\/a><span class=\"mw-editsection-bracket\">]<\/span><\/span><\/h2>\n<table class=\"toptextcells toccolours\">\n<tbody>\n<tr>\n<th colspan=\"2\" style=\"text-align: center; vertical-align: top; padding: 0.3em 0.8em; font-size: 125%; background-color: lightsteelblue;\">Dinamo Zagreb gegen FC Red Bull Salzburg, 1:5\n<\/th>\n<\/tr>\n<tr>\n<th style=\"text-align:left;\"><b>Spieltag<\/b>\n<\/th>\n<th style=\"text-align:left;\">Uefa-Euroleague Gruppe D\n<\/th>\n<\/tr>\n<tr>\n<th style=\"text-align:left;\"><b>Datum<\/b>\n<\/th>\n<th style=\"text-align:left;\">6. November 2014\n<\/th>\n<\/tr>\n<tr>\n<th style=\"text-align:left;\"><b>Anpfiff<\/b>\n<\/th>\n<th style=\"text-align:left;\">19 Uhr\n<\/th>\n<\/tr>\n<tr>\n<td colspan=\"2\" style=\"text-align:center;\" bgcolor=\"lightgray\"><b>Aufstellung<\/b>\n<\/td>\n<\/tr>\n<tr>\n<th style=\"text-align:left;\"><b>Tor<\/b>\n<\/th>\n<th><a href=\"\/Peter_Gulacsi\" class=\"mw-redirect\" title=\"Peter Gulacsi\">Peter Gulacsi<\/a>\n<\/th>\n<\/tr>\n<tr>\n<th style=\"text-align:left;\"><b>Verteidigung<\/b>\n<\/th>\n<th><a href=\"\/Andreas_Ulmer\" title=\"Andreas Ulmer\">Andreas Ulmer<\/a> <a href=\"\/Andre_Ramalho\" class=\"mw-redirect\" title=\"Andre Ramalho\">Andre Ramalho<\/a> <a href=\"\/Martin_Hinteregger\" title=\"Martin Hinteregger\">Martin Hinteregger<\/a>  <a href=\"\/Peter_Ankersen\" title=\"Peter Ankersen\">Peter Ankersen<\/a>\n<\/th>\n<\/tr>\n<tr>\n<th style=\"text-align:left;\"><b>Mittelfeld<\/b>\n<\/th>\n<th><a href=\"\/Stefan_Ilsanker\" title=\"Stefan Ilsanker\">Stefan Ilsanker<\/a> <a href=\"\/Christoph_Leitgeb\" title=\"Christoph Leitgeb\">Christoph Leitgeb<\/a> <a href=\"\/Kevin_Kampl\" title=\"Kevin Kampl\">Kevin Kampl<\/a> <a href=\"\/Naby_Keita\" title=\"Naby Keita\">Naby Keita<\/a>\n<\/th>\n<\/tr>\n<tr>\n<th style=\"text-align:left;\"><b>Sturm<\/b>\n<\/th>\n<th><a href=\"\/Jonatan_Soriano\" title=\"Jonatan Soriano\">Jonatan Soriano<\/a> <a href=\"\/Marcel_Sabitzer\" title=\"Marcel Sabitzer\">Marcel Sabitzer<\/a>\n<\/th>\n<\/tr>\n<tr>\n<td colspan=\"2\" style=\"text-align:center;\" bgcolor=\"lightgray\"><b>Wechsel<\/b>\n<\/td>\n<\/tr>\n<tr>\n<th style=\"text-align:left;\"><b>Wechsel<\/b>\n<\/th>\n<th style=\"text-align:left;\"><a href=\"\/Massimo_Bruno\" title=\"Massimo Bruno\">Massimo Bruno<\/a> f\u00fcr Sabitzer (32.), <a href=\"\/Konrad_Laimer\" title=\"Konrad Laimer\">Konrad Laimer<\/a> f\u00fcr Keita (77.), <a href=\"\/Franz_Schiemer\" title=\"Franz Schiemer\">Franz Schiemer<\/a> f\u00fcr Hinteregger (88.)\n<\/th>\n<\/tr>\n<tr>\n<td colspan=\"2\" style=\"text-align:center;\" bgcolor=\"lightgray\"><b>Statistik<\/b>\n<\/td>\n<\/tr>\n<tr>\n<th style=\"text-align:left;\"><b>Endstand<\/b>\n<\/th>\n<th style=\"text-align:left;\">1:5 (0:1)\n<\/th>\n<\/tr>\n<tr>\n<th style=\"text-align:left;\"><b>Torsch\u00fctzen<\/b>\n<\/th>\n<th style=\"text-align:left;\">Henriquez (60.); Soriano (39.,64., 85.), Kampl (59.), Bruno (71.)\n<\/th>\n<\/tr>\n<tr>\n<th style=\"text-align:left;\"><b>Gelbe Karten<\/b>\n<\/th>\n<th style=\"text-align:left;\">Pinto (15.),Brozovic (51.), Ademi (76.), Simunovic&#160;; Ilsanker (50.), Ulmer (52.)\n<\/th>\n<\/tr>\n<tr>\n<th style=\"text-align:left;\"><b>Rote Karten<\/b>\n<\/th>\n<th style=\"text-align:left;\">\n<\/th>\n<\/tr>\n<tr>\n<th style=\"text-align:left;\"><b>Schiedsrichter<\/b>\n<\/th>\n<th style=\"text-align:left;\">Michael Koukoulakis (Griechenland)\n<\/th>\n<\/tr>\n<tr>\n<th style=\"text-align:left;\"><b>Stadion<\/b>\n<\/th>\n<th style=\"text-align:left;\">Stadion Maksimir, Zagreb\n<\/th>\n<\/tr>\n<tr>\n<th style=\"text-align:left;\"><b>Zuschauer<\/b>\n<\/th>\n<th style=\"text-align:left;\">9 000\n<\/th>\n<\/tr>\n<\/tbody>\n<\/table>\n<ul>\n<li><a href=\"\/Konrad_Laimer\" title=\"Konrad Laimer\">Konrad Laimer<\/a> feierte heute sein internationales Deb\u00fct f\u00fcr Salzburg.<\/li>\n<\/ul>\n<p>\n<\/p>\n<h2><span class=\"mw-headline\" id=\"Stimmen_zum_Spiel\">Stimmen zum Spiel<\/span><a href=\"\/index.php?title=Dinamo_Zagreb_gegen_FC_Salzburg&amp;action=edit&amp;section=2\" title=\"Abschnitt bearbeiten: Stimmen zum Spiel\">Bearbeiten<\/a><span class=\"mw-editsection-bracket\">]<\/span><\/span><\/h2>\n<p><b>Adi H\u00fctter:<\/b> &#8222;Wenn man in Zagreb 5:1 gewinnt, dabei eine gute Leistung bietet und dann auch noch vorzeitig den Aufstieg schafft, ist das schon au\u00dfergew\u00f6hnlich. Die ganze Mannschaft hat sehr gut gespielt. Wir h\u00e4tten sogar noch h\u00f6her gewinnen k\u00f6nnen. Jetzt freuen wir uns auf die letzten beiden Spiele, wollen dabei die Tabellenspitze behaupten. Heute k\u00f6nnen wir uns aber mal freuen.&#8220;\n<\/p>\n<p><b>Kevin Kampl:<\/b> &#8222;Wir haben ganz gut Druck gemacht, haben v\u00f6llig verdient gewonnen. Herausheben muss man heute die Leistung von Jonny Soriano, seine drei Tore waren Klasse. Im Moment ist alles gut. Sowohl in der Euro League, als auch in der Meisterschaft und im Cup. \u00dcber das, was in Zukunft passiert, muss man jetzt nicht reden.&#8220;\n<\/p>\n<p><b>Massimo Bruno:<\/b> &#8222;Die Qualifikation f\u00fcr das Fr\u00fchjahr war heute das wichtigste. Wir haben f\u00fcnf Tore erzielt, das Spiel hat mir sehr viel Freude gemacht.&#8220;\n<\/p>\n<p><b>Jonatan Soriano:<\/b> &#8222;Die drei Tore freuen mich nat\u00fcrlich sehr, aber der Sieg freut mich noch mehr. Denn die ganze Mannschaft hat heute sehr gut gespielt. Und ohne die Mannschaft kann auch ich keine Tore schie\u00dfen. Jetzt k\u00f6nnen wir den Aufstieg feiern.&#8220;\n<\/p>\n<\/div>\n","protected":false},"excerpt":{"rendered":"<p>FaktenBearbeiten] Dinamo Zagreb gegen FC Red Bull Salzburg, 1:5 Spieltag Uefa-Euroleague Gruppe D Datum 6. November 2014 Anpfiff 19 Uhr Aufstellung Tor Peter Gulacsi Verteidigung Andreas Ulmer Andre Ramalho Martin Hinteregger Peter Ankersen Mittelfeld Stefan Ilsanker Christoph Leitgeb Kevin Kampl Naby Keita Sturm Jonatan Soriano Marcel Sabitzer Wechsel Wechsel Massimo Bruno f\u00fcr Sabitzer (32.), Konrad [&hellip;]<\/p>\n","protected":false},"author":1,"featured_media":0,"parent":0,"menu_order":0,"comment_status":"closed","ping_status":"closed","template":"","meta":{"footnotes":""},"class_list":["post-3619","page","type-page","status-publish","hentry"],"_links":{"self":[{"href":"https:\/\/wiki.s12.at\/index.php\/wp-json\/wp\/v2\/pages\/3619","targetHints":{"allow":["GET"]}}],"collection":[{"href":"https:\/\/wiki.s12.at\/index.php\/wp-json\/wp\/v2\/pages"}],"about":[{"href":"https:\/\/wiki.s12.at\/index.php\/wp-json\/wp\/v2\/types\/page"}],"author":[{"embeddable":true,"href":"https:\/\/wiki.s12.at\/index.php\/wp-json\/wp\/v2\/users\/1"}],"replies":[{"embeddable":true,"href":"https:\/\/wiki.s12.at\/index.php\/wp-json\/wp\/v2\/comments?post=3619"}],"version-history":[{"count":0,"href":"https:\/\/wiki.s12.at\/index.php\/wp-json\/wp\/v2\/pages\/3619\/revisions"}],"wp:attachment":[{"href":"https:\/\/wiki.s12.at\/index.php\/wp-json\/wp\/v2\/media?parent=3619"}],"curies":[{"name":"wp","href":"https:\/\/api.w.org\/{rel}","templated":true}]}}

<div class="mw-parser-output">
<h2><span class="mw-headline" id="Fakten">Fakten</span><a href="/index.php?title=Dinamo_Zagreb_gegen_FC_Salzburg&amp;action=edit&amp;section=1" title="Abschnitt bearbeiten: Fakten">Bearbeiten</a><span class="mw-editsection-bracket">]</span></span></h2>
<table class="toptextcells toccolours">
<tbody>
<tr>
<th colspan="2" style="text-align: center; vertical-align: top; padding: 0.3em 0.8em; font-size: 125%; background-color: lightsteelblue;">Dinamo Zagreb gegen FC Red Bull Salzburg, 1:5
</th>
</tr>
<tr>
<th style="text-align:left;"><b>Spieltag</b>
</th>
<th style="text-align:left;">Uefa-Euroleague Gruppe D
</th>
</tr>
<tr>
<th style="text-align:left;"><b>Datum</b>
</th>
<th style="text-align:left;">6. November 2014
</th>
</tr>
<tr>
<th style="text-align:left;"><b>Anpfiff</b>
</th>
<th style="text-align:left;">19 Uhr
</th>
</tr>
<tr>
<td colspan="2" style="text-align:center;" bgcolor="lightgray"><b>Aufstellung</b>
</td>
</tr>
<tr>
<th style="text-align:left;"><b>Tor</b>
</th>
<th><a href="/Peter_Gulacsi" class="mw-redirect" title="Peter Gulacsi">Peter Gulacsi</a>
</th>
</tr>
<tr>
<th style="text-align:left;"><b>Verteidigung</b>
</th>
<th><a href="/Andreas_Ulmer" title="Andreas Ulmer">Andreas Ulmer</a> <a href="/Andre_Ramalho" class="mw-redirect" title="Andre Ramalho">Andre Ramalho</a> <a href="/Martin_Hinteregger" title="Martin Hinteregger">Martin Hinteregger</a>  <a href="/Peter_Ankersen" title="Peter Ankersen">Peter Ankersen</a>
</th>
</tr>
<tr>
<th style="text-align:left;"><b>Mittelfeld</b>
</th>
<th><a href="/Stefan_Ilsanker" title="Stefan Ilsanker">Stefan Ilsanker</a> <a href="/Christoph_Leitgeb" title="Christoph Leitgeb">Christoph Leitgeb</a> <a href="/Kevin_Kampl" title="Kevin Kampl">Kevin Kampl</a> <a href="/Naby_Keita" title="Naby Keita">Naby Keita</a>
</th>
</tr>
<tr>
<th style="text-align:left;"><b>Sturm</b>
</th>
<th><a href="/Jonatan_Soriano" title="Jonatan Soriano">Jonatan Soriano</a> <a href="/Marcel_Sabitzer" title="Marcel Sabitzer">Marcel Sabitzer</a>
</th>
</tr>
<tr>
<td colspan="2" style="text-align:center;" bgcolor="lightgray"><b>Wechsel</b>
</td>
</tr>
<tr>
<th style="text-align:left;"><b>Wechsel</b>
</th>
<th style="text-align:left;"><a href="/Massimo_Bruno" title="Massimo Bruno">Massimo Bruno</a> für Sabitzer (32.), <a href="/Konrad_Laimer" title="Konrad Laimer">Konrad Laimer</a> für Keita (77.), <a href="/Franz_Schiemer" title="Franz Schiemer">Franz Schiemer</a> für Hinteregger (88.)
</th>
</tr>
<tr>
<td colspan="2" style="text-align:center;" bgcolor="lightgray"><b>Statistik</b>
</td>
</tr>
<tr>
<th style="text-align:left;"><b>Endstand</b>
</th>
<th style="text-align:left;">1:5 (0:1)
</th>
</tr>
<tr>
<th style="text-align:left;"><b>Torschützen</b>
</th>
<th style="text-align:left;">Henriquez (60.); Soriano (39.,64., 85.), Kampl (59.), Bruno (71.)
</th>
</tr>
<tr>
<th style="text-align:left;"><b>Gelbe Karten</b>
</th>
<th style="text-align:left;">Pinto (15.),Brozovic (51.), Ademi (76.), Simunovic&#160;; Ilsanker (50.), Ulmer (52.)
</th>
</tr>
<tr>
<th style="text-align:left;"><b>Rote Karten</b>
</th>
<th style="text-align:left;">
</th>
</tr>
<tr>
<th style="text-align:left;"><b>Schiedsrichter</b>
</th>
<th style="text-align:left;">Michael Koukoulakis (Griechenland)
</th>
</tr>
<tr>
<th style="text-align:left;"><b>Stadion</b>
</th>
<th style="text-align:left;">Stadion Maksimir, Zagreb
</th>
</tr>
<tr>
<th style="text-align:left;"><b>Zuschauer</b>
</th>
<th style="text-align:left;">9 000
</th>
</tr>
</tbody>
</table>
<ul>
<li><a href="/Konrad_Laimer" title="Konrad Laimer">Konrad Laimer</a> feierte heute sein internationales Debüt für Salzburg.</li>
</ul>
<p>
</p>
<h2><span class="mw-headline" id="Stimmen_zum_Spiel">Stimmen zum Spiel</span><a href="/index.php?title=Dinamo_Zagreb_gegen_FC_Salzburg&amp;action=edit&amp;section=2" title="Abschnitt bearbeiten: Stimmen zum Spiel">Bearbeiten</a><span class="mw-editsection-bracket">]</span></span></h2>
<p><b>Adi Hütter:</b> &#8222;Wenn man in Zagreb 5:1 gewinnt, dabei eine gute Leistung bietet und dann auch noch vorzeitig den Aufstieg schafft, ist das schon außergewöhnlich. Die ganze Mannschaft hat sehr gut gespielt. Wir hätten sogar noch höher gewinnen können. Jetzt freuen wir uns auf die letzten beiden Spiele, wollen dabei die Tabellenspitze behaupten. Heute können wir uns aber mal freuen.&#8220;
</p>
<p><b>Kevin Kampl:</b> &#8222;Wir haben ganz gut Druck gemacht, haben völlig verdient gewonnen. Herausheben muss man heute die Leistung von Jonny Soriano, seine drei Tore waren Klasse. Im Moment ist alles gut. Sowohl in der Euro League, als auch in der Meisterschaft und im Cup. Über das, was in Zukunft passiert, muss man jetzt nicht reden.&#8220;
</p>
<p><b>Massimo Bruno:</b> &#8222;Die Qualifikation für das Frühjahr war heute das wichtigste. Wir haben fünf Tore erzielt, das Spiel hat mir sehr viel Freude gemacht.&#8220;
</p>
<p><b>Jonatan Soriano:</b> &#8222;Die drei Tore freuen mich natürlich sehr, aber der Sieg freut mich noch mehr. Denn die ganze Mannschaft hat heute sehr gut gespielt. Und ohne die Mannschaft kann auch ich keine Tore schießen. Jetzt können wir den Aufstieg feiern.&#8220;
</p>
</div>

<p>FaktenBearbeiten] Dinamo Zagreb gegen FC Red Bull Salzburg, 1:5 Spieltag Uefa-Euroleague Gruppe D Datum 6. November 2014 Anpfiff 19 Uhr Aufstellung Tor Peter Gulacsi Verteidigung Andreas Ulmer Andre Ramalho Martin Hinteregger Peter Ankersen Mittelfeld Stefan Ilsanker Christoph Leitgeb Kevin Kampl Naby Keita Sturm Jonatan Soriano Marcel Sabitzer Wechsel Wechsel Massimo Bruno für Sabitzer (32.), Konrad [&hellip;]</p>
