{"id":3574,"date":"2026-05-06T15:19:03","date_gmt":"2026-05-06T13:19:03","guid":{"rendered":"https:\/\/wiki.s12.at\/index.php\/damir-milinovic\/"},"modified":"2026-05-06T15:19:03","modified_gmt":"2026-05-06T13:19:03","slug":"damir-milinovic","status":"publish","type":"page","link":"https:\/\/wiki.s12.at\/index.php\/damir-milinovic\/","title":{"rendered":"Damir Milinovic"},"content":{"rendered":"<div class=\"mw-parser-output\">\n<ul>\n<li>Name: <b>Damir Milinovic<\/b><\/li>\n<li>Geburtstag: 15. Oktober 1972<\/li>\n<li>Geburtsort: Rijeka<\/li>\n<li>Geburtsland: Kroatien<\/li>\n<li>Nationalit\u00e4t: Kroate<a href=\"\/Datei:Flag_of_Croatia.svg\" class=\"image\" title=\"Kroate\"><img alt=\"Kroate\" src=\"\/images\/thumb\/1\/1b\/Flag_of_Croatia.svg\/langde-20px-Flag_of_Croatia.svg.png%3Futm_source%3Dcommons.wikimedia.org%26utm_campaign%3Dimageinfo%26utm_content%3Dthumbnail\" decoding=\"async\" width=\"20\" height=\"10\" srcset=\"\/images\/thumb\/1\/1b\/Flag_of_Croatia.svg\/langde-40px-Flag_of_Croatia.svg.png%3Futm_source%3Dcommons.wikimedia.org%26utm_campaign%3Dimageinfo%26utm_content%3Dthumbnail 1.5x\" \/><\/a><\/li>\n<li>Gr\u00f6\u00dfe: 182 cm<\/li>\n<li>starker Fu\u00df:rechts<\/li>\n<li>Position: Verteidiger<\/li>\n<\/ul>\n<h2><span class=\"mw-headline\" id=\"Stationen\">Stationen<\/span><a href=\"\/index.php?title=Damir_Milinovic&amp;action=edit&amp;section=1\" title=\"Abschnitt bearbeiten: Stationen\">Bearbeiten<\/a><span class=\"mw-editsection-bracket\">]<\/span><\/span><\/h2>\n<ul>\n<li>SV W\u00fcstenrot Salzburg (2004 -2005)<\/li>\n<\/ul>\n<h2><span class=\"mw-headline\" id=\"als_Trainer\">als Trainer<\/span><a href=\"\/index.php?title=Damir_Milinovic&amp;action=edit&amp;section=2\" title=\"Abschnitt bearbeiten: als Trainer\">Bearbeiten<\/a><span class=\"mw-editsection-bracket\">]<\/span><\/span><\/h2>\n<ul>\n<li>NK Gorica<\/li>\n<\/ul>\n<\/div>\n","protected":false},"excerpt":{"rendered":"<p>Name: Damir Milinovic Geburtstag: 15. Oktober 1972 Geburtsort: Rijeka Geburtsland: Kroatien Nationalit\u00e4t: Kroate Gr\u00f6\u00dfe: 182 cm starker Fu\u00df:rechts Position: Verteidiger StationenBearbeiten] SV W\u00fcstenrot Salzburg (2004 -2005) als TrainerBearbeiten] NK Gorica<\/p>\n","protected":false},"author":1,"featured_media":0,"parent":0,"menu_order":0,"comment_status":"closed","ping_status":"closed","template":"","meta":{"footnotes":""},"class_list":["post-3574","page","type-page","status-publish","hentry"],"_links":{"self":[{"href":"https:\/\/wiki.s12.at\/index.php\/wp-json\/wp\/v2\/pages\/3574","targetHints":{"allow":["GET"]}}],"collection":[{"href":"https:\/\/wiki.s12.at\/index.php\/wp-json\/wp\/v2\/pages"}],"about":[{"href":"https:\/\/wiki.s12.at\/index.php\/wp-json\/wp\/v2\/types\/page"}],"author":[{"embeddable":true,"href":"https:\/\/wiki.s12.at\/index.php\/wp-json\/wp\/v2\/users\/1"}],"replies":[{"embeddable":true,"href":"https:\/\/wiki.s12.at\/index.php\/wp-json\/wp\/v2\/comments?post=3574"}],"version-history":[{"count":0,"href":"https:\/\/wiki.s12.at\/index.php\/wp-json\/wp\/v2\/pages\/3574\/revisions"}],"wp:attachment":[{"href":"https:\/\/wiki.s12.at\/index.php\/wp-json\/wp\/v2\/media?parent=3574"}],"curies":[{"name":"wp","href":"https:\/\/api.w.org\/{rel}","templated":true}]}}

<div class="mw-parser-output">
<ul>
<li>Name: <b>Damir Milinovic</b></li>
<li>Geburtstag: 15. Oktober 1972</li>
<li>Geburtsort: Rijeka</li>
<li>Geburtsland: Kroatien</li>
<li>Nationalität: Kroate<a href="/Datei:Flag_of_Croatia.svg" class="image" title="Kroate"><img alt="Kroate" src="/images/thumb/1/1b/Flag_of_Croatia.svg/langde-20px-Flag_of_Croatia.svg.png%3Futm_source%3Dcommons.wikimedia.org%26utm_campaign%3Dimageinfo%26utm_content%3Dthumbnail" decoding="async" width="20" height="10" srcset="/images/thumb/1/1b/Flag_of_Croatia.svg/langde-40px-Flag_of_Croatia.svg.png%3Futm_source%3Dcommons.wikimedia.org%26utm_campaign%3Dimageinfo%26utm_content%3Dthumbnail 1.5x" /></a></li>
<li>Größe: 182 cm</li>
<li>starker Fuß:rechts</li>
<li>Position: Verteidiger</li>
</ul>
<h2><span class="mw-headline" id="Stationen">Stationen</span><a href="/index.php?title=Damir_Milinovic&amp;action=edit&amp;section=1" title="Abschnitt bearbeiten: Stationen">Bearbeiten</a><span class="mw-editsection-bracket">]</span></span></h2>
<ul>
<li>SV Wüstenrot Salzburg (2004 -2005)</li>
</ul>
<h2><span class="mw-headline" id="als_Trainer">als Trainer</span><a href="/index.php?title=Damir_Milinovic&amp;action=edit&amp;section=2" title="Abschnitt bearbeiten: als Trainer">Bearbeiten</a><span class="mw-editsection-bracket">]</span></span></h2>
<ul>
<li>NK Gorica</li>
</ul>
</div>

<p>Name: Damir Milinovic Geburtstag: 15. Oktober 1972 Geburtsort: Rijeka Geburtsland: Kroatien Nationalität: Kroate Größe: 182 cm starker Fuß:rechts Position: Verteidiger StationenBearbeiten] SV Wüstenrot Salzburg (2004 -2005) als TrainerBearbeiten] NK Gorica</p>
