{"id":3549,"date":"2026-05-06T15:18:34","date_gmt":"2026-05-06T13:18:34","guid":{"rendered":"https:\/\/wiki.s12.at\/index.php\/club-bruegge-gegen-fc-salzburg-2025\/"},"modified":"2026-05-06T15:18:34","modified_gmt":"2026-05-06T13:18:34","slug":"club-bruegge-gegen-fc-salzburg-2025","status":"publish","type":"page","link":"https:\/\/wiki.s12.at\/index.php\/club-bruegge-gegen-fc-salzburg-2025\/","title":{"rendered":"Club Br\u00fcgge gegen FC Salzburg (2025)"},"content":{"rendered":"<div class=\"mw-parser-output\">\n<table class=\"toptextcells toccolours\">\n<tbody>\n<tr>\n<th colspan=\"2\" style=\"text-align: center; vertical-align: top; padding: 0.3em 0.8em; font-size: 125%; background-color: lightsteelblue;\">Club Br\u00fcgge gegen FC Salzburg, 3:2\n<\/th>\n<\/tr>\n<tr>\n<th style=\"text-align:left;\"><b>Spieltag<\/b>\n<\/th>\n<th style=\"text-align:left;\">Championsleague-Qualifikation, 3. Runde-R\u00fcckspiel\n<\/th>\n<\/tr>\n<tr>\n<th style=\"text-align:left;\"><b>Datum<\/b>\n<\/th>\n<th style=\"text-align:left;\">12. August 2025\n<\/th>\n<\/tr>\n<tr>\n<th style=\"text-align:left;\"><b>Anpfiff<\/b>\n<\/th>\n<th style=\"text-align:left;\">19.30 Uhr\n<\/th>\n<\/tr>\n<tr>\n<td colspan=\"2\" style=\"text-align:center;\" bgcolor=\"lightgray\"><b>Aufstellung<\/b>\n<\/td>\n<\/tr>\n<tr>\n<th style=\"text-align:left;\"><b>Tor<\/b>\n<\/th>\n<th><a href=\"\/Alexander_Schlager\" title=\"Alexander Schlager\">Alexander Schlager<\/a>\n<\/th>\n<\/tr>\n<tr>\n<th style=\"text-align:left;\"><b>Verteidigung<\/b>\n<\/th>\n<th><a href=\"\/Stefan_Lainer\" title=\"Stefan Lainer\">Stefan Lainer<\/a> &#8211;  <a href=\"\/Joane_Gadou\" title=\"Joane Gadou\">Joane Gadou <\/a> &#8211;  <a href=\"\/Jacob_Rasmussen\" title=\"Jacob Rasmussen\">Jacob Rasmussen<\/a>&#8211; <a href=\"\/Aleksa_Terzic\" title=\"Aleksa Terzic\">Aleksa Terzic<\/a>\n<\/th>\n<\/tr>\n<tr>\n<th style=\"text-align:left;\"><b>Mittelfeld<\/b>\n<\/th>\n<th><a href=\"\/Mads_Bidstrup\" title=\"Mads Bidstrup\">Mads Bidstrup <\/a> \u2013 <a href=\"\/Soumaila_Diabate\" title=\"Soumaila Diabate\">Soumaila Diabate<\/a> <a href=\"\/Maurits_Kjaergaard\" title=\"Maurits Kjaergaard\">Maurits Kjaergaard<\/a>&#8211;   <a href=\"\/Dorgeles_Nene\" class=\"mw-redirect\" title=\"Dorgeles Nene\">Dorgeles Nene<\/a>\n<\/th>\n<\/tr>\n<tr>\n<th style=\"text-align:left;\"><b>Sturm<\/b>\n<\/th>\n<th><a href=\"\/Yorbe_Vertessen\" title=\"Yorbe Vertessen\">Yorbe Vertessen<\/a> &#8211; <a href=\"\/Edmund_Baidoo\" title=\"Edmund Baidoo\">Edmund Baidoo <\/a>\n<\/th>\n<\/tr>\n<tr>\n<td colspan=\"2\" style=\"text-align:center;\" bgcolor=\"lightgray\"><b>Wechsel<\/b>\n<\/td>\n<\/tr>\n<tr>\n<th style=\"text-align:left;\"><b>Wechsel<\/b>\n<\/th>\n<th style=\"text-align:left;\"><a href=\"\/Petar_Ratkov\" title=\"Petar Ratkov\">Petar Ratkov<\/a> f\u00fcr Baidoo (64.), <a href=\"\/Kerim_Alajbegovic\" title=\"Kerim Alajbegovic\">Kerim Alajbegovic<\/a> f\u00fcr Kjaergaard (82.), <a href=\"\/Adam_Daghim\" title=\"Adam Daghim\">Adam Daghim<\/a> f\u00fcr Vertessen (82.), <br \/> <a href=\"\/Jannik_Schuster\" title=\"Jannik Schuster\">Jannik Schuster<\/a> f\u00fcr Diabate (91.)\n<\/th>\n<\/tr>\n<tr>\n<td colspan=\"2\" style=\"text-align:center;\" bgcolor=\"lightgray\"><b>Statistik<\/b>\n<\/td>\n<\/tr>\n<tr>\n<th style=\"text-align:left;\"><b>Endstand<\/b>\n<\/th>\n<th style=\"text-align:left;\">3:2 (0:2)\n<\/th>\n<\/tr>\n<tr>\n<th style=\"text-align:left;\"><b>Torsch\u00fctzen<\/b>\n<\/th>\n<th style=\"text-align:left;\">Seys (61.), Forbs (83.), Vanaken (94.); Rasmussen (18.), Baidoo (43.)\n<\/th>\n<\/tr>\n<tr>\n<th style=\"text-align:left;\"><b>Gelbe Karten<\/b>\n<\/th>\n<th style=\"text-align:left;\">Spileers  (81.)\n<\/th>\n<\/tr>\n<tr>\n<th style=\"text-align:left;\"><b>Rote Karten<\/b>\n<\/th>\n<th style=\"text-align:left;\">\n<\/th>\n<\/tr>\n<tr>\n<th style=\"text-align:left;\"><b>Schiedsrichter<\/b>\n<\/th>\n<th style=\"text-align:left;\">Irfan Peljto (BIH)\n<\/th>\n<\/tr>\n<tr>\n<th style=\"text-align:left;\"><b>Stadion<\/b>\n<\/th>\n<th style=\"text-align:left;\">Jan Breydel-Stadion, Br\u00fcgge\n<\/th>\n<\/tr>\n<tr>\n<th style=\"text-align:left;\"><b>Zuschauer<\/b>\n<\/th>\n<th style=\"text-align:left;\">\n<\/th>\n<\/tr>\n<\/tbody>\n<\/table>\n<h2><span class=\"mw-headline\" id=\"Spielbericht\">Spielbericht<\/span><a href=\"\/index.php?title=Club_Br%C3%BCgge_gegen_FC_Salzburg_(2025)&amp;action=edit&amp;section=1\" title=\"Abschnitt bearbeiten: Spielbericht\">Bearbeiten<\/a><span class=\"mw-editsection-bracket\">]<\/span><\/span><\/h2>\n<p><a rel=\"nofollow\" class=\"external text\" href=\"https:\/\/www.redbullsalzburg.at\/de\/2025-2026\/spielplan\/champions-league-cl-q3-club-brugge-vs-fc-salzburg\">Spielbericht Vereinshomepage<\/a>\n<\/p>\n<h2><span class=\"mw-headline\" id=\"Stimmen_zum_Spiel\">Stimmen zum Spiel<\/span><a href=\"\/index.php?title=Club_Br%C3%BCgge_gegen_FC_Salzburg_(2025)&amp;action=edit&amp;section=2\" title=\"Abschnitt bearbeiten: Stimmen zum Spiel\">Bearbeiten<\/a><span class=\"mw-editsection-bracket\">]<\/span><\/span><\/h2>\n<p><b>Thomas Letsch:<\/b><br \/>\nEs ist bitter. Ehrlicherweise hatte der Gegner gute M\u00f6glichkeiten, wir das Qu\u00e4ntchen Gl\u00fcck, Alex hat sehr gut gehalten \u2013 aber wenn man schon in F\u00fchrung ist, dann tut es weh, dass wir es nicht geschafft haben. Nach 80 Minuten stellt sich alles auf die Verl\u00e4ngerung ein, aber dann fangen wir uns das unn\u00f6tige Tor. Heute tut\u2019s weh, heute haben wir eine abgekriegt \u2013 doch das wirft uns nicht um.\n<\/p>\n<p><b>Alexander Schlager:<\/b>  Am Ende des Tages ist es leider verdient, dass wir nicht aufsteigen \u2013 Brugge war \u00fcber beide Spiele hinweg die bessere Mannschaft. Wir haben gewusst, mit welcher Energie sie zu Hause auftreten. F\u00fcr uns muss phasenweise alles perfekt laufen, um gegen einen solchen Gegner mithalten zu k\u00f6nnen. Es ist bitter, gleichzeitig freuen wir uns aber auf die Europa League \u2013 vielleicht ist das f\u00fcr unsere Entwicklung die bessere Stufe aktuell. Das Leben geht weiter!\n<\/p>\n<\/div>\n","protected":false},"excerpt":{"rendered":"<p>Club Br\u00fcgge gegen FC Salzburg, 3:2 Spieltag Championsleague-Qualifikation, 3. Runde-R\u00fcckspiel Datum 12. August 2025 Anpfiff 19.30 Uhr Aufstellung Tor Alexander Schlager Verteidigung Stefan Lainer &#8211; Joane Gadou &#8211; Jacob Rasmussen&#8211; Aleksa Terzic Mittelfeld Mads Bidstrup \u2013 Soumaila Diabate Maurits Kjaergaard&#8211; Dorgeles Nene Sturm Yorbe Vertessen &#8211; Edmund Baidoo Wechsel Wechsel Petar Ratkov f\u00fcr Baidoo (64.), [&hellip;]<\/p>\n","protected":false},"author":1,"featured_media":0,"parent":0,"menu_order":0,"comment_status":"closed","ping_status":"closed","template":"","meta":{"footnotes":""},"class_list":["post-3549","page","type-page","status-publish","hentry"],"_links":{"self":[{"href":"https:\/\/wiki.s12.at\/index.php\/wp-json\/wp\/v2\/pages\/3549","targetHints":{"allow":["GET"]}}],"collection":[{"href":"https:\/\/wiki.s12.at\/index.php\/wp-json\/wp\/v2\/pages"}],"about":[{"href":"https:\/\/wiki.s12.at\/index.php\/wp-json\/wp\/v2\/types\/page"}],"author":[{"embeddable":true,"href":"https:\/\/wiki.s12.at\/index.php\/wp-json\/wp\/v2\/users\/1"}],"replies":[{"embeddable":true,"href":"https:\/\/wiki.s12.at\/index.php\/wp-json\/wp\/v2\/comments?post=3549"}],"version-history":[{"count":0,"href":"https:\/\/wiki.s12.at\/index.php\/wp-json\/wp\/v2\/pages\/3549\/revisions"}],"wp:attachment":[{"href":"https:\/\/wiki.s12.at\/index.php\/wp-json\/wp\/v2\/media?parent=3549"}],"curies":[{"name":"wp","href":"https:\/\/api.w.org\/{rel}","templated":true}]}}

Club Brügge gegen FC Salzburg (2025)

<div class="mw-parser-output">
<table class="toptextcells toccolours">
<tbody>
<tr>
<th colspan="2" style="text-align: center; vertical-align: top; padding: 0.3em 0.8em; font-size: 125%; background-color: lightsteelblue;">Club Brügge gegen FC Salzburg, 3:2
</th>
</tr>
<tr>
<th style="text-align:left;"><b>Spieltag</b>
</th>
<th style="text-align:left;">Championsleague-Qualifikation, 3. Runde-Rückspiel
</th>
</tr>
<tr>
<th style="text-align:left;"><b>Datum</b>
</th>
<th style="text-align:left;">12. August 2025
</th>
</tr>
<tr>
<th style="text-align:left;"><b>Anpfiff</b>
</th>
<th style="text-align:left;">19.30 Uhr
</th>
</tr>
<tr>
<td colspan="2" style="text-align:center;" bgcolor="lightgray"><b>Aufstellung</b>
</td>
</tr>
<tr>
<th style="text-align:left;"><b>Tor</b>
</th>
<th><a href="/Alexander_Schlager" title="Alexander Schlager">Alexander Schlager</a>
</th>
</tr>
<tr>
<th style="text-align:left;"><b>Verteidigung</b>
</th>
<th><a href="/Stefan_Lainer" title="Stefan Lainer">Stefan Lainer</a> &#8211;  <a href="/Joane_Gadou" title="Joane Gadou">Joane Gadou </a> &#8211;  <a href="/Jacob_Rasmussen" title="Jacob Rasmussen">Jacob Rasmussen</a>&#8211; <a href="/Aleksa_Terzic" title="Aleksa Terzic">Aleksa Terzic</a>
</th>
</tr>
<tr>
<th style="text-align:left;"><b>Mittelfeld</b>
</th>
<th><a href="/Mads_Bidstrup" title="Mads Bidstrup">Mads Bidstrup </a> – <a href="/Soumaila_Diabate" title="Soumaila Diabate">Soumaila Diabate</a> <a href="/Maurits_Kjaergaard" title="Maurits Kjaergaard">Maurits Kjaergaard</a>&#8211;   <a href="/Dorgeles_Nene" class="mw-redirect" title="Dorgeles Nene">Dorgeles Nene</a>
</th>
</tr>
<tr>
<th style="text-align:left;"><b>Sturm</b>
</th>
<th><a href="/Yorbe_Vertessen" title="Yorbe Vertessen">Yorbe Vertessen</a> &#8211; <a href="/Edmund_Baidoo" title="Edmund Baidoo">Edmund Baidoo </a>
</th>
</tr>
<tr>
<td colspan="2" style="text-align:center;" bgcolor="lightgray"><b>Wechsel</b>
</td>
</tr>
<tr>
<th style="text-align:left;"><b>Wechsel</b>
</th>
<th style="text-align:left;"><a href="/Petar_Ratkov" title="Petar Ratkov">Petar Ratkov</a> für Baidoo (64.), <a href="/Kerim_Alajbegovic" title="Kerim Alajbegovic">Kerim Alajbegovic</a> für Kjaergaard (82.), <a href="/Adam_Daghim" title="Adam Daghim">Adam Daghim</a> für Vertessen (82.), <br /> <a href="/Jannik_Schuster" title="Jannik Schuster">Jannik Schuster</a> für Diabate (91.)
</th>
</tr>
<tr>
<td colspan="2" style="text-align:center;" bgcolor="lightgray"><b>Statistik</b>
</td>
</tr>
<tr>
<th style="text-align:left;"><b>Endstand</b>
</th>
<th style="text-align:left;">3:2 (0:2)
</th>
</tr>
<tr>
<th style="text-align:left;"><b>Torschützen</b>
</th>
<th style="text-align:left;">Seys (61.), Forbs (83.), Vanaken (94.); Rasmussen (18.), Baidoo (43.)
</th>
</tr>
<tr>
<th style="text-align:left;"><b>Gelbe Karten</b>
</th>
<th style="text-align:left;">Spileers  (81.)
</th>
</tr>
<tr>
<th style="text-align:left;"><b>Rote Karten</b>
</th>
<th style="text-align:left;">
</th>
</tr>
<tr>
<th style="text-align:left;"><b>Schiedsrichter</b>
</th>
<th style="text-align:left;">Irfan Peljto (BIH)
</th>
</tr>
<tr>
<th style="text-align:left;"><b>Stadion</b>
</th>
<th style="text-align:left;">Jan Breydel-Stadion, Brügge
</th>
</tr>
<tr>
<th style="text-align:left;"><b>Zuschauer</b>
</th>
<th style="text-align:left;">
</th>
</tr>
</tbody>
</table>
<h2><span class="mw-headline" id="Spielbericht">Spielbericht</span><a href="/index.php?title=Club_Br%C3%BCgge_gegen_FC_Salzburg_(2025)&amp;action=edit&amp;section=1" title="Abschnitt bearbeiten: Spielbericht">Bearbeiten</a><span class="mw-editsection-bracket">]</span></span></h2>
<p><a rel="nofollow" class="external text" href="https://www.redbullsalzburg.at/de/2025-2026/spielplan/champions-league-cl-q3-club-brugge-vs-fc-salzburg">Spielbericht Vereinshomepage</a>
</p>
<h2><span class="mw-headline" id="Stimmen_zum_Spiel">Stimmen zum Spiel</span><a href="/index.php?title=Club_Br%C3%BCgge_gegen_FC_Salzburg_(2025)&amp;action=edit&amp;section=2" title="Abschnitt bearbeiten: Stimmen zum Spiel">Bearbeiten</a><span class="mw-editsection-bracket">]</span></span></h2>
<p><b>Thomas Letsch:</b><br />
Es ist bitter. Ehrlicherweise hatte der Gegner gute Möglichkeiten, wir das Quäntchen Glück, Alex hat sehr gut gehalten – aber wenn man schon in Führung ist, dann tut es weh, dass wir es nicht geschafft haben. Nach 80 Minuten stellt sich alles auf die Verlängerung ein, aber dann fangen wir uns das unnötige Tor. Heute tut’s weh, heute haben wir eine abgekriegt – doch das wirft uns nicht um.
</p>
<p><b>Alexander Schlager:</b>  Am Ende des Tages ist es leider verdient, dass wir nicht aufsteigen – Brugge war über beide Spiele hinweg die bessere Mannschaft. Wir haben gewusst, mit welcher Energie sie zu Hause auftreten. Für uns muss phasenweise alles perfekt laufen, um gegen einen solchen Gegner mithalten zu können. Es ist bitter, gleichzeitig freuen wir uns aber auf die Europa League – vielleicht ist das für unsere Entwicklung die bessere Stufe aktuell. Das Leben geht weiter!
</p>
</div>

<p>Club Brügge gegen FC Salzburg, 3:2 Spieltag Championsleague-Qualifikation, 3. Runde-Rückspiel Datum 12. August 2025 Anpfiff 19.30 Uhr Aufstellung Tor Alexander Schlager Verteidigung Stefan Lainer &#8211; Joane Gadou &#8211; Jacob Rasmussen&#8211; Aleksa Terzic Mittelfeld Mads Bidstrup – Soumaila Diabate Maurits Kjaergaard&#8211; Dorgeles Nene Sturm Yorbe Vertessen &#8211; Edmund Baidoo Wechsel Wechsel Petar Ratkov für Baidoo (64.), [&hellip;]</p>
