{"id":3546,"date":"2026-05-06T15:18:16","date_gmt":"2026-05-06T13:18:16","guid":{"rendered":"https:\/\/wiki.s12.at\/index.php\/clement-bischoff\/"},"modified":"2026-05-06T15:18:16","modified_gmt":"2026-05-06T13:18:16","slug":"clement-bischoff","status":"publish","type":"page","link":"https:\/\/wiki.s12.at\/index.php\/clement-bischoff\/","title":{"rendered":"Clement Bischoff"},"content":{"rendered":"<div class=\"mw-parser-output\">\n<div class=\"thumb tright\">\n<div class=\"thumbinner\" style=\"width:302px;\"><a href=\"\/Datei:FC_RB_Salzburg_gegen_SK_Sturm_Graz_(2025-09-20_Bundesliga_Runde_sieben)_26.jpg\" class=\"image\"><img fetchpriority=\"high\" alt=\"FC RB Salzburg gegen SK Sturm Graz (2025-09-20 Bundesliga Runde sieben) 26.jpg\" src=\"\/images\/thumb\/8\/81\/FC_RB_Salzburg_gegen_SK_Sturm_Graz_%282025-09-20_Bundesliga_Runde_sieben%29_26.jpg\/330px-FC_RB_Salzburg_gegen_SK_Sturm_Graz_%282025-09-20_Bundesliga_Runde_sieben%29_26.jpg%3Futm_source%3Dcommons.wikimedia.org%26utm_campaign%3Dimageinfo%26utm_content%3Dthumbnail\" decoding=\"async\" width=\"300\" height=\"410\" class=\"thumbimage\" srcset=\"\/images\/thumb\/8\/81\/FC_RB_Salzburg_gegen_SK_Sturm_Graz_%282025-09-20_Bundesliga_Runde_sieben%29_26.jpg\/500px-FC_RB_Salzburg_gegen_SK_Sturm_Graz_%282025-09-20_Bundesliga_Runde_sieben%29_26.jpg%3Futm_source%3Dcommons.wikimedia.org%26utm_campaign%3Dimageinfo%26utm_content%3Dthumbnail 1.5x, \/images\/thumb\/8\/81\/FC_RB_Salzburg_gegen_SK_Sturm_Graz_%282025-09-20_Bundesliga_Runde_sieben%29_26.jpg\/960px-FC_RB_Salzburg_gegen_SK_Sturm_Graz_%282025-09-20_Bundesliga_Runde_sieben%29_26.jpg%3Futm_source%3Dcommons.wikimedia.org%26utm_campaign%3Dimageinfo%26utm_content%3Dthumbnail 2x\" \/><\/a>  <\/p>\n<div class=\"thumbcaption\">\n<div class=\"magnify\"><a href=\"\/Datei:FC_RB_Salzburg_gegen_SK_Sturm_Graz_(2025-09-20_Bundesliga_Runde_sieben)_26.jpg\" class=\"internal\" title=\"vergr\u00f6\u00dfern\"><\/a><\/div>\n<\/div>\n<\/div>\n<\/div>\n<ul>\n<li>Name: <b>Clement Bischoff<\/b><\/li>\n<li>Geburtstag: 16. Dezember 2005<\/li>\n<li>Geburtsort:  K\u00f8benhavn<\/li>\n<li>Geburtsland: D\u00e4nemark<\/li>\n<li>Gr\u00f6\u00dfe: 180 cm<\/li>\n<li>Position: St\u00fcrmer<\/li>\n<li>Nationalspieler: D\u00e4nemark U19, U20, U21<\/li>\n<\/ul>\n<h2><span class=\"mw-headline\" id=\"Stationen\">Stationen<\/span><a href=\"\/index.php?title=Clement_Bischoff&amp;action=edit&amp;section=1\" title=\"Abschnitt bearbeiten: Stationen\">Bearbeiten<\/a><span class=\"mw-editsection-bracket\">]<\/span><\/span><\/h2>\n<ul>\n<li>AC Amager Jugend<\/li>\n<li>Br\u00f6ndby IF U17, U19<\/li>\n<li>Br\u00f6ndby IF<\/li>\n<li>FC Red Bull Salzburg (2025- )<\/li>\n<\/ul>\n<\/div>\n","protected":false},"excerpt":{"rendered":"<p>Name: Clement Bischoff Geburtstag: 16. Dezember 2005 Geburtsort: K\u00f8benhavn Geburtsland: D\u00e4nemark Gr\u00f6\u00dfe: 180 cm Position: St\u00fcrmer Nationalspieler: D\u00e4nemark U19, U20, U21 StationenBearbeiten] AC Amager Jugend Br\u00f6ndby IF U17, U19 Br\u00f6ndby IF FC Red Bull Salzburg (2025- )<\/p>\n","protected":false},"author":1,"featured_media":0,"parent":0,"menu_order":0,"comment_status":"closed","ping_status":"closed","template":"","meta":{"footnotes":""},"class_list":["post-3546","page","type-page","status-publish","hentry"],"_links":{"self":[{"href":"https:\/\/wiki.s12.at\/index.php\/wp-json\/wp\/v2\/pages\/3546","targetHints":{"allow":["GET"]}}],"collection":[{"href":"https:\/\/wiki.s12.at\/index.php\/wp-json\/wp\/v2\/pages"}],"about":[{"href":"https:\/\/wiki.s12.at\/index.php\/wp-json\/wp\/v2\/types\/page"}],"author":[{"embeddable":true,"href":"https:\/\/wiki.s12.at\/index.php\/wp-json\/wp\/v2\/users\/1"}],"replies":[{"embeddable":true,"href":"https:\/\/wiki.s12.at\/index.php\/wp-json\/wp\/v2\/comments?post=3546"}],"version-history":[{"count":0,"href":"https:\/\/wiki.s12.at\/index.php\/wp-json\/wp\/v2\/pages\/3546\/revisions"}],"wp:attachment":[{"href":"https:\/\/wiki.s12.at\/index.php\/wp-json\/wp\/v2\/media?parent=3546"}],"curies":[{"name":"wp","href":"https:\/\/api.w.org\/{rel}","templated":true}]}}

<div class="mw-parser-output">
<div class="thumb tright">
<div class="thumbinner" style="width:302px;"><a href="/Datei:FC_RB_Salzburg_gegen_SK_Sturm_Graz_(2025-09-20_Bundesliga_Runde_sieben)_26.jpg" class="image"><img fetchpriority="high" alt="FC RB Salzburg gegen SK Sturm Graz (2025-09-20 Bundesliga Runde sieben) 26.jpg" src="/images/thumb/8/81/FC_RB_Salzburg_gegen_SK_Sturm_Graz_%282025-09-20_Bundesliga_Runde_sieben%29_26.jpg/330px-FC_RB_Salzburg_gegen_SK_Sturm_Graz_%282025-09-20_Bundesliga_Runde_sieben%29_26.jpg%3Futm_source%3Dcommons.wikimedia.org%26utm_campaign%3Dimageinfo%26utm_content%3Dthumbnail" decoding="async" width="300" height="410" class="thumbimage" srcset="/images/thumb/8/81/FC_RB_Salzburg_gegen_SK_Sturm_Graz_%282025-09-20_Bundesliga_Runde_sieben%29_26.jpg/500px-FC_RB_Salzburg_gegen_SK_Sturm_Graz_%282025-09-20_Bundesliga_Runde_sieben%29_26.jpg%3Futm_source%3Dcommons.wikimedia.org%26utm_campaign%3Dimageinfo%26utm_content%3Dthumbnail 1.5x, /images/thumb/8/81/FC_RB_Salzburg_gegen_SK_Sturm_Graz_%282025-09-20_Bundesliga_Runde_sieben%29_26.jpg/960px-FC_RB_Salzburg_gegen_SK_Sturm_Graz_%282025-09-20_Bundesliga_Runde_sieben%29_26.jpg%3Futm_source%3Dcommons.wikimedia.org%26utm_campaign%3Dimageinfo%26utm_content%3Dthumbnail 2x" /></a>  </p>
<div class="thumbcaption">
<div class="magnify"><a href="/Datei:FC_RB_Salzburg_gegen_SK_Sturm_Graz_(2025-09-20_Bundesliga_Runde_sieben)_26.jpg" class="internal" title="vergrößern"></a></div>
</div>
</div>
</div>
<ul>
<li>Name: <b>Clement Bischoff</b></li>
<li>Geburtstag: 16. Dezember 2005</li>
<li>Geburtsort:  København</li>
<li>Geburtsland: Dänemark</li>
<li>Größe: 180 cm</li>
<li>Position: Stürmer</li>
<li>Nationalspieler: Dänemark U19, U20, U21</li>
</ul>
<h2><span class="mw-headline" id="Stationen">Stationen</span><a href="/index.php?title=Clement_Bischoff&amp;action=edit&amp;section=1" title="Abschnitt bearbeiten: Stationen">Bearbeiten</a><span class="mw-editsection-bracket">]</span></span></h2>
<ul>
<li>AC Amager Jugend</li>
<li>Bröndby IF U17, U19</li>
<li>Bröndby IF</li>
<li>FC Red Bull Salzburg (2025- )</li>
</ul>
</div>

<p>Name: Clement Bischoff Geburtstag: 16. Dezember 2005 Geburtsort: København Geburtsland: Dänemark Größe: 180 cm Position: Stürmer Nationalspieler: Dänemark U19, U20, U21 StationenBearbeiten] AC Amager Jugend Bröndby IF U17, U19 Bröndby IF FC Red Bull Salzburg (2025- )</p>
