{"id":3514,"date":"2026-05-06T15:17:21","date_gmt":"2026-05-06T13:17:21","guid":{"rendered":"https:\/\/wiki.s12.at\/index.php\/christian-kircher\/"},"modified":"2026-05-06T15:17:21","modified_gmt":"2026-05-06T13:17:21","slug":"christian-kircher","status":"publish","type":"page","link":"https:\/\/wiki.s12.at\/index.php\/christian-kircher\/","title":{"rendered":"Christian Kircher"},"content":{"rendered":"<div class=\"mw-parser-output\">\n<div class=\"thumb tright\">\n<div class=\"thumbinner\" style=\"width:302px;\"><a href=\"\/Datei:SV_Gr%C3%B6dig_gegen_FC_Red_Bull_Salzburg_Mai_2015_48.JPG\" class=\"image\"><img fetchpriority=\"high\" alt=\"SV Gr\u00f6dig gegen FC Red Bull Salzburg Mai 2015 48.JPG\" src=\"\/images\/thumb\/5\/5a\/SV_Gr%C3%B6dig_gegen_FC_Red_Bull_Salzburg_Mai_2015_48.JPG\/330px-SV_Gr%C3%B6dig_gegen_FC_Red_Bull_Salzburg_Mai_2015_48.JPG%3Futm_source%3Dcommons.wikimedia.org%26utm_campaign%3Dimageinfo%26utm_content%3Dthumbnail\" decoding=\"async\" width=\"300\" height=\"199\" class=\"thumbimage\" srcset=\"\/images\/thumb\/5\/5a\/SV_Gr%C3%B6dig_gegen_FC_Red_Bull_Salzburg_Mai_2015_48.JPG\/500px-SV_Gr%C3%B6dig_gegen_FC_Red_Bull_Salzburg_Mai_2015_48.JPG%3Futm_source%3Dcommons.wikimedia.org%26utm_campaign%3Dimageinfo%26utm_content%3Dthumbnail 1.5x, \/images\/thumb\/5\/5a\/SV_Gr%C3%B6dig_gegen_FC_Red_Bull_Salzburg_Mai_2015_48.JPG\/960px-SV_Gr%C3%B6dig_gegen_FC_Red_Bull_Salzburg_Mai_2015_48.JPG%3Futm_source%3Dcommons.wikimedia.org%26utm_campaign%3Dimageinfo%26utm_content%3Dthumbnail 2x\" \/><\/a>  <\/p>\n<div class=\"thumbcaption\">\n<div class=\"magnify\"><a href=\"\/Datei:SV_Gr%C3%B6dig_gegen_FC_Red_Bull_Salzburg_Mai_2015_48.JPG\" class=\"internal\" title=\"vergr\u00f6\u00dfern\"><\/a><\/div>\n<\/div>\n<\/div>\n<\/div>\n<p><b>Christian Kircher<\/b> (*19. August 1967) ist ein ehemaliger \u00f6sterreichischer Fu\u00dfballspieler (u. a. f\u00fcr den FC K\u00e4rnten und Sturm Graz) Nach dem Ende seiner Karriere arbeitete er als Journalist f\u00fcr den Kurier und als Pressesprecher der Bundesliga. 2012 wurde er als Nachfolger von <a href=\"\/Thomas_Blazek\" title=\"Thomas Blazek\">Thomas Blazek<\/a> Pressesprecher des FC Red Bull Salzburg.<\/p>\n<\/div>\n","protected":false},"excerpt":{"rendered":"<p>Christian Kircher (*19. August 1967) ist ein ehemaliger \u00f6sterreichischer Fu\u00dfballspieler (u. a. f\u00fcr den FC K\u00e4rnten und Sturm Graz) Nach dem Ende seiner Karriere arbeitete er als Journalist f\u00fcr den Kurier und als Pressesprecher der Bundesliga. 2012 wurde er als Nachfolger von Thomas Blazek Pressesprecher des FC Red Bull Salzburg.<\/p>\n","protected":false},"author":1,"featured_media":0,"parent":0,"menu_order":0,"comment_status":"closed","ping_status":"closed","template":"","meta":{"footnotes":""},"class_list":["post-3514","page","type-page","status-publish","hentry"],"_links":{"self":[{"href":"https:\/\/wiki.s12.at\/index.php\/wp-json\/wp\/v2\/pages\/3514","targetHints":{"allow":["GET"]}}],"collection":[{"href":"https:\/\/wiki.s12.at\/index.php\/wp-json\/wp\/v2\/pages"}],"about":[{"href":"https:\/\/wiki.s12.at\/index.php\/wp-json\/wp\/v2\/types\/page"}],"author":[{"embeddable":true,"href":"https:\/\/wiki.s12.at\/index.php\/wp-json\/wp\/v2\/users\/1"}],"replies":[{"embeddable":true,"href":"https:\/\/wiki.s12.at\/index.php\/wp-json\/wp\/v2\/comments?post=3514"}],"version-history":[{"count":0,"href":"https:\/\/wiki.s12.at\/index.php\/wp-json\/wp\/v2\/pages\/3514\/revisions"}],"wp:attachment":[{"href":"https:\/\/wiki.s12.at\/index.php\/wp-json\/wp\/v2\/media?parent=3514"}],"curies":[{"name":"wp","href":"https:\/\/api.w.org\/{rel}","templated":true}]}}

<div class="mw-parser-output">
<div class="thumb tright">
<div class="thumbinner" style="width:302px;"><a href="/Datei:SV_Gr%C3%B6dig_gegen_FC_Red_Bull_Salzburg_Mai_2015_48.JPG" class="image"><img fetchpriority="high" alt="SV Grödig gegen FC Red Bull Salzburg Mai 2015 48.JPG" src="/images/thumb/5/5a/SV_Gr%C3%B6dig_gegen_FC_Red_Bull_Salzburg_Mai_2015_48.JPG/330px-SV_Gr%C3%B6dig_gegen_FC_Red_Bull_Salzburg_Mai_2015_48.JPG%3Futm_source%3Dcommons.wikimedia.org%26utm_campaign%3Dimageinfo%26utm_content%3Dthumbnail" decoding="async" width="300" height="199" class="thumbimage" srcset="/images/thumb/5/5a/SV_Gr%C3%B6dig_gegen_FC_Red_Bull_Salzburg_Mai_2015_48.JPG/500px-SV_Gr%C3%B6dig_gegen_FC_Red_Bull_Salzburg_Mai_2015_48.JPG%3Futm_source%3Dcommons.wikimedia.org%26utm_campaign%3Dimageinfo%26utm_content%3Dthumbnail 1.5x, /images/thumb/5/5a/SV_Gr%C3%B6dig_gegen_FC_Red_Bull_Salzburg_Mai_2015_48.JPG/960px-SV_Gr%C3%B6dig_gegen_FC_Red_Bull_Salzburg_Mai_2015_48.JPG%3Futm_source%3Dcommons.wikimedia.org%26utm_campaign%3Dimageinfo%26utm_content%3Dthumbnail 2x" /></a>  </p>
<div class="thumbcaption">
<div class="magnify"><a href="/Datei:SV_Gr%C3%B6dig_gegen_FC_Red_Bull_Salzburg_Mai_2015_48.JPG" class="internal" title="vergrößern"></a></div>
</div>
</div>
</div>
<p><b>Christian Kircher</b> (*19. August 1967) ist ein ehemaliger österreichischer Fußballspieler (u. a. für den FC Kärnten und Sturm Graz) Nach dem Ende seiner Karriere arbeitete er als Journalist für den Kurier und als Pressesprecher der Bundesliga. 2012 wurde er als Nachfolger von <a href="/Thomas_Blazek" title="Thomas Blazek">Thomas Blazek</a> Pressesprecher des FC Red Bull Salzburg.</p>
</div>

<p>Christian Kircher (*19. August 1967) ist ein ehemaliger österreichischer Fußballspieler (u. a. für den FC Kärnten und Sturm Graz) Nach dem Ende seiner Karriere arbeitete er als Journalist für den Kurier und als Pressesprecher der Bundesliga. 2012 wurde er als Nachfolger von Thomas Blazek Pressesprecher des FC Red Bull Salzburg.</p>
