{"id":3493,"date":"2026-05-06T15:17:04","date_gmt":"2026-05-06T13:17:04","guid":{"rendered":"https:\/\/wiki.s12.at\/index.php\/celtic-glasgow-gegen-fc-salzburg\/"},"modified":"2026-05-06T15:17:04","modified_gmt":"2026-05-06T13:17:04","slug":"celtic-glasgow-gegen-fc-salzburg","status":"publish","type":"page","link":"https:\/\/wiki.s12.at\/index.php\/celtic-glasgow-gegen-fc-salzburg\/","title":{"rendered":"Celtic Glasgow gegen FC Salzburg"},"content":{"rendered":"<div class=\"mw-parser-output\">\n<h2><span class=\"mw-headline\" id=\"Fakten\">Fakten<\/span><a href=\"\/index.php?title=Celtic_Glasgow_gegen_FC_Salzburg&amp;action=edit&amp;section=1\" title=\"Abschnitt bearbeiten: Fakten\">Bearbeiten<\/a><span class=\"mw-editsection-bracket\">]<\/span><\/span><\/h2>\n<table class=\"toptextcells toccolours\">\n<tbody>\n<tr>\n<th colspan=\"2\" style=\"text-align: center; vertical-align: top; padding: 0.3em 0.8em; font-size: 125%; background-color: lightsteelblue;\">Celtic Glasgow gegen FC Red Bull Salzburg, 1:3\n<\/th>\n<\/tr>\n<tr>\n<th style=\"text-align:left;\"><b>Spieltag<\/b>\n<\/th>\n<th style=\"text-align:left;\">Uefa-Euroleague Gruppe D, 5. Runde\n<\/th>\n<\/tr>\n<tr>\n<th style=\"text-align:left;\"><b>Datum<\/b>\n<\/th>\n<th style=\"text-align:left;\">27. November 2014\n<\/th>\n<\/tr>\n<tr>\n<th style=\"text-align:left;\"><b>Anpfiff<\/b>\n<\/th>\n<th style=\"text-align:left;\">21.05 Uhr\n<\/th>\n<\/tr>\n<tr>\n<td colspan=\"2\" style=\"text-align:center;\" bgcolor=\"lightgray\"><b>Aufstellung<\/b>\n<\/td>\n<\/tr>\n<tr>\n<th style=\"text-align:left;\"><b>Tor<\/b>\n<\/th>\n<th><a href=\"\/Peter_Gulacsi\" class=\"mw-redirect\" title=\"Peter Gulacsi\">Peter Gulacsi<\/a>\n<\/th>\n<\/tr>\n<tr>\n<th style=\"text-align:left;\"><b>Verteidigung<\/b>\n<\/th>\n<th><a href=\"\/Benno_Schmitz\" title=\"Benno Schmitz\">Benno Schmitz<\/a> <a href=\"\/Andre_Ramalho\" class=\"mw-redirect\" title=\"Andre Ramalho\">Andre Ramalho<\/a> <a href=\"\/Martin_Hinteregger\" title=\"Martin Hinteregger\">Martin Hinteregger<\/a>  <a href=\"\/Peter_Ankersen\" title=\"Peter Ankersen\">Peter Ankersen<\/a>\n<\/th>\n<\/tr>\n<tr>\n<th style=\"text-align:left;\"><b>Mittelfeld<\/b>\n<\/th>\n<th><a href=\"\/Stefan_Ilsanker\" title=\"Stefan Ilsanker\">Stefan Ilsanker<\/a> <a href=\"\/Christoph_Leitgeb\" title=\"Christoph Leitgeb\">Christoph Leitgeb<\/a> <a href=\"\/Kevin_Kampl\" title=\"Kevin Kampl\">Kevin Kampl<\/a> <a href=\"\/Massimo_Bruno\" title=\"Massimo Bruno\">Massimo Bruno<\/a>\n<\/th>\n<\/tr>\n<tr>\n<th style=\"text-align:left;\"><b>Sturm<\/b>\n<\/th>\n<th><a href=\"\/Jonatan_Soriano\" title=\"Jonatan Soriano\">Jonatan Soriano<\/a> <a href=\"\/Alan\" title=\"Alan\">Alan<\/a>\n<\/th>\n<\/tr>\n<tr>\n<td colspan=\"2\" style=\"text-align:center;\" bgcolor=\"lightgray\"><b>Wechsel<\/b>\n<\/td>\n<\/tr>\n<tr>\n<th style=\"text-align:left;\"><b>Wechsel<\/b>\n<\/th>\n<th style=\"text-align:left;\"><a href=\"\/Naby_Keita\" title=\"Naby Keita\">Naby Keita<\/a> f\u00fcr Bruno (71.), <a href=\"\/Marcel_Sabitzer\" title=\"Marcel Sabitzer\">Marcel Sabitzer<\/a> f\u00fcr Soriano (74.), <a href=\"\/Christian_Schwegler\" title=\"Christian Schwegler\">Christian Schwegler<\/a> f\u00fcr Ankersen (80.)\n<\/th>\n<\/tr>\n<tr>\n<td colspan=\"2\" style=\"text-align:center;\" bgcolor=\"lightgray\"><b>Statistik<\/b>\n<\/td>\n<\/tr>\n<tr>\n<th style=\"text-align:left;\"><b>Endstand<\/b>\n<\/th>\n<th style=\"text-align:left;\">1:3 (0:1)\n<\/th>\n<\/tr>\n<tr>\n<th style=\"text-align:left;\"><b>Torsch\u00fctzen<\/b>\n<\/th>\n<th style=\"text-align:left;\">Johansen (30.); Alan (8., 13.), Keita (92.)\n<\/th>\n<\/tr>\n<tr>\n<th style=\"text-align:left;\"><b>Gelbe Karten<\/b>\n<\/th>\n<th style=\"text-align:left;\">\n<\/th>\n<\/tr>\n<tr>\n<th style=\"text-align:left;\"><b>Rote Karten<\/b>\n<\/th>\n<th style=\"text-align:left;\">\n<\/th>\n<\/tr>\n<tr>\n<th style=\"text-align:left;\"><b>Schiedsrichter<\/b>\n<\/th>\n<th style=\"text-align:left;\">Halis Ozkayha (T\u00fcrkei)\n<\/th>\n<\/tr>\n<tr>\n<th style=\"text-align:left;\"><b>Stadion<\/b>\n<\/th>\n<th style=\"text-align:left;\">Celtic Park, Glasgow\n<\/th>\n<\/tr>\n<tr>\n<th style=\"text-align:left;\"><b>Zuschauer<\/b>\n<\/th>\n<th style=\"text-align:left;\">32.414\n<\/th>\n<\/tr>\n<\/tbody>\n<\/table>\n<ul>\n<li><a href=\"\/Benno_Schmitz\" title=\"Benno Schmitz\">Benno Schmitz<\/a> feierte heute sein internationales Deb\u00fct f\u00fcr Salzburg.<\/li>\n<\/ul>\n<h2><span class=\"mw-headline\" id=\"Weblinks\">Weblinks<\/span><a href=\"\/index.php?title=Celtic_Glasgow_gegen_FC_Salzburg&amp;action=edit&amp;section=2\" title=\"Abschnitt bearbeiten: Weblinks\">Bearbeiten<\/a><span class=\"mw-editsection-bracket\">]<\/span><\/span><\/h2>\n<ul>\n<li><a rel=\"nofollow\" class=\"external text\" href=\"http:\/\/www.redbulls.com\/de\/fc-red-bull-salzburg\/news\/saison_2014_15\/rote-bullen-nach-historischem-erfolg-gruppensieger.html\">Spielbericht Vereinshomepage<\/a><\/li>\n<\/ul>\n<h2><span class=\"mw-headline\" id=\"Videos\">Videos<\/span><a href=\"\/index.php?title=Celtic_Glasgow_gegen_FC_Salzburg&amp;action=edit&amp;section=3\" title=\"Abschnitt bearbeiten: Videos\">Bearbeiten<\/a><span class=\"mw-editsection-bracket\">]<\/span><\/span><\/h2>\n<p>&lt;youtube&gt;G8t9tr2-nBI&lt;\/youtube&gt;\n<\/p>\n<h2><span class=\"mw-headline\" id=\"Stimmen_zum_Spiel\">Stimmen zum Spiel<\/span><a href=\"\/index.php?title=Celtic_Glasgow_gegen_FC_Salzburg&amp;action=edit&amp;section=4\" title=\"Abschnitt bearbeiten: Stimmen zum Spiel\">Bearbeiten<\/a><span class=\"mw-editsection-bracket\">]<\/span><\/span><\/h2>\n<p><b>Adi H\u00fctter<\/b>: &#8222;Wenn man als erste \u00f6sterreichische Mannschaft hier gewinnt, dazu auch noch den Gruppensieg holt, kann man einfach nur zufrieden sein. Ich habe die Atmosph\u00e4re genossen, das war schon sehr beeindruckend. Wir waren uns nach dem schnellen 2:0 vielleicht etwas zu sicher, da hat uns Celtic mit dem 2:1 bestraft. Danach hat die Mannschaft aber toll gefightet. Der Gruppensieg hat auch f\u00fcr den ganzen \u00f6sterreichischen Fu\u00dfball gro\u00dfe Bedeutung.&#8220;\n<\/p>\n<p><b>Alan:<\/b> &#8222;Wir haben sehr intensiv gek\u00e4mpft, haben sehr gut gespielt, und deshalb auch verdient gewonnen. Die zwei Tore im Celtic Park sind nat\u00fcrlich auch f\u00fcr mich ein besonderer Moment.&#8220;\n<\/p>\n<p><b>Kevin Kampl:<\/b> &#8222;Hier mal spielen zu d\u00fcrfen, ist eine gro\u00dfe Ehre. Und dann auch noch gewinnen zu k\u00f6nnen, ist umso sch\u00f6ner. Wir k\u00f6nnen mit unserer Leistung zufrieden sein. Auch wenn Celtic viel Druck gemacht hat, und uns in Bedr\u00e4ngnis gebracht hat. Aber unsere junge Truppe hat heute wirklich gut gespielt. Wir wollten die Gruppe gewinnen, und das haben wir jetzt geschafft.&#8220;\n<\/p>\n<p><b>Ralf Rangnick:<\/b> &#8222;Wir haben einen fantastischen Start gehabt. Danach haben wir aber zu viel zugelassen, am Schluss war es noch ein enges Spiel. Wir hatten das Selbstbewu\u00dftsein, auch hier gewinnen zu k\u00f6nnen. Wenn wir so weiter gespielt h\u00e4tten wie in der ersten halben Stunde, w\u00e4re auch noch ein h\u00f6herer Erfolg m\u00f6glich gewesen. Jetzt wollen wir auch noch die restlichen Spiele in der Meisterschaft erfolgreich absolvieren.&#8220;\n<\/p>\n<\/div>\n","protected":false},"excerpt":{"rendered":"<p>FaktenBearbeiten] Celtic Glasgow gegen FC Red Bull Salzburg, 1:3 Spieltag Uefa-Euroleague Gruppe D, 5. Runde Datum 27. November 2014 Anpfiff 21.05 Uhr Aufstellung Tor Peter Gulacsi Verteidigung Benno Schmitz Andre Ramalho Martin Hinteregger Peter Ankersen Mittelfeld Stefan Ilsanker Christoph Leitgeb Kevin Kampl Massimo Bruno Sturm Jonatan Soriano Alan Wechsel Wechsel Naby Keita f\u00fcr Bruno (71.), [&hellip;]<\/p>\n","protected":false},"author":1,"featured_media":0,"parent":0,"menu_order":0,"comment_status":"closed","ping_status":"closed","template":"","meta":{"footnotes":""},"class_list":["post-3493","page","type-page","status-publish","hentry"],"_links":{"self":[{"href":"https:\/\/wiki.s12.at\/index.php\/wp-json\/wp\/v2\/pages\/3493","targetHints":{"allow":["GET"]}}],"collection":[{"href":"https:\/\/wiki.s12.at\/index.php\/wp-json\/wp\/v2\/pages"}],"about":[{"href":"https:\/\/wiki.s12.at\/index.php\/wp-json\/wp\/v2\/types\/page"}],"author":[{"embeddable":true,"href":"https:\/\/wiki.s12.at\/index.php\/wp-json\/wp\/v2\/users\/1"}],"replies":[{"embeddable":true,"href":"https:\/\/wiki.s12.at\/index.php\/wp-json\/wp\/v2\/comments?post=3493"}],"version-history":[{"count":0,"href":"https:\/\/wiki.s12.at\/index.php\/wp-json\/wp\/v2\/pages\/3493\/revisions"}],"wp:attachment":[{"href":"https:\/\/wiki.s12.at\/index.php\/wp-json\/wp\/v2\/media?parent=3493"}],"curies":[{"name":"wp","href":"https:\/\/api.w.org\/{rel}","templated":true}]}}

<div class="mw-parser-output">
<h2><span class="mw-headline" id="Fakten">Fakten</span><a href="/index.php?title=Celtic_Glasgow_gegen_FC_Salzburg&amp;action=edit&amp;section=1" title="Abschnitt bearbeiten: Fakten">Bearbeiten</a><span class="mw-editsection-bracket">]</span></span></h2>
<table class="toptextcells toccolours">
<tbody>
<tr>
<th colspan="2" style="text-align: center; vertical-align: top; padding: 0.3em 0.8em; font-size: 125%; background-color: lightsteelblue;">Celtic Glasgow gegen FC Red Bull Salzburg, 1:3
</th>
</tr>
<tr>
<th style="text-align:left;"><b>Spieltag</b>
</th>
<th style="text-align:left;">Uefa-Euroleague Gruppe D, 5. Runde
</th>
</tr>
<tr>
<th style="text-align:left;"><b>Datum</b>
</th>
<th style="text-align:left;">27. November 2014
</th>
</tr>
<tr>
<th style="text-align:left;"><b>Anpfiff</b>
</th>
<th style="text-align:left;">21.05 Uhr
</th>
</tr>
<tr>
<td colspan="2" style="text-align:center;" bgcolor="lightgray"><b>Aufstellung</b>
</td>
</tr>
<tr>
<th style="text-align:left;"><b>Tor</b>
</th>
<th><a href="/Peter_Gulacsi" class="mw-redirect" title="Peter Gulacsi">Peter Gulacsi</a>
</th>
</tr>
<tr>
<th style="text-align:left;"><b>Verteidigung</b>
</th>
<th><a href="/Benno_Schmitz" title="Benno Schmitz">Benno Schmitz</a> <a href="/Andre_Ramalho" class="mw-redirect" title="Andre Ramalho">Andre Ramalho</a> <a href="/Martin_Hinteregger" title="Martin Hinteregger">Martin Hinteregger</a>  <a href="/Peter_Ankersen" title="Peter Ankersen">Peter Ankersen</a>
</th>
</tr>
<tr>
<th style="text-align:left;"><b>Mittelfeld</b>
</th>
<th><a href="/Stefan_Ilsanker" title="Stefan Ilsanker">Stefan Ilsanker</a> <a href="/Christoph_Leitgeb" title="Christoph Leitgeb">Christoph Leitgeb</a> <a href="/Kevin_Kampl" title="Kevin Kampl">Kevin Kampl</a> <a href="/Massimo_Bruno" title="Massimo Bruno">Massimo Bruno</a>
</th>
</tr>
<tr>
<th style="text-align:left;"><b>Sturm</b>
</th>
<th><a href="/Jonatan_Soriano" title="Jonatan Soriano">Jonatan Soriano</a> <a href="/Alan" title="Alan">Alan</a>
</th>
</tr>
<tr>
<td colspan="2" style="text-align:center;" bgcolor="lightgray"><b>Wechsel</b>
</td>
</tr>
<tr>
<th style="text-align:left;"><b>Wechsel</b>
</th>
<th style="text-align:left;"><a href="/Naby_Keita" title="Naby Keita">Naby Keita</a> für Bruno (71.), <a href="/Marcel_Sabitzer" title="Marcel Sabitzer">Marcel Sabitzer</a> für Soriano (74.), <a href="/Christian_Schwegler" title="Christian Schwegler">Christian Schwegler</a> für Ankersen (80.)
</th>
</tr>
<tr>
<td colspan="2" style="text-align:center;" bgcolor="lightgray"><b>Statistik</b>
</td>
</tr>
<tr>
<th style="text-align:left;"><b>Endstand</b>
</th>
<th style="text-align:left;">1:3 (0:1)
</th>
</tr>
<tr>
<th style="text-align:left;"><b>Torschützen</b>
</th>
<th style="text-align:left;">Johansen (30.); Alan (8., 13.), Keita (92.)
</th>
</tr>
<tr>
<th style="text-align:left;"><b>Gelbe Karten</b>
</th>
<th style="text-align:left;">
</th>
</tr>
<tr>
<th style="text-align:left;"><b>Rote Karten</b>
</th>
<th style="text-align:left;">
</th>
</tr>
<tr>
<th style="text-align:left;"><b>Schiedsrichter</b>
</th>
<th style="text-align:left;">Halis Ozkayha (Türkei)
</th>
</tr>
<tr>
<th style="text-align:left;"><b>Stadion</b>
</th>
<th style="text-align:left;">Celtic Park, Glasgow
</th>
</tr>
<tr>
<th style="text-align:left;"><b>Zuschauer</b>
</th>
<th style="text-align:left;">32.414
</th>
</tr>
</tbody>
</table>
<ul>
<li><a href="/Benno_Schmitz" title="Benno Schmitz">Benno Schmitz</a> feierte heute sein internationales Debüt für Salzburg.</li>
</ul>
<h2><span class="mw-headline" id="Weblinks">Weblinks</span><a href="/index.php?title=Celtic_Glasgow_gegen_FC_Salzburg&amp;action=edit&amp;section=2" title="Abschnitt bearbeiten: Weblinks">Bearbeiten</a><span class="mw-editsection-bracket">]</span></span></h2>
<ul>
<li><a rel="nofollow" class="external text" href="http://www.redbulls.com/de/fc-red-bull-salzburg/news/saison_2014_15/rote-bullen-nach-historischem-erfolg-gruppensieger.html">Spielbericht Vereinshomepage</a></li>
</ul>
<h2><span class="mw-headline" id="Videos">Videos</span><a href="/index.php?title=Celtic_Glasgow_gegen_FC_Salzburg&amp;action=edit&amp;section=3" title="Abschnitt bearbeiten: Videos">Bearbeiten</a><span class="mw-editsection-bracket">]</span></span></h2>
<p>&lt;youtube&gt;G8t9tr2-nBI&lt;/youtube&gt;
</p>
<h2><span class="mw-headline" id="Stimmen_zum_Spiel">Stimmen zum Spiel</span><a href="/index.php?title=Celtic_Glasgow_gegen_FC_Salzburg&amp;action=edit&amp;section=4" title="Abschnitt bearbeiten: Stimmen zum Spiel">Bearbeiten</a><span class="mw-editsection-bracket">]</span></span></h2>
<p><b>Adi Hütter</b>: &#8222;Wenn man als erste österreichische Mannschaft hier gewinnt, dazu auch noch den Gruppensieg holt, kann man einfach nur zufrieden sein. Ich habe die Atmosphäre genossen, das war schon sehr beeindruckend. Wir waren uns nach dem schnellen 2:0 vielleicht etwas zu sicher, da hat uns Celtic mit dem 2:1 bestraft. Danach hat die Mannschaft aber toll gefightet. Der Gruppensieg hat auch für den ganzen österreichischen Fußball große Bedeutung.&#8220;
</p>
<p><b>Alan:</b> &#8222;Wir haben sehr intensiv gekämpft, haben sehr gut gespielt, und deshalb auch verdient gewonnen. Die zwei Tore im Celtic Park sind natürlich auch für mich ein besonderer Moment.&#8220;
</p>
<p><b>Kevin Kampl:</b> &#8222;Hier mal spielen zu dürfen, ist eine große Ehre. Und dann auch noch gewinnen zu können, ist umso schöner. Wir können mit unserer Leistung zufrieden sein. Auch wenn Celtic viel Druck gemacht hat, und uns in Bedrängnis gebracht hat. Aber unsere junge Truppe hat heute wirklich gut gespielt. Wir wollten die Gruppe gewinnen, und das haben wir jetzt geschafft.&#8220;
</p>
<p><b>Ralf Rangnick:</b> &#8222;Wir haben einen fantastischen Start gehabt. Danach haben wir aber zu viel zugelassen, am Schluss war es noch ein enges Spiel. Wir hatten das Selbstbewußtsein, auch hier gewinnen zu können. Wenn wir so weiter gespielt hätten wie in der ersten halben Stunde, wäre auch noch ein höherer Erfolg möglich gewesen. Jetzt wollen wir auch noch die restlichen Spiele in der Meisterschaft erfolgreich absolvieren.&#8220;
</p>
</div>

<p>FaktenBearbeiten] Celtic Glasgow gegen FC Red Bull Salzburg, 1:3 Spieltag Uefa-Euroleague Gruppe D, 5. Runde Datum 27. November 2014 Anpfiff 21.05 Uhr Aufstellung Tor Peter Gulacsi Verteidigung Benno Schmitz Andre Ramalho Martin Hinteregger Peter Ankersen Mittelfeld Stefan Ilsanker Christoph Leitgeb Kevin Kampl Massimo Bruno Sturm Jonatan Soriano Alan Wechsel Wechsel Naby Keita für Bruno (71.), [&hellip;]</p>
