{"id":3481,"date":"2026-05-06T15:16:09","date_gmt":"2026-05-06T13:16:09","guid":{"rendered":"https:\/\/wiki.s12.at\/index.php\/can-cakir\/"},"modified":"2026-05-06T15:16:09","modified_gmt":"2026-05-06T13:16:09","slug":"can-cakir","status":"publish","type":"page","link":"https:\/\/wiki.s12.at\/index.php\/can-cakir\/","title":{"rendered":"Can Cakir"},"content":{"rendered":"<div class=\"mw-parser-output\">\n<ul>\n<li>Name: <b>Can Cakir <\/b><\/li>\n<li>Geburtstag: 27. J\u00e4nner 1999<\/li>\n<li>Geburtsort:<\/li>\n<li>Geburtsland: \u00d6sterreich<\/li>\n<li>Gr\u00f6\u00dfe:<\/li>\n<li>Position: Mittelfeld<\/li>\n<li>Nationalmannschaft: \u00d6sterreich (U16)<\/li>\n<\/ul>\n<h2><span class=\"mw-headline\" id=\"Stationen\">Stationen<\/span><a href=\"\/index.php?title=Can_Cakir&amp;action=edit&amp;section=1\" title=\"Abschnitt bearbeiten: Stationen\">Bearbeiten<\/a><span class=\"mw-editsection-bracket\">]<\/span><\/span><\/h2>\n<ul>\n<li>Landeck(Jugend)<\/li>\n<li>Wacker Innsbruck (Jugend)<\/li>\n<li>Akademie Red Bull Salzburg U15<\/li>\n<li>Akademie Red Bull Salzburg U16<\/li>\n<\/ul>\n<\/div>\n","protected":false},"excerpt":{"rendered":"<p>Name: Can Cakir Geburtstag: 27. J\u00e4nner 1999 Geburtsort: Geburtsland: \u00d6sterreich Gr\u00f6\u00dfe: Position: Mittelfeld Nationalmannschaft: \u00d6sterreich (U16) StationenBearbeiten] Landeck(Jugend) Wacker Innsbruck (Jugend) Akademie Red Bull Salzburg U15 Akademie Red Bull Salzburg U16<\/p>\n","protected":false},"author":1,"featured_media":0,"parent":0,"menu_order":0,"comment_status":"closed","ping_status":"closed","template":"","meta":{"footnotes":""},"class_list":["post-3481","page","type-page","status-publish","hentry"],"_links":{"self":[{"href":"https:\/\/wiki.s12.at\/index.php\/wp-json\/wp\/v2\/pages\/3481","targetHints":{"allow":["GET"]}}],"collection":[{"href":"https:\/\/wiki.s12.at\/index.php\/wp-json\/wp\/v2\/pages"}],"about":[{"href":"https:\/\/wiki.s12.at\/index.php\/wp-json\/wp\/v2\/types\/page"}],"author":[{"embeddable":true,"href":"https:\/\/wiki.s12.at\/index.php\/wp-json\/wp\/v2\/users\/1"}],"replies":[{"embeddable":true,"href":"https:\/\/wiki.s12.at\/index.php\/wp-json\/wp\/v2\/comments?post=3481"}],"version-history":[{"count":0,"href":"https:\/\/wiki.s12.at\/index.php\/wp-json\/wp\/v2\/pages\/3481\/revisions"}],"wp:attachment":[{"href":"https:\/\/wiki.s12.at\/index.php\/wp-json\/wp\/v2\/media?parent=3481"}],"curies":[{"name":"wp","href":"https:\/\/api.w.org\/{rel}","templated":true}]}}

<div class="mw-parser-output">
<ul>
<li>Name: <b>Can Cakir </b></li>
<li>Geburtstag: 27. Jänner 1999</li>
<li>Geburtsort:</li>
<li>Geburtsland: Österreich</li>
<li>Größe:</li>
<li>Position: Mittelfeld</li>
<li>Nationalmannschaft: Österreich (U16)</li>
</ul>
<h2><span class="mw-headline" id="Stationen">Stationen</span><a href="/index.php?title=Can_Cakir&amp;action=edit&amp;section=1" title="Abschnitt bearbeiten: Stationen">Bearbeiten</a><span class="mw-editsection-bracket">]</span></span></h2>
<ul>
<li>Landeck(Jugend)</li>
<li>Wacker Innsbruck (Jugend)</li>
<li>Akademie Red Bull Salzburg U15</li>
<li>Akademie Red Bull Salzburg U16</li>
</ul>
</div>

<p>Name: Can Cakir Geburtstag: 27. Jänner 1999 Geburtsort: Geburtsland: Österreich Größe: Position: Mittelfeld Nationalmannschaft: Österreich (U16) StationenBearbeiten] Landeck(Jugend) Wacker Innsbruck (Jugend) Akademie Red Bull Salzburg U15 Akademie Red Bull Salzburg U16</p>
