{"id":3386,"date":"2026-05-06T15:13:06","date_gmt":"2026-05-06T13:13:06","guid":{"rendered":"https:\/\/wiki.s12.at\/index.php\/bullenfront\/"},"modified":"2026-05-06T15:13:06","modified_gmt":"2026-05-06T13:13:06","slug":"bullenfront","status":"publish","type":"page","link":"https:\/\/wiki.s12.at\/index.php\/bullenfront\/","title":{"rendered":"Bullenfront"},"content":{"rendered":"<div class=\"mw-parser-output\">\n<div class=\"thumb tright\">\n<div class=\"thumbinner\" style=\"width:302px;\"><a href=\"\/Datei:Fanmarsch_2014_11.JPG\" class=\"image\"><img fetchpriority=\"high\" alt=\"Fanmarsch 2014 11.JPG\" src=\"\/images\/thumb\/8\/89\/Fanmarsch_2014_11.JPG\/330px-Fanmarsch_2014_11.JPG%3Futm_source%3Dcommons.wikimedia.org%26utm_campaign%3Dimageinfo%26utm_content%3Dthumbnail\" decoding=\"async\" width=\"300\" height=\"199\" class=\"thumbimage\" srcset=\"\/images\/thumb\/8\/89\/Fanmarsch_2014_11.JPG\/500px-Fanmarsch_2014_11.JPG%3Futm_source%3Dcommons.wikimedia.org%26utm_campaign%3Dimageinfo%26utm_content%3Dthumbnail 1.5x, \/images\/thumb\/8\/89\/Fanmarsch_2014_11.JPG\/960px-Fanmarsch_2014_11.JPG%3Futm_source%3Dcommons.wikimedia.org%26utm_campaign%3Dimageinfo%26utm_content%3Dthumbnail 2x\" \/><\/a>  <\/p>\n<div class=\"thumbcaption\">\n<div class=\"magnify\"><a href=\"\/Datei:Fanmarsch_2014_11.JPG\" class=\"internal\" title=\"vergr\u00f6\u00dfern\"><\/a><\/div>\n<\/div>\n<\/div>\n<\/div>\n<h3><span id=\"Selbstverst.C3.A4ndnis\"><\/span><span class=\"mw-headline\" id=\"Selbstverst\u00e4ndnis\">Selbstverst\u00e4ndnis<\/span><a href=\"\/index.php?title=Bullenfront&amp;action=edit&amp;section=1\" title=\"Abschnitt bearbeiten: Selbstverst\u00e4ndnis\">Bearbeiten<\/a><span class=\"mw-editsection-bracket\">]<\/span><\/span><\/h3>\n<p>Als uns leider die violetten Zeiten verlassen mussten und wir trotzdem sch\u00f6nen Fussball sehen wollten, beschlossen Mandi, Rolf und Sabine zu einen Fanclub zu gehen. Der Fanclub war zwar super aber leider nicht das was wir uns unter einen aktiven Fanclub vorstellten!\n<\/p>\n<p>Eines Tages sa\u00dfen wir vier (Mandy, Rolf, Tommy und Sabine) zusammen und kamen auf die Idee &#8222;Wir k\u00f6nnten ja einen eigenen Fanclub gr\u00fcnden?!?&#8220;\n<\/p>\n<p>Nach langer \u00dcberlegung und Unterst\u00fctzung einiger Mitglieder des anderen Fanclubs (die mit uns mitgegangen sind) haben wir dann den Schritt gewagt! Nach langen schlaflosen N\u00e4chten und zahlreichen \u00dcberlegungen, Vorschl\u00e4ge, Ideen haben wir uns endlich geeinigt das wir uns &#8222;BULLENFRONT &#8220; Festung der Liga nennen!<br \/>\nDanach ging es ans Eingemachte: Stundenlanges Logo suchen im Internet, die Auswahl der T-Shirts usw. Bei einer Grillfeier mit unseren Mitgliedern wurde am 20.05.06 die Bullenfront endlich geboren und am 22.05.06 als offizieller Fanclub anerkannt!<br \/>\nSeit diesem Tag versuchen wir die Mannschaft so gut wie m\u00f6glich zu unterst\u00fctzen. Supporten 90 min lang, bis uns die Stimme verl\u00e4sst, fahren ausw\u00e4rts &#8222;fast &#8220; immer mit und bei Choreosarbeiten sind wir auch gerne dabei!\n<\/p>\n<h2><span class=\"mw-headline\" id=\"10_Jahre_Bullenfront\">10 Jahre Bullenfront<\/span><a href=\"\/index.php?title=Bullenfront&amp;action=edit&amp;section=2\" title=\"Abschnitt bearbeiten: 10 Jahre Bullenfront\">Bearbeiten<\/a><span class=\"mw-editsection-bracket\">]<\/span><\/span><\/h2>\n<p>Beim Heimspiel gegen den SK Sturm Graz am 7. Mai 2016 wurde das Jubil\u00e4um mit einer Choreo gefeiert.\n<\/p>\n<ul class=\"gallery mw-gallery-traditional\">\n<li class=\"gallerybox\" style=\"width: 155px\">\n<div style=\"width: 155px\">\n<div class=\"thumb\" style=\"width: 150px;\">\n<div style=\"margin:45px auto;\"><a href=\"\/Datei:FC_Red_Bull_Salzburg_gegen_SK_Sturm_Graz_(7._Mai_2016)_19.JPG\" class=\"image\"><img alt=\"FC Red Bull Salzburg gegen SK Sturm Graz (7. Mai 2016) 19.JPG\" src=\"\/images\/thumb\/2\/23\/FC_Red_Bull_Salzburg_gegen_SK_Sturm_Graz_%287._Mai_2016%29_19.JPG\/120px-FC_Red_Bull_Salzburg_gegen_SK_Sturm_Graz_%287._Mai_2016%29_19.JPG%3Futm_source%3Dcommons.wikimedia.org%26utm_campaign%3Dimageinfo%26utm_content%3Dthumbnail\" decoding=\"async\" width=\"120\" height=\"60\" srcset=\"\/images\/thumb\/2\/23\/FC_Red_Bull_Salzburg_gegen_SK_Sturm_Graz_%287._Mai_2016%29_19.JPG\/250px-FC_Red_Bull_Salzburg_gegen_SK_Sturm_Graz_%287._Mai_2016%29_19.JPG%3Futm_source%3Dcommons.wikimedia.org%26utm_campaign%3Dimageinfo%26utm_content%3Dthumbnail 1.5x\" \/><\/a><\/div>\n<\/div>\n<div class=\"gallerytext\">\n\t\t\t<\/div>\n<\/p><\/div>\n<\/li>\n<li class=\"gallerybox\" style=\"width: 155px\">\n<div style=\"width: 155px\">\n<div class=\"thumb\" style=\"width: 150px;\">\n<div style=\"margin:48px auto;\"><a href=\"\/Datei:FC_Red_Bull_Salzburg_gegen_SK_Sturm_Graz_(7._Mai_2016)_13.JPG\" class=\"image\"><img alt=\"FC Red Bull Salzburg gegen SK Sturm Graz (7. Mai 2016) 13.JPG\" src=\"\/images\/thumb\/a\/ac\/FC_Red_Bull_Salzburg_gegen_SK_Sturm_Graz_%287._Mai_2016%29_13.JPG\/120px-FC_Red_Bull_Salzburg_gegen_SK_Sturm_Graz_%287._Mai_2016%29_13.JPG%3Futm_source%3Dcommons.wikimedia.org%26utm_campaign%3Dimageinfo%26utm_content%3Dthumbnail\" decoding=\"async\" width=\"120\" height=\"54\" srcset=\"\/images\/thumb\/a\/ac\/FC_Red_Bull_Salzburg_gegen_SK_Sturm_Graz_%287._Mai_2016%29_13.JPG\/250px-FC_Red_Bull_Salzburg_gegen_SK_Sturm_Graz_%287._Mai_2016%29_13.JPG%3Futm_source%3Dcommons.wikimedia.org%26utm_campaign%3Dimageinfo%26utm_content%3Dthumbnail 1.5x\" \/><\/a><\/div>\n<\/div>\n<div class=\"gallerytext\">\n\t\t\t<\/div>\n<\/p><\/div>\n<\/li>\n<li class=\"gallerybox\" style=\"width: 155px\">\n<div style=\"width: 155px\">\n<div class=\"thumb\" style=\"width: 150px;\">\n<div style=\"margin:32px auto;\"><a href=\"\/Datei:FC_Red_Bull_Salzburg_gegen_SK_Sturm_Graz_(7._Mai_2016)_14.JPG\" class=\"image\"><img loading=\"lazy\" alt=\"FC Red Bull Salzburg gegen SK Sturm Graz (7. Mai 2016) 14.JPG\" src=\"\/images\/thumb\/4\/41\/FC_Red_Bull_Salzburg_gegen_SK_Sturm_Graz_%287._Mai_2016%29_14.JPG\/120px-FC_Red_Bull_Salzburg_gegen_SK_Sturm_Graz_%287._Mai_2016%29_14.JPG%3Futm_source%3Dcommons.wikimedia.org%26utm_campaign%3Dimageinfo%26utm_content%3Dthumbnail\" decoding=\"async\" width=\"120\" height=\"86\" srcset=\"\/images\/thumb\/4\/41\/FC_Red_Bull_Salzburg_gegen_SK_Sturm_Graz_%287._Mai_2016%29_14.JPG\/250px-FC_Red_Bull_Salzburg_gegen_SK_Sturm_Graz_%287._Mai_2016%29_14.JPG%3Futm_source%3Dcommons.wikimedia.org%26utm_campaign%3Dimageinfo%26utm_content%3Dthumbnail 1.5x\" \/><\/a><\/div>\n<\/div>\n<div class=\"gallerytext\">\n\t\t\t<\/div>\n<\/p><\/div>\n<\/li>\n<li class=\"gallerybox\" style=\"width: 155px\">\n<div style=\"width: 155px\">\n<div class=\"thumb\" style=\"width: 150px;\">\n<div style=\"margin:15px auto;\"><a href=\"\/Datei:FC_Red_Bull_Salzburg_gegen_SK_Sturm_Graz_(7._Mai_2016)_15.JPG\" class=\"image\"><img loading=\"lazy\" alt=\"FC Red Bull Salzburg gegen SK Sturm Graz (7. Mai 2016) 15.JPG\" src=\"\/images\/thumb\/4\/47\/FC_Red_Bull_Salzburg_gegen_SK_Sturm_Graz_%287._Mai_2016%29_15.JPG\/120px-FC_Red_Bull_Salzburg_gegen_SK_Sturm_Graz_%287._Mai_2016%29_15.JPG%3Futm_source%3Dcommons.wikimedia.org%26utm_campaign%3Dimageinfo%26utm_content%3Dthumbnail\" decoding=\"async\" width=\"112\" height=\"120\" srcset=\"\/images\/thumb\/4\/47\/FC_Red_Bull_Salzburg_gegen_SK_Sturm_Graz_%287._Mai_2016%29_15.JPG\/250px-FC_Red_Bull_Salzburg_gegen_SK_Sturm_Graz_%287._Mai_2016%29_15.JPG%3Futm_source%3Dcommons.wikimedia.org%26utm_campaign%3Dimageinfo%26utm_content%3Dthumbnail 1.5x\" \/><\/a><\/div>\n<\/div>\n<div class=\"gallerytext\">\n\t\t\t<\/div>\n<\/p><\/div>\n<\/li>\n<li class=\"gallerybox\" style=\"width: 155px\">\n<div style=\"width: 155px\">\n<div class=\"thumb\" style=\"width: 150px;\">\n<div style=\"margin:44.5px auto;\"><a href=\"\/Datei:FC_Red_Bull_Salzburg_gegen_SK_Sturm_Graz_(7._Mai_2016)_16.JPG\" class=\"image\"><img loading=\"lazy\" alt=\"FC Red Bull Salzburg gegen SK Sturm Graz (7. Mai 2016) 16.JPG\" src=\"\/images\/thumb\/b\/b1\/FC_Red_Bull_Salzburg_gegen_SK_Sturm_Graz_%287._Mai_2016%29_16.JPG\/120px-FC_Red_Bull_Salzburg_gegen_SK_Sturm_Graz_%287._Mai_2016%29_16.JPG%3Futm_source%3Dcommons.wikimedia.org%26utm_campaign%3Dimageinfo%26utm_content%3Dthumbnail\" decoding=\"async\" width=\"120\" height=\"61\" srcset=\"\/images\/thumb\/b\/b1\/FC_Red_Bull_Salzburg_gegen_SK_Sturm_Graz_%287._Mai_2016%29_16.JPG\/250px-FC_Red_Bull_Salzburg_gegen_SK_Sturm_Graz_%287._Mai_2016%29_16.JPG%3Futm_source%3Dcommons.wikimedia.org%26utm_campaign%3Dimageinfo%26utm_content%3Dthumbnail 1.5x\" \/><\/a><\/div>\n<\/div>\n<div class=\"gallerytext\">\n\t\t\t<\/div>\n<\/p><\/div>\n<\/li>\n<li class=\"gallerybox\" style=\"width: 155px\">\n<div style=\"width: 155px\">\n<div class=\"thumb\" style=\"width: 150px;\">\n<div style=\"margin:35px auto;\"><a href=\"\/Datei:FC_Red_Bull_Salzburg_gegen_SK_Sturm_Graz_(7._Mai_2016)_17.JPG\" class=\"image\"><img loading=\"lazy\" alt=\"FC Red Bull Salzburg gegen SK Sturm Graz (7. Mai 2016) 17.JPG\" src=\"\/images\/thumb\/a\/af\/FC_Red_Bull_Salzburg_gegen_SK_Sturm_Graz_%287._Mai_2016%29_17.JPG\/120px-FC_Red_Bull_Salzburg_gegen_SK_Sturm_Graz_%287._Mai_2016%29_17.JPG%3Futm_source%3Dcommons.wikimedia.org%26utm_campaign%3Dimageinfo%26utm_content%3Dthumbnail\" decoding=\"async\" width=\"120\" height=\"80\" srcset=\"\/images\/thumb\/a\/af\/FC_Red_Bull_Salzburg_gegen_SK_Sturm_Graz_%287._Mai_2016%29_17.JPG\/250px-FC_Red_Bull_Salzburg_gegen_SK_Sturm_Graz_%287._Mai_2016%29_17.JPG%3Futm_source%3Dcommons.wikimedia.org%26utm_campaign%3Dimageinfo%26utm_content%3Dthumbnail 1.5x\" \/><\/a><\/div>\n<\/div>\n<div class=\"gallerytext\">\n\t\t\t<\/div>\n<\/p><\/div>\n<\/li>\n<li class=\"gallerybox\" style=\"width: 155px\">\n<div style=\"width: 155px\">\n<div class=\"thumb\" style=\"width: 150px;\">\n<div style=\"margin:35px auto;\"><a href=\"\/Datei:FC_Red_Bull_Salzburg_gegen_SK_Sturm_Graz_(7._Mai_2016)_20.JPG\" class=\"image\"><img loading=\"lazy\" alt=\"FC Red Bull Salzburg gegen SK Sturm Graz (7. Mai 2016) 20.JPG\" src=\"\/images\/thumb\/1\/17\/FC_Red_Bull_Salzburg_gegen_SK_Sturm_Graz_%287._Mai_2016%29_20.JPG\/120px-FC_Red_Bull_Salzburg_gegen_SK_Sturm_Graz_%287._Mai_2016%29_20.JPG%3Futm_source%3Dcommons.wikimedia.org%26utm_campaign%3Dimageinfo%26utm_content%3Dthumbnail\" decoding=\"async\" width=\"120\" height=\"80\" srcset=\"\/images\/thumb\/1\/17\/FC_Red_Bull_Salzburg_gegen_SK_Sturm_Graz_%287._Mai_2016%29_20.JPG\/250px-FC_Red_Bull_Salzburg_gegen_SK_Sturm_Graz_%287._Mai_2016%29_20.JPG%3Futm_source%3Dcommons.wikimedia.org%26utm_campaign%3Dimageinfo%26utm_content%3Dthumbnail 1.5x\" \/><\/a><\/div>\n<\/div>\n<div class=\"gallerytext\">\n\t\t\t<\/div>\n<\/p><\/div>\n<\/li>\n<\/ul>\n<h2><span class=\"mw-headline\" id=\"Weblinks\">Weblinks<\/span><a href=\"\/index.php?title=Bullenfront&amp;action=edit&amp;section=3\" title=\"Abschnitt bearbeiten: Weblinks\">Bearbeiten<\/a><span class=\"mw-editsection-bracket\">]<\/span><\/span><\/h2>\n<p><a rel=\"nofollow\" class=\"external text\" href=\"http:\/\/www.bullenfront.at\">Homepage Bullenfront<\/a>\n<\/p>\n<\/div>\n","protected":false},"excerpt":{"rendered":"<p>Selbstverst\u00e4ndnisBearbeiten] Als uns leider die violetten Zeiten verlassen mussten und wir trotzdem sch\u00f6nen Fussball sehen wollten, beschlossen Mandi, Rolf und Sabine zu einen Fanclub zu gehen. Der Fanclub war zwar super aber leider nicht das was wir uns unter einen aktiven Fanclub vorstellten! Eines Tages sa\u00dfen wir vier (Mandy, Rolf, Tommy und Sabine) zusammen und [&hellip;]<\/p>\n","protected":false},"author":1,"featured_media":0,"parent":0,"menu_order":0,"comment_status":"closed","ping_status":"closed","template":"","meta":{"footnotes":""},"class_list":["post-3386","page","type-page","status-publish","hentry"],"_links":{"self":[{"href":"https:\/\/wiki.s12.at\/index.php\/wp-json\/wp\/v2\/pages\/3386","targetHints":{"allow":["GET"]}}],"collection":[{"href":"https:\/\/wiki.s12.at\/index.php\/wp-json\/wp\/v2\/pages"}],"about":[{"href":"https:\/\/wiki.s12.at\/index.php\/wp-json\/wp\/v2\/types\/page"}],"author":[{"embeddable":true,"href":"https:\/\/wiki.s12.at\/index.php\/wp-json\/wp\/v2\/users\/1"}],"replies":[{"embeddable":true,"href":"https:\/\/wiki.s12.at\/index.php\/wp-json\/wp\/v2\/comments?post=3386"}],"version-history":[{"count":0,"href":"https:\/\/wiki.s12.at\/index.php\/wp-json\/wp\/v2\/pages\/3386\/revisions"}],"wp:attachment":[{"href":"https:\/\/wiki.s12.at\/index.php\/wp-json\/wp\/v2\/media?parent=3386"}],"curies":[{"name":"wp","href":"https:\/\/api.w.org\/{rel}","templated":true}]}}

<div class="mw-parser-output">
<div class="thumb tright">
<div class="thumbinner" style="width:302px;"><a href="/Datei:Fanmarsch_2014_11.JPG" class="image"><img fetchpriority="high" alt="Fanmarsch 2014 11.JPG" src="/images/thumb/8/89/Fanmarsch_2014_11.JPG/330px-Fanmarsch_2014_11.JPG%3Futm_source%3Dcommons.wikimedia.org%26utm_campaign%3Dimageinfo%26utm_content%3Dthumbnail" decoding="async" width="300" height="199" class="thumbimage" srcset="/images/thumb/8/89/Fanmarsch_2014_11.JPG/500px-Fanmarsch_2014_11.JPG%3Futm_source%3Dcommons.wikimedia.org%26utm_campaign%3Dimageinfo%26utm_content%3Dthumbnail 1.5x, /images/thumb/8/89/Fanmarsch_2014_11.JPG/960px-Fanmarsch_2014_11.JPG%3Futm_source%3Dcommons.wikimedia.org%26utm_campaign%3Dimageinfo%26utm_content%3Dthumbnail 2x" /></a>  </p>
<div class="thumbcaption">
<div class="magnify"><a href="/Datei:Fanmarsch_2014_11.JPG" class="internal" title="vergrößern"></a></div>
</div>
</div>
</div>
<h3><span id="Selbstverst.C3.A4ndnis"></span><span class="mw-headline" id="Selbstverständnis">Selbstverständnis</span><a href="/index.php?title=Bullenfront&amp;action=edit&amp;section=1" title="Abschnitt bearbeiten: Selbstverständnis">Bearbeiten</a><span class="mw-editsection-bracket">]</span></span></h3>
<p>Als uns leider die violetten Zeiten verlassen mussten und wir trotzdem schönen Fussball sehen wollten, beschlossen Mandi, Rolf und Sabine zu einen Fanclub zu gehen. Der Fanclub war zwar super aber leider nicht das was wir uns unter einen aktiven Fanclub vorstellten!
</p>
<p>Eines Tages saßen wir vier (Mandy, Rolf, Tommy und Sabine) zusammen und kamen auf die Idee &#8222;Wir könnten ja einen eigenen Fanclub gründen?!?&#8220;
</p>
<p>Nach langer Überlegung und Unterstützung einiger Mitglieder des anderen Fanclubs (die mit uns mitgegangen sind) haben wir dann den Schritt gewagt! Nach langen schlaflosen Nächten und zahlreichen Überlegungen, Vorschläge, Ideen haben wir uns endlich geeinigt das wir uns &#8222;BULLENFRONT &#8220; Festung der Liga nennen!<br />
Danach ging es ans Eingemachte: Stundenlanges Logo suchen im Internet, die Auswahl der T-Shirts usw. Bei einer Grillfeier mit unseren Mitgliedern wurde am 20.05.06 die Bullenfront endlich geboren und am 22.05.06 als offizieller Fanclub anerkannt!<br />
Seit diesem Tag versuchen wir die Mannschaft so gut wie möglich zu unterstützen. Supporten 90 min lang, bis uns die Stimme verlässt, fahren auswärts &#8222;fast &#8220; immer mit und bei Choreosarbeiten sind wir auch gerne dabei!
</p>
<h2><span class="mw-headline" id="10_Jahre_Bullenfront">10 Jahre Bullenfront</span><a href="/index.php?title=Bullenfront&amp;action=edit&amp;section=2" title="Abschnitt bearbeiten: 10 Jahre Bullenfront">Bearbeiten</a><span class="mw-editsection-bracket">]</span></span></h2>
<p>Beim Heimspiel gegen den SK Sturm Graz am 7. Mai 2016 wurde das Jubiläum mit einer Choreo gefeiert.
</p>
<ul class="gallery mw-gallery-traditional">
<li class="gallerybox" style="width: 155px">
<div style="width: 155px">
<div class="thumb" style="width: 150px;">
<div style="margin:45px auto;"><a href="/Datei:FC_Red_Bull_Salzburg_gegen_SK_Sturm_Graz_(7._Mai_2016)_19.JPG" class="image"><img alt="FC Red Bull Salzburg gegen SK Sturm Graz (7. Mai 2016) 19.JPG" src="/images/thumb/2/23/FC_Red_Bull_Salzburg_gegen_SK_Sturm_Graz_%287._Mai_2016%29_19.JPG/120px-FC_Red_Bull_Salzburg_gegen_SK_Sturm_Graz_%287._Mai_2016%29_19.JPG%3Futm_source%3Dcommons.wikimedia.org%26utm_campaign%3Dimageinfo%26utm_content%3Dthumbnail" decoding="async" width="120" height="60" srcset="/images/thumb/2/23/FC_Red_Bull_Salzburg_gegen_SK_Sturm_Graz_%287._Mai_2016%29_19.JPG/250px-FC_Red_Bull_Salzburg_gegen_SK_Sturm_Graz_%287._Mai_2016%29_19.JPG%3Futm_source%3Dcommons.wikimedia.org%26utm_campaign%3Dimageinfo%26utm_content%3Dthumbnail 1.5x" /></a></div>
</div>
<div class="gallerytext">
			</div>
</p></div>
</li>
<li class="gallerybox" style="width: 155px">
<div style="width: 155px">
<div class="thumb" style="width: 150px;">
<div style="margin:48px auto;"><a href="/Datei:FC_Red_Bull_Salzburg_gegen_SK_Sturm_Graz_(7._Mai_2016)_13.JPG" class="image"><img alt="FC Red Bull Salzburg gegen SK Sturm Graz (7. Mai 2016) 13.JPG" src="/images/thumb/a/ac/FC_Red_Bull_Salzburg_gegen_SK_Sturm_Graz_%287._Mai_2016%29_13.JPG/120px-FC_Red_Bull_Salzburg_gegen_SK_Sturm_Graz_%287._Mai_2016%29_13.JPG%3Futm_source%3Dcommons.wikimedia.org%26utm_campaign%3Dimageinfo%26utm_content%3Dthumbnail" decoding="async" width="120" height="54" srcset="/images/thumb/a/ac/FC_Red_Bull_Salzburg_gegen_SK_Sturm_Graz_%287._Mai_2016%29_13.JPG/250px-FC_Red_Bull_Salzburg_gegen_SK_Sturm_Graz_%287._Mai_2016%29_13.JPG%3Futm_source%3Dcommons.wikimedia.org%26utm_campaign%3Dimageinfo%26utm_content%3Dthumbnail 1.5x" /></a></div>
</div>
<div class="gallerytext">
			</div>
</p></div>
</li>
<li class="gallerybox" style="width: 155px">
<div style="width: 155px">
<div class="thumb" style="width: 150px;">
<div style="margin:32px auto;"><a href="/Datei:FC_Red_Bull_Salzburg_gegen_SK_Sturm_Graz_(7._Mai_2016)_14.JPG" class="image"><img loading="lazy" alt="FC Red Bull Salzburg gegen SK Sturm Graz (7. Mai 2016) 14.JPG" src="/images/thumb/4/41/FC_Red_Bull_Salzburg_gegen_SK_Sturm_Graz_%287._Mai_2016%29_14.JPG/120px-FC_Red_Bull_Salzburg_gegen_SK_Sturm_Graz_%287._Mai_2016%29_14.JPG%3Futm_source%3Dcommons.wikimedia.org%26utm_campaign%3Dimageinfo%26utm_content%3Dthumbnail" decoding="async" width="120" height="86" srcset="/images/thumb/4/41/FC_Red_Bull_Salzburg_gegen_SK_Sturm_Graz_%287._Mai_2016%29_14.JPG/250px-FC_Red_Bull_Salzburg_gegen_SK_Sturm_Graz_%287._Mai_2016%29_14.JPG%3Futm_source%3Dcommons.wikimedia.org%26utm_campaign%3Dimageinfo%26utm_content%3Dthumbnail 1.5x" /></a></div>
</div>
<div class="gallerytext">
			</div>
</p></div>
</li>
<li class="gallerybox" style="width: 155px">
<div style="width: 155px">
<div class="thumb" style="width: 150px;">
<div style="margin:15px auto;"><a href="/Datei:FC_Red_Bull_Salzburg_gegen_SK_Sturm_Graz_(7._Mai_2016)_15.JPG" class="image"><img loading="lazy" alt="FC Red Bull Salzburg gegen SK Sturm Graz (7. Mai 2016) 15.JPG" src="/images/thumb/4/47/FC_Red_Bull_Salzburg_gegen_SK_Sturm_Graz_%287._Mai_2016%29_15.JPG/120px-FC_Red_Bull_Salzburg_gegen_SK_Sturm_Graz_%287._Mai_2016%29_15.JPG%3Futm_source%3Dcommons.wikimedia.org%26utm_campaign%3Dimageinfo%26utm_content%3Dthumbnail" decoding="async" width="112" height="120" srcset="/images/thumb/4/47/FC_Red_Bull_Salzburg_gegen_SK_Sturm_Graz_%287._Mai_2016%29_15.JPG/250px-FC_Red_Bull_Salzburg_gegen_SK_Sturm_Graz_%287._Mai_2016%29_15.JPG%3Futm_source%3Dcommons.wikimedia.org%26utm_campaign%3Dimageinfo%26utm_content%3Dthumbnail 1.5x" /></a></div>
</div>
<div class="gallerytext">
			</div>
</p></div>
</li>
<li class="gallerybox" style="width: 155px">
<div style="width: 155px">
<div class="thumb" style="width: 150px;">
<div style="margin:44.5px auto;"><a href="/Datei:FC_Red_Bull_Salzburg_gegen_SK_Sturm_Graz_(7._Mai_2016)_16.JPG" class="image"><img loading="lazy" alt="FC Red Bull Salzburg gegen SK Sturm Graz (7. Mai 2016) 16.JPG" src="/images/thumb/b/b1/FC_Red_Bull_Salzburg_gegen_SK_Sturm_Graz_%287._Mai_2016%29_16.JPG/120px-FC_Red_Bull_Salzburg_gegen_SK_Sturm_Graz_%287._Mai_2016%29_16.JPG%3Futm_source%3Dcommons.wikimedia.org%26utm_campaign%3Dimageinfo%26utm_content%3Dthumbnail" decoding="async" width="120" height="61" srcset="/images/thumb/b/b1/FC_Red_Bull_Salzburg_gegen_SK_Sturm_Graz_%287._Mai_2016%29_16.JPG/250px-FC_Red_Bull_Salzburg_gegen_SK_Sturm_Graz_%287._Mai_2016%29_16.JPG%3Futm_source%3Dcommons.wikimedia.org%26utm_campaign%3Dimageinfo%26utm_content%3Dthumbnail 1.5x" /></a></div>
</div>
<div class="gallerytext">
			</div>
</p></div>
</li>
<li class="gallerybox" style="width: 155px">
<div style="width: 155px">
<div class="thumb" style="width: 150px;">
<div style="margin:35px auto;"><a href="/Datei:FC_Red_Bull_Salzburg_gegen_SK_Sturm_Graz_(7._Mai_2016)_17.JPG" class="image"><img loading="lazy" alt="FC Red Bull Salzburg gegen SK Sturm Graz (7. Mai 2016) 17.JPG" src="/images/thumb/a/af/FC_Red_Bull_Salzburg_gegen_SK_Sturm_Graz_%287._Mai_2016%29_17.JPG/120px-FC_Red_Bull_Salzburg_gegen_SK_Sturm_Graz_%287._Mai_2016%29_17.JPG%3Futm_source%3Dcommons.wikimedia.org%26utm_campaign%3Dimageinfo%26utm_content%3Dthumbnail" decoding="async" width="120" height="80" srcset="/images/thumb/a/af/FC_Red_Bull_Salzburg_gegen_SK_Sturm_Graz_%287._Mai_2016%29_17.JPG/250px-FC_Red_Bull_Salzburg_gegen_SK_Sturm_Graz_%287._Mai_2016%29_17.JPG%3Futm_source%3Dcommons.wikimedia.org%26utm_campaign%3Dimageinfo%26utm_content%3Dthumbnail 1.5x" /></a></div>
</div>
<div class="gallerytext">
			</div>
</p></div>
</li>
<li class="gallerybox" style="width: 155px">
<div style="width: 155px">
<div class="thumb" style="width: 150px;">
<div style="margin:35px auto;"><a href="/Datei:FC_Red_Bull_Salzburg_gegen_SK_Sturm_Graz_(7._Mai_2016)_20.JPG" class="image"><img loading="lazy" alt="FC Red Bull Salzburg gegen SK Sturm Graz (7. Mai 2016) 20.JPG" src="/images/thumb/1/17/FC_Red_Bull_Salzburg_gegen_SK_Sturm_Graz_%287._Mai_2016%29_20.JPG/120px-FC_Red_Bull_Salzburg_gegen_SK_Sturm_Graz_%287._Mai_2016%29_20.JPG%3Futm_source%3Dcommons.wikimedia.org%26utm_campaign%3Dimageinfo%26utm_content%3Dthumbnail" decoding="async" width="120" height="80" srcset="/images/thumb/1/17/FC_Red_Bull_Salzburg_gegen_SK_Sturm_Graz_%287._Mai_2016%29_20.JPG/250px-FC_Red_Bull_Salzburg_gegen_SK_Sturm_Graz_%287._Mai_2016%29_20.JPG%3Futm_source%3Dcommons.wikimedia.org%26utm_campaign%3Dimageinfo%26utm_content%3Dthumbnail 1.5x" /></a></div>
</div>
<div class="gallerytext">
			</div>
</p></div>
</li>
</ul>
<h2><span class="mw-headline" id="Weblinks">Weblinks</span><a href="/index.php?title=Bullenfront&amp;action=edit&amp;section=3" title="Abschnitt bearbeiten: Weblinks">Bearbeiten</a><span class="mw-editsection-bracket">]</span></span></h2>
<p><a rel="nofollow" class="external text" href="http://www.bullenfront.at">Homepage Bullenfront</a>
</p>
</div>

<p>SelbstverständnisBearbeiten] Als uns leider die violetten Zeiten verlassen mussten und wir trotzdem schönen Fussball sehen wollten, beschlossen Mandi, Rolf und Sabine zu einen Fanclub zu gehen. Der Fanclub war zwar super aber leider nicht das was wir uns unter einen aktiven Fanclub vorstellten! Eines Tages saßen wir vier (Mandy, Rolf, Tommy und Sabine) zusammen und [&hellip;]</p>
