{"id":3385,"date":"2026-05-06T15:13:05","date_gmt":"2026-05-06T13:13:05","guid":{"rendered":"https:\/\/wiki.s12.at\/index.php\/brondby-if-gegen-fc-salzburg\/"},"modified":"2026-05-06T15:13:05","modified_gmt":"2026-05-06T13:13:05","slug":"brondby-if-gegen-fc-salzburg","status":"publish","type":"page","link":"https:\/\/wiki.s12.at\/index.php\/brondby-if-gegen-fc-salzburg\/","title":{"rendered":"Br\u00f8ndby IF gegen FC Salzburg"},"content":{"rendered":"<div class=\"mw-parser-output\">\n<table class=\"toptextcells toccolours\">\n<tbody>\n<tr>\n<th colspan=\"2\" style=\"text-align: center; vertical-align: top; padding: 0.3em 0.8em; font-size: 125%; background-color: lightsteelblue;\">Br\u00f8ndby IF gegen FC Red Bull Salzburg, 1:2\n<\/th>\n<\/tr>\n<tr>\n<th style=\"text-align:left;\"><b>Spieltag<\/b>\n<\/th>\n<th style=\"text-align:left;\">Championsleague-Playoff, R\u00fcckspiel\n<\/th>\n<\/tr>\n<tr>\n<th style=\"text-align:left;\"><b>Datum<\/b>\n<\/th>\n<th style=\"text-align:left;\">25. August 2021\n<\/th>\n<\/tr>\n<tr>\n<th style=\"text-align:left;\"><b>Anpfiff<\/b>\n<\/th>\n<th style=\"text-align:left;\">21 Uhr\n<\/th>\n<\/tr>\n<tr>\n<td colspan=\"2\" style=\"text-align:center;\" bgcolor=\"lightgray\"><b>Aufstellung<\/b>\n<\/td>\n<\/tr>\n<tr>\n<th style=\"text-align:left;\"><b>Tor<\/b>\n<\/th>\n<th><a href=\"\/Philipp_K%C3%B6hn\" title=\"Philipp K\u00f6hn\">Philipp K\u00f6hn <\/a>\n<\/th>\n<\/tr>\n<tr>\n<th style=\"text-align:left;\"><b>Verteidigung<\/b>\n<\/th>\n<th><a href=\"\/Andreas_Ulmer\" title=\"Andreas Ulmer\">Andreas Ulmer<\/a> &#8211; <a href=\"\/Oumar_Solet\" title=\"Oumar Solet\">Oumar Solet<\/a> &#8211; <a href=\"\/Maximilian_W%C3%B6ber\" title=\"Maximilian W\u00f6ber\">Maximilian W\u00f6ber<\/a> &#8211; <a href=\"\/Rasmus_Kristensen\" title=\"Rasmus Kristensen\">Rasmus Kristensen<\/a>\n<\/th>\n<\/tr>\n<tr>\n<th style=\"text-align:left;\"><b>Mittelfeld<\/b>\n<\/th>\n<th><a href=\"\/Mohamed_Camara\" title=\"Mohamed Camara\">Mohamed Camara <\/a> &#8211; <a href=\"\/Nicolas_Seiwald\" title=\"Nicolas Seiwald\">Nicolas Seiwald<\/a> &#8211; <a href=\"\/Brenden_Aaronson\" title=\"Brenden Aaronson\">Brenden Aaronson<\/a> &#8211; <a href=\"\/Luka_Sucic\" title=\"Luka Sucic\">Luka Sucic<\/a>\n<\/th>\n<\/tr>\n<tr>\n<th style=\"text-align:left;\"><b>Sturm<\/b>\n<\/th>\n<th><a href=\"\/Karim_Adeyemi\" title=\"Karim Adeyemi\">Karim Adeyemi<\/a> &#8211; <a href=\"\/Benjamin_Sesko\" class=\"mw-redirect\" title=\"Benjamin Sesko\">Benjamin Sesko<\/a>\n<\/th>\n<\/tr>\n<tr>\n<td colspan=\"2\" style=\"text-align:center;\" bgcolor=\"lightgray\"><b>Wechsel<\/b>\n<\/td>\n<\/tr>\n<tr>\n<th style=\"text-align:left;\"><b>Wechsel<\/b>\n<\/th>\n<th style=\"text-align:left;\"><a href=\"\/Zlatko_Junuzovic\" title=\"Zlatko Junuzovic\">Zlatko Junuzovic<\/a> f\u00fcr Camara (66.), <a href=\"\/Noah_Okafor\" title=\"Noah Okafor\">Noah Okafor<\/a> f\u00fcr Sesko (70.), <br \/><a href=\"\/Mergim_Berisha\" title=\"Mergim Berisha\">Mergim Berisha<\/a> f\u00fcr Adeyemi (70.), <a href=\"\/Bernardo\" title=\"Bernardo\">Bernardo<\/a> f\u00fcr Aaronson (85.)\n<\/th>\n<\/tr>\n<tr>\n<td colspan=\"2\" style=\"text-align:center;\" bgcolor=\"lightgray\"><b>Statistik<\/b>\n<\/td>\n<\/tr>\n<tr>\n<th style=\"text-align:left;\"><b>Endstand<\/b>\n<\/th>\n<th style=\"text-align:left;\">1:2 (0:2)\n<\/th>\n<\/tr>\n<tr>\n<th style=\"text-align:left;\"><b>Torsch\u00fctzen<\/b>\n<\/th>\n<th style=\"text-align:left;\">Maxs\u00f8 (62.); Sesko (4.), Aaronson (10.)\n<\/th>\n<\/tr>\n<tr>\n<th style=\"text-align:left;\"><b>Gelbe Karten<\/b>\n<\/th>\n<th style=\"text-align:left;\">Maxs\u00f8 (88.); Camara (34.), Solet (45.)\n<\/th>\n<\/tr>\n<tr>\n<th style=\"text-align:left;\"><b>Rote Karten<\/b>\n<\/th>\n<th style=\"text-align:left;\">\n<\/th>\n<\/tr>\n<tr>\n<th style=\"text-align:left;\"><b>Schiedsrichter<\/b>\n<\/th>\n<th style=\"text-align:left;\">Carlos del Cerro Grande (ESP)\n<\/th>\n<\/tr>\n<tr>\n<th style=\"text-align:left;\"><b>Stadion<\/b>\n<\/th>\n<th style=\"text-align:left;\">Br\u00f8ndby Stadion\n<\/th>\n<\/tr>\n<tr>\n<th style=\"text-align:left;\"><b>Zuschauer<\/b>\n<\/th>\n<th style=\"text-align:left;\">25 000\n<\/th>\n<\/tr>\n<\/tbody>\n<\/table>\n<h2><span class=\"mw-headline\" id=\"Spielbericht\">Spielbericht<\/span><a href=\"\/index.php?title=Br%C3%B8ndby_IF_gegen_FC_Salzburg&amp;action=edit&amp;section=1\" title=\"Abschnitt bearbeiten: Spielbericht\">Bearbeiten<\/a><span class=\"mw-editsection-bracket\">]<\/span><\/span><\/h2>\n<p><a rel=\"nofollow\" class=\"external text\" href=\"https:\/\/www.redbullsalzburg.at\/de\/fc-red-bull-salzburg\/news\/saison_2021_22\/traumstart-loest-ucl-ticket.html\">Spielbericht Vereinshomepage<\/a>\n<\/p>\n<h2><span class=\"mw-headline\" id=\"Stimmen_zum_Spiel\">Stimmen zum Spiel<\/span><a href=\"\/index.php?title=Br%C3%B8ndby_IF_gegen_FC_Salzburg&amp;action=edit&amp;section=2\" title=\"Abschnitt bearbeiten: Stimmen zum Spiel\">Bearbeiten<\/a><span class=\"mw-editsection-bracket\">]<\/span><\/span><\/h2>\n<p><b>Andi Ulmer:<\/b>  Wir haben gewusst, es wird schwierig. Gleich mit den ersten beiden Gelegenheiten haben wir die beiden wichtigen Tore gemacht. Ich bin richtig gl\u00fccklich \u00fcber unser Aufsteigen, auch weil wir uns trotz der Stimmung und unseres jungen Alters nicht aus dem Konzept haben bringen lassen.\n<\/p>\n<p><b>Karim Adeyemi:<\/b>  Wir haben sie anders erwartet und gedacht, dass sie sich mit f\u00fcnf Mann hinten hineinstellen. Aber sie haben uns den Raum gegeben, dann folgten zwei fr\u00fche Tore. Ruhig war ich heute nicht, bei meiner Auswechslung bin ich kurz in die Kabine gegangen, weil ich mir das Spiel aus Nervosit\u00e4t nicht anschauen konnte. Champions League, da geht wieder ein Traum in Erf\u00fcllung! Es ist einfach unbeschreiblich, ich freue mich riesig!\n<\/p>\n<p><b>Brenden Aaronson:<\/b> Wir haben uns schon im ersten Spiel gut geschlagen und jetzt waren wir noch besser! Die Balance zwischen Angriff und Verteidigung war gut, was wichtig war, denn sie wollten gegen uns kontern. Ich habe es auch richtig genossen, in diesem Hexenkessel zu spielen. Das hat uns zus\u00e4tzliche Motivation gegeben.\n<\/p>\n<p><b>Matthias Jaissle:<\/b> Zu Beginn haben wir komplett Vollgasfu\u00dfball gespielt, wie wir es uns vorgenommen hatten \u2013 eine richtig gute Anfangsphase! Wir haben es dann aber leider verpasst, den Sack vor der Halbzeit zuzumachen, es war bis zum Schluss eine Partie auf Messers Schneide. Es war eine Art Reifepr\u00fcfung, die Atmosph\u00e4re war gigantisch! Wir haben den Einzug verdient geschafft, die Burschen haben sich f\u00fcr die harte Arbeit belohnt.\n<\/p>\n<p><b>Benjamin Sesko:<\/b> Das Gef\u00fchl ist noch surreal. Bei meinem Tor konnte ich gar nicht glauben, dass es so passiert ist. Alles ging so schnell. Das war sehr speziell f\u00fcr mich. Jetzt steht die Gruppenphase an, und wir werden alles daran setzen, dort um jeden Punkt zu k\u00e4mpfen und dann werden wir sehen, was passiert.\n<\/p>\n<\/div>\n","protected":false},"excerpt":{"rendered":"<p>Br\u00f8ndby IF gegen FC Red Bull Salzburg, 1:2 Spieltag Championsleague-Playoff, R\u00fcckspiel Datum 25. August 2021 Anpfiff 21 Uhr Aufstellung Tor Philipp K\u00f6hn Verteidigung Andreas Ulmer &#8211; Oumar Solet &#8211; Maximilian W\u00f6ber &#8211; Rasmus Kristensen Mittelfeld Mohamed Camara &#8211; Nicolas Seiwald &#8211; Brenden Aaronson &#8211; Luka Sucic Sturm Karim Adeyemi &#8211; Benjamin Sesko Wechsel Wechsel Zlatko [&hellip;]<\/p>\n","protected":false},"author":1,"featured_media":0,"parent":0,"menu_order":0,"comment_status":"closed","ping_status":"closed","template":"","meta":{"footnotes":""},"class_list":["post-3385","page","type-page","status-publish","hentry"],"_links":{"self":[{"href":"https:\/\/wiki.s12.at\/index.php\/wp-json\/wp\/v2\/pages\/3385","targetHints":{"allow":["GET"]}}],"collection":[{"href":"https:\/\/wiki.s12.at\/index.php\/wp-json\/wp\/v2\/pages"}],"about":[{"href":"https:\/\/wiki.s12.at\/index.php\/wp-json\/wp\/v2\/types\/page"}],"author":[{"embeddable":true,"href":"https:\/\/wiki.s12.at\/index.php\/wp-json\/wp\/v2\/users\/1"}],"replies":[{"embeddable":true,"href":"https:\/\/wiki.s12.at\/index.php\/wp-json\/wp\/v2\/comments?post=3385"}],"version-history":[{"count":0,"href":"https:\/\/wiki.s12.at\/index.php\/wp-json\/wp\/v2\/pages\/3385\/revisions"}],"wp:attachment":[{"href":"https:\/\/wiki.s12.at\/index.php\/wp-json\/wp\/v2\/media?parent=3385"}],"curies":[{"name":"wp","href":"https:\/\/api.w.org\/{rel}","templated":true}]}}

Brøndby IF gegen FC Salzburg

<div class="mw-parser-output">
<table class="toptextcells toccolours">
<tbody>
<tr>
<th colspan="2" style="text-align: center; vertical-align: top; padding: 0.3em 0.8em; font-size: 125%; background-color: lightsteelblue;">Brøndby IF gegen FC Red Bull Salzburg, 1:2
</th>
</tr>
<tr>
<th style="text-align:left;"><b>Spieltag</b>
</th>
<th style="text-align:left;">Championsleague-Playoff, Rückspiel
</th>
</tr>
<tr>
<th style="text-align:left;"><b>Datum</b>
</th>
<th style="text-align:left;">25. August 2021
</th>
</tr>
<tr>
<th style="text-align:left;"><b>Anpfiff</b>
</th>
<th style="text-align:left;">21 Uhr
</th>
</tr>
<tr>
<td colspan="2" style="text-align:center;" bgcolor="lightgray"><b>Aufstellung</b>
</td>
</tr>
<tr>
<th style="text-align:left;"><b>Tor</b>
</th>
<th><a href="/Philipp_K%C3%B6hn" title="Philipp Köhn">Philipp Köhn </a>
</th>
</tr>
<tr>
<th style="text-align:left;"><b>Verteidigung</b>
</th>
<th><a href="/Andreas_Ulmer" title="Andreas Ulmer">Andreas Ulmer</a> &#8211; <a href="/Oumar_Solet" title="Oumar Solet">Oumar Solet</a> &#8211; <a href="/Maximilian_W%C3%B6ber" title="Maximilian Wöber">Maximilian Wöber</a> &#8211; <a href="/Rasmus_Kristensen" title="Rasmus Kristensen">Rasmus Kristensen</a>
</th>
</tr>
<tr>
<th style="text-align:left;"><b>Mittelfeld</b>
</th>
<th><a href="/Mohamed_Camara" title="Mohamed Camara">Mohamed Camara </a> &#8211; <a href="/Nicolas_Seiwald" title="Nicolas Seiwald">Nicolas Seiwald</a> &#8211; <a href="/Brenden_Aaronson" title="Brenden Aaronson">Brenden Aaronson</a> &#8211; <a href="/Luka_Sucic" title="Luka Sucic">Luka Sucic</a>
</th>
</tr>
<tr>
<th style="text-align:left;"><b>Sturm</b>
</th>
<th><a href="/Karim_Adeyemi" title="Karim Adeyemi">Karim Adeyemi</a> &#8211; <a href="/Benjamin_Sesko" class="mw-redirect" title="Benjamin Sesko">Benjamin Sesko</a>
</th>
</tr>
<tr>
<td colspan="2" style="text-align:center;" bgcolor="lightgray"><b>Wechsel</b>
</td>
</tr>
<tr>
<th style="text-align:left;"><b>Wechsel</b>
</th>
<th style="text-align:left;"><a href="/Zlatko_Junuzovic" title="Zlatko Junuzovic">Zlatko Junuzovic</a> für Camara (66.), <a href="/Noah_Okafor" title="Noah Okafor">Noah Okafor</a> für Sesko (70.), <br /><a href="/Mergim_Berisha" title="Mergim Berisha">Mergim Berisha</a> für Adeyemi (70.), <a href="/Bernardo" title="Bernardo">Bernardo</a> für Aaronson (85.)
</th>
</tr>
<tr>
<td colspan="2" style="text-align:center;" bgcolor="lightgray"><b>Statistik</b>
</td>
</tr>
<tr>
<th style="text-align:left;"><b>Endstand</b>
</th>
<th style="text-align:left;">1:2 (0:2)
</th>
</tr>
<tr>
<th style="text-align:left;"><b>Torschützen</b>
</th>
<th style="text-align:left;">Maxsø (62.); Sesko (4.), Aaronson (10.)
</th>
</tr>
<tr>
<th style="text-align:left;"><b>Gelbe Karten</b>
</th>
<th style="text-align:left;">Maxsø (88.); Camara (34.), Solet (45.)
</th>
</tr>
<tr>
<th style="text-align:left;"><b>Rote Karten</b>
</th>
<th style="text-align:left;">
</th>
</tr>
<tr>
<th style="text-align:left;"><b>Schiedsrichter</b>
</th>
<th style="text-align:left;">Carlos del Cerro Grande (ESP)
</th>
</tr>
<tr>
<th style="text-align:left;"><b>Stadion</b>
</th>
<th style="text-align:left;">Brøndby Stadion
</th>
</tr>
<tr>
<th style="text-align:left;"><b>Zuschauer</b>
</th>
<th style="text-align:left;">25 000
</th>
</tr>
</tbody>
</table>
<h2><span class="mw-headline" id="Spielbericht">Spielbericht</span><a href="/index.php?title=Br%C3%B8ndby_IF_gegen_FC_Salzburg&amp;action=edit&amp;section=1" title="Abschnitt bearbeiten: Spielbericht">Bearbeiten</a><span class="mw-editsection-bracket">]</span></span></h2>
<p><a rel="nofollow" class="external text" href="https://www.redbullsalzburg.at/de/fc-red-bull-salzburg/news/saison_2021_22/traumstart-loest-ucl-ticket.html">Spielbericht Vereinshomepage</a>
</p>
<h2><span class="mw-headline" id="Stimmen_zum_Spiel">Stimmen zum Spiel</span><a href="/index.php?title=Br%C3%B8ndby_IF_gegen_FC_Salzburg&amp;action=edit&amp;section=2" title="Abschnitt bearbeiten: Stimmen zum Spiel">Bearbeiten</a><span class="mw-editsection-bracket">]</span></span></h2>
<p><b>Andi Ulmer:</b>  Wir haben gewusst, es wird schwierig. Gleich mit den ersten beiden Gelegenheiten haben wir die beiden wichtigen Tore gemacht. Ich bin richtig glücklich über unser Aufsteigen, auch weil wir uns trotz der Stimmung und unseres jungen Alters nicht aus dem Konzept haben bringen lassen.
</p>
<p><b>Karim Adeyemi:</b>  Wir haben sie anders erwartet und gedacht, dass sie sich mit fünf Mann hinten hineinstellen. Aber sie haben uns den Raum gegeben, dann folgten zwei frühe Tore. Ruhig war ich heute nicht, bei meiner Auswechslung bin ich kurz in die Kabine gegangen, weil ich mir das Spiel aus Nervosität nicht anschauen konnte. Champions League, da geht wieder ein Traum in Erfüllung! Es ist einfach unbeschreiblich, ich freue mich riesig!
</p>
<p><b>Brenden Aaronson:</b> Wir haben uns schon im ersten Spiel gut geschlagen und jetzt waren wir noch besser! Die Balance zwischen Angriff und Verteidigung war gut, was wichtig war, denn sie wollten gegen uns kontern. Ich habe es auch richtig genossen, in diesem Hexenkessel zu spielen. Das hat uns zusätzliche Motivation gegeben.
</p>
<p><b>Matthias Jaissle:</b> Zu Beginn haben wir komplett Vollgasfußball gespielt, wie wir es uns vorgenommen hatten – eine richtig gute Anfangsphase! Wir haben es dann aber leider verpasst, den Sack vor der Halbzeit zuzumachen, es war bis zum Schluss eine Partie auf Messers Schneide. Es war eine Art Reifeprüfung, die Atmosphäre war gigantisch! Wir haben den Einzug verdient geschafft, die Burschen haben sich für die harte Arbeit belohnt.
</p>
<p><b>Benjamin Sesko:</b> Das Gefühl ist noch surreal. Bei meinem Tor konnte ich gar nicht glauben, dass es so passiert ist. Alles ging so schnell. Das war sehr speziell für mich. Jetzt steht die Gruppenphase an, und wir werden alles daran setzen, dort um jeden Punkt zu kämpfen und dann werden wir sehen, was passiert.
</p>
</div>

<p>Brøndby IF gegen FC Red Bull Salzburg, 1:2 Spieltag Championsleague-Playoff, Rückspiel Datum 25. August 2021 Anpfiff 21 Uhr Aufstellung Tor Philipp Köhn Verteidigung Andreas Ulmer &#8211; Oumar Solet &#8211; Maximilian Wöber &#8211; Rasmus Kristensen Mittelfeld Mohamed Camara &#8211; Nicolas Seiwald &#8211; Brenden Aaronson &#8211; Luka Sucic Sturm Karim Adeyemi &#8211; Benjamin Sesko Wechsel Wechsel Zlatko [&hellip;]</p>
