{"id":3344,"date":"2026-05-06T15:11:50","date_gmt":"2026-05-06T13:11:50","guid":{"rendered":"https:\/\/wiki.s12.at\/index.php\/bernardo\/"},"modified":"2026-05-06T15:11:50","modified_gmt":"2026-05-06T13:11:50","slug":"bernardo","status":"publish","type":"page","link":"https:\/\/wiki.s12.at\/index.php\/bernardo\/","title":{"rendered":"Bernardo"},"content":{"rendered":"<div class=\"mw-parser-output\">\n<div class=\"thumb tright\">\n<div class=\"thumbinner\" style=\"width:302px;\"><a href=\"\/Datei:FC_Red_Bull_Salzburg_versus_Young_Boys_Bern_(1.Juli_2016)_24.jpg\" class=\"image\"><img fetchpriority=\"high\" alt=\"FC Red Bull Salzburg versus Young Boys Bern (1.Juli 2016) 24.jpg\" src=\"\/images\/thumb\/b\/b4\/FC_Red_Bull_Salzburg_versus_Young_Boys_Bern_%281.Juli_2016%29_24.jpg\/330px-FC_Red_Bull_Salzburg_versus_Young_Boys_Bern_%281.Juli_2016%29_24.jpg%3Futm_source%3Dcommons.wikimedia.org%26utm_campaign%3Dimageinfo%26utm_content%3Dthumbnail\" decoding=\"async\" width=\"300\" height=\"244\" class=\"thumbimage\" srcset=\"\/images\/thumb\/b\/b4\/FC_Red_Bull_Salzburg_versus_Young_Boys_Bern_%281.Juli_2016%29_24.jpg\/500px-FC_Red_Bull_Salzburg_versus_Young_Boys_Bern_%281.Juli_2016%29_24.jpg%3Futm_source%3Dcommons.wikimedia.org%26utm_campaign%3Dimageinfo%26utm_content%3Dthumbnail 1.5x, \/images\/thumb\/b\/b4\/FC_Red_Bull_Salzburg_versus_Young_Boys_Bern_%281.Juli_2016%29_24.jpg\/960px-FC_Red_Bull_Salzburg_versus_Young_Boys_Bern_%281.Juli_2016%29_24.jpg%3Futm_source%3Dcommons.wikimedia.org%26utm_campaign%3Dimageinfo%26utm_content%3Dthumbnail 2x\" \/><\/a>  <\/p>\n<div class=\"thumbcaption\">\n<div class=\"magnify\"><a href=\"\/Datei:FC_Red_Bull_Salzburg_versus_Young_Boys_Bern_(1.Juli_2016)_24.jpg\" class=\"internal\" title=\"vergr\u00f6\u00dfern\"><\/a><\/div>\n<\/div>\n<\/div>\n<\/div>\n<ul>\n<li>Name: <b>Bernardo Fernandes da Silva Junior <\/b><\/li>\n<li>Spielername:<b>Bernardo<\/b><\/li>\n<li>Geburtstag:  14. Mai 1995<\/li>\n<li>Geburtsort: S\u00e3o Paulo<\/li>\n<li>Geburtsland: Brasilien<\/li>\n<li>Gr\u00f6\u00dfe:<\/li>\n<li>Position: Verteidiger<\/li>\n<\/ul>\n<h2><span class=\"mw-headline\" id=\"Stationen\">Stationen<\/span><a href=\"\/index.php?title=Bernardo&amp;action=edit&amp;section=1\" title=\"Abschnitt bearbeiten: Stationen\">Bearbeiten<\/a><span class=\"mw-editsection-bracket\">]<\/span><\/span><\/h2>\n<ul>\n<li>Red Bull Brasil<\/li>\n<li>FC Red Bull Salzburg (2015-2016)<\/li>\n<li>Rasenballsport Leipzig (2016-2018 )<\/li>\n<li>Brighton &amp; Hove Albion FC (2018-2021 )<\/li>\n<li>FC Red Bull Salzburg (Leihe 2021)<\/li>\n<li>FC Red Bull Salzburg (2021-2023)<\/li>\n<li>VfL Bochum (2023- )<\/li>\n<\/ul>\n<h2><span class=\"mw-headline\" id=\"Erfolge\">Erfolge<\/span><a href=\"\/index.php?title=Bernardo&amp;action=edit&amp;section=2\" title=\"Abschnitt bearbeiten: Erfolge\">Bearbeiten<\/a><span class=\"mw-editsection-bracket\">]<\/span><\/span><\/h2>\n<ul>\n<li>\u00d6sterreichischer Meister: 2016, 2017, 2021, 2022, 2023<\/li>\n<li>\u00d6sterreichischer Cupsieger: 2016, 2017, 2021, 2022<\/li>\n<\/ul>\n<h2><span class=\"mw-headline\" id=\"Bilder\">Bilder<\/span><a href=\"\/index.php?title=Bernardo&amp;action=edit&amp;section=3\" title=\"Abschnitt bearbeiten: Bilder\">Bearbeiten<\/a><span class=\"mw-editsection-bracket\">]<\/span><\/span><\/h2>\n<p><img alt=\"\" src=\"\/images\/thumb\/4\/4a\/Commons-logo.svg\/langde-20px-Commons-logo.svg.png%3Futm_source%3Dcommons.wikimedia.org%26utm_campaign%3Dimageinfo%26utm_content%3Dthumbnail\" decoding=\"async\" title=\"Commons\" width=\"12\" height=\"16\" srcset=\"\/images\/thumb\/4\/4a\/Commons-logo.svg\/langde-40px-Commons-logo.svg.png%3Futm_source%3Dcommons.wikimedia.org%26utm_campaign%3Dimageinfo%26utm_content%3Dthumbnail 2x\" \/>&#160;<b><a href=\"http:\/\/commons.wikimedia.org\/wiki\/Category:Bernardo_Fernandes_da_Silva_Junior\" class=\"extiw\" title=\"commons:Category:Bernardo Fernandes da Silva Junior\">Bernardo<\/a><\/b>&#160;\u2013 Sammlung von Bildern, Videos und Audiodateien auf <a href=\"\/Wikimedia_Commons\" title=\"Wikimedia Commons\">Wikimedia Commons<\/a>\n<\/p>\n<h2><span class=\"mw-headline\" id=\"Besonderes\">Besonderes<\/span><a href=\"\/index.php?title=Bernardo&amp;action=edit&amp;section=4\" title=\"Abschnitt bearbeiten: Besonderes\">Bearbeiten<\/a><span class=\"mw-editsection-bracket\">]<\/span><\/span><\/h2>\n<p>Er spielte am 9. 10 2015 ein Testspiel gegen F\u00fcrth. Am 15. Dezember gab Red Bull Salzburg bekannt, dass sie den Innenverteidiger bis 2020 verpflichten. Er kommt aus einer sportlichen Familie, sein Vater war Fu\u00dfballprofi u.a. bei Bayern M\u00fcnchen. Da seine Mutter nach dem Ende ihrer Leichtathletikkarriere als Sportjournalistin arbeitete, begann er ein Journalismusstudium.\n<\/p>\n<p>Sein Wechsel zu Leipzig emp\u00f6rte viele Fans, da er am Tag eines wichtigen Meisterschaftsspiels durchgef\u00fchrt wurde.\n<\/p>\n<\/div>\n","protected":false},"excerpt":{"rendered":"<p>Name: Bernardo Fernandes da Silva Junior Spielername:Bernardo Geburtstag: 14. Mai 1995 Geburtsort: S\u00e3o Paulo Geburtsland: Brasilien Gr\u00f6\u00dfe: Position: Verteidiger StationenBearbeiten] Red Bull Brasil FC Red Bull Salzburg (2015-2016) Rasenballsport Leipzig (2016-2018 ) Brighton &amp; Hove Albion FC (2018-2021 ) FC Red Bull Salzburg (Leihe 2021) FC Red Bull Salzburg (2021-2023) VfL Bochum (2023- ) ErfolgeBearbeiten] [&hellip;]<\/p>\n","protected":false},"author":1,"featured_media":0,"parent":0,"menu_order":0,"comment_status":"closed","ping_status":"closed","template":"","meta":{"footnotes":""},"class_list":["post-3344","page","type-page","status-publish","hentry"],"_links":{"self":[{"href":"https:\/\/wiki.s12.at\/index.php\/wp-json\/wp\/v2\/pages\/3344","targetHints":{"allow":["GET"]}}],"collection":[{"href":"https:\/\/wiki.s12.at\/index.php\/wp-json\/wp\/v2\/pages"}],"about":[{"href":"https:\/\/wiki.s12.at\/index.php\/wp-json\/wp\/v2\/types\/page"}],"author":[{"embeddable":true,"href":"https:\/\/wiki.s12.at\/index.php\/wp-json\/wp\/v2\/users\/1"}],"replies":[{"embeddable":true,"href":"https:\/\/wiki.s12.at\/index.php\/wp-json\/wp\/v2\/comments?post=3344"}],"version-history":[{"count":0,"href":"https:\/\/wiki.s12.at\/index.php\/wp-json\/wp\/v2\/pages\/3344\/revisions"}],"wp:attachment":[{"href":"https:\/\/wiki.s12.at\/index.php\/wp-json\/wp\/v2\/media?parent=3344"}],"curies":[{"name":"wp","href":"https:\/\/api.w.org\/{rel}","templated":true}]}}

<div class="mw-parser-output">
<div class="thumb tright">
<div class="thumbinner" style="width:302px;"><a href="/Datei:FC_Red_Bull_Salzburg_versus_Young_Boys_Bern_(1.Juli_2016)_24.jpg" class="image"><img fetchpriority="high" alt="FC Red Bull Salzburg versus Young Boys Bern (1.Juli 2016) 24.jpg" src="/images/thumb/b/b4/FC_Red_Bull_Salzburg_versus_Young_Boys_Bern_%281.Juli_2016%29_24.jpg/330px-FC_Red_Bull_Salzburg_versus_Young_Boys_Bern_%281.Juli_2016%29_24.jpg%3Futm_source%3Dcommons.wikimedia.org%26utm_campaign%3Dimageinfo%26utm_content%3Dthumbnail" decoding="async" width="300" height="244" class="thumbimage" srcset="/images/thumb/b/b4/FC_Red_Bull_Salzburg_versus_Young_Boys_Bern_%281.Juli_2016%29_24.jpg/500px-FC_Red_Bull_Salzburg_versus_Young_Boys_Bern_%281.Juli_2016%29_24.jpg%3Futm_source%3Dcommons.wikimedia.org%26utm_campaign%3Dimageinfo%26utm_content%3Dthumbnail 1.5x, /images/thumb/b/b4/FC_Red_Bull_Salzburg_versus_Young_Boys_Bern_%281.Juli_2016%29_24.jpg/960px-FC_Red_Bull_Salzburg_versus_Young_Boys_Bern_%281.Juli_2016%29_24.jpg%3Futm_source%3Dcommons.wikimedia.org%26utm_campaign%3Dimageinfo%26utm_content%3Dthumbnail 2x" /></a>  </p>
<div class="thumbcaption">
<div class="magnify"><a href="/Datei:FC_Red_Bull_Salzburg_versus_Young_Boys_Bern_(1.Juli_2016)_24.jpg" class="internal" title="vergrößern"></a></div>
</div>
</div>
</div>
<ul>
<li>Name: <b>Bernardo Fernandes da Silva Junior </b></li>
<li>Spielername:<b>Bernardo</b></li>
<li>Geburtstag:  14. Mai 1995</li>
<li>Geburtsort: São Paulo</li>
<li>Geburtsland: Brasilien</li>
<li>Größe:</li>
<li>Position: Verteidiger</li>
</ul>
<h2><span class="mw-headline" id="Stationen">Stationen</span><a href="/index.php?title=Bernardo&amp;action=edit&amp;section=1" title="Abschnitt bearbeiten: Stationen">Bearbeiten</a><span class="mw-editsection-bracket">]</span></span></h2>
<ul>
<li>Red Bull Brasil</li>
<li>FC Red Bull Salzburg (2015-2016)</li>
<li>Rasenballsport Leipzig (2016-2018 )</li>
<li>Brighton &amp; Hove Albion FC (2018-2021 )</li>
<li>FC Red Bull Salzburg (Leihe 2021)</li>
<li>FC Red Bull Salzburg (2021-2023)</li>
<li>VfL Bochum (2023- )</li>
</ul>
<h2><span class="mw-headline" id="Erfolge">Erfolge</span><a href="/index.php?title=Bernardo&amp;action=edit&amp;section=2" title="Abschnitt bearbeiten: Erfolge">Bearbeiten</a><span class="mw-editsection-bracket">]</span></span></h2>
<ul>
<li>Österreichischer Meister: 2016, 2017, 2021, 2022, 2023</li>
<li>Österreichischer Cupsieger: 2016, 2017, 2021, 2022</li>
</ul>
<h2><span class="mw-headline" id="Bilder">Bilder</span><a href="/index.php?title=Bernardo&amp;action=edit&amp;section=3" title="Abschnitt bearbeiten: Bilder">Bearbeiten</a><span class="mw-editsection-bracket">]</span></span></h2>
<p><img alt="" src="/images/thumb/4/4a/Commons-logo.svg/langde-20px-Commons-logo.svg.png%3Futm_source%3Dcommons.wikimedia.org%26utm_campaign%3Dimageinfo%26utm_content%3Dthumbnail" decoding="async" title="Commons" width="12" height="16" srcset="/images/thumb/4/4a/Commons-logo.svg/langde-40px-Commons-logo.svg.png%3Futm_source%3Dcommons.wikimedia.org%26utm_campaign%3Dimageinfo%26utm_content%3Dthumbnail 2x" />&#160;<b><a href="http://commons.wikimedia.org/wiki/Category:Bernardo_Fernandes_da_Silva_Junior" class="extiw" title="commons:Category:Bernardo Fernandes da Silva Junior">Bernardo</a></b>&#160;– Sammlung von Bildern, Videos und Audiodateien auf <a href="/Wikimedia_Commons" title="Wikimedia Commons">Wikimedia Commons</a>
</p>
<h2><span class="mw-headline" id="Besonderes">Besonderes</span><a href="/index.php?title=Bernardo&amp;action=edit&amp;section=4" title="Abschnitt bearbeiten: Besonderes">Bearbeiten</a><span class="mw-editsection-bracket">]</span></span></h2>
<p>Er spielte am 9. 10 2015 ein Testspiel gegen Fürth. Am 15. Dezember gab Red Bull Salzburg bekannt, dass sie den Innenverteidiger bis 2020 verpflichten. Er kommt aus einer sportlichen Familie, sein Vater war Fußballprofi u.a. bei Bayern München. Da seine Mutter nach dem Ende ihrer Leichtathletikkarriere als Sportjournalistin arbeitete, begann er ein Journalismusstudium.
</p>
<p>Sein Wechsel zu Leipzig empörte viele Fans, da er am Tag eines wichtigen Meisterschaftsspiels durchgeführt wurde.
</p>
</div>

<p>Name: Bernardo Fernandes da Silva Junior Spielername:Bernardo Geburtstag: 14. Mai 1995 Geburtsort: São Paulo Geburtsland: Brasilien Größe: Position: Verteidiger StationenBearbeiten] Red Bull Brasil FC Red Bull Salzburg (2015-2016) Rasenballsport Leipzig (2016-2018 ) Brighton &amp; Hove Albion FC (2018-2021 ) FC Red Bull Salzburg (Leihe 2021) FC Red Bull Salzburg (2021-2023) VfL Bochum (2023- ) ErfolgeBearbeiten] [&hellip;]</p>
