{"id":3331,"date":"2026-05-06T15:10:58","date_gmt":"2026-05-06T13:10:58","guid":{"rendered":"https:\/\/wiki.s12.at\/index.php\/benfica-lissabon-gegen-fc-salzburg\/"},"modified":"2026-05-06T15:10:58","modified_gmt":"2026-05-06T13:10:58","slug":"benfica-lissabon-gegen-fc-salzburg","status":"publish","type":"page","link":"https:\/\/wiki.s12.at\/index.php\/benfica-lissabon-gegen-fc-salzburg\/","title":{"rendered":"Benfica Lissabon gegen FC Salzburg"},"content":{"rendered":"<div class=\"mw-parser-output\">\n<table class=\"toptextcells toccolours\">\n<tbody>\n<tr>\n<th colspan=\"2\" style=\"text-align: center; vertical-align: top; padding: 0.3em 0.8em; font-size: 125%; background-color: lightsteelblue;\">Benfica Lissabon gegen FC Salzburg, 0:2\n<\/th>\n<\/tr>\n<tr>\n<th style=\"text-align:left;\"><b>Spieltag<\/b>\n<\/th>\n<th style=\"text-align:left;\">UEFA-Championsleague, Gruppe D-1. Runde\n<\/th>\n<\/tr>\n<tr>\n<th style=\"text-align:left;\"><b>Datum<\/b>\n<\/th>\n<th style=\"text-align:left;\">20. September 2023\n<\/th>\n<\/tr>\n<tr>\n<th style=\"text-align:left;\"><b>Anpfiff<\/b>\n<\/th>\n<th style=\"text-align:left;\">21 Uhr\n<\/th>\n<\/tr>\n<tr>\n<td colspan=\"2\" style=\"text-align:center;\" bgcolor=\"lightgray\"><b>Aufstellung<\/b>\n<\/td>\n<\/tr>\n<tr>\n<th style=\"text-align:left;\"><b>Tor<\/b>\n<\/th>\n<th><a href=\"\/Alexander_Schlager\" title=\"Alexander Schlager\">Alexander Schlager<\/a>\n<\/th>\n<\/tr>\n<tr>\n<th style=\"text-align:left;\"><b>Verteidigung<\/b>\n<\/th>\n<th><a href=\"\/Amar_Dedic\" title=\"Amar Dedic\">Amar Dedic<\/a>  &#8211; <a href=\"\/Samson_Baidoo\" title=\"Samson Baidoo\">Samson Baidoo<\/a>  &#8211;<a href=\"\/Strahinja_Pavlovic\" title=\"Strahinja Pavlovic\">Strahinja Pavlovic<\/a>  &#8211;  <a href=\"\/Aleksa_Terzic\" title=\"Aleksa Terzic\">Aleksa Terzic<\/a>\n<\/th>\n<\/tr>\n<tr>\n<th style=\"text-align:left;\"><b>Mittelfeld<\/b>\n<\/th>\n<th><a href=\"\/Lucas_Gourna-Douath\" title=\"Lucas Gourna-Douath\">Lucas Gourna-Douath<\/a>  &#8211; <a href=\"\/Mads_Bidstrup\" title=\"Mads Bidstrup\">Mads Bidstrup<\/a>  &#8211;  <a href=\"\/Maurits_Kjaergaard\" title=\"Maurits Kjaergaard\">Maurits Kjaergaard<\/a>&#8211; <a href=\"\/Oscar_Gloukh\" title=\"Oscar Gloukh\">Oscar Gloukh<\/a>\n<\/th>\n<\/tr>\n<tr>\n<th style=\"text-align:left;\"><b>Sturm<\/b>\n<\/th>\n<th><a href=\"\/Karim_Konate\" title=\"Karim Konate\">Karim Konate<\/a> &#8211; <a href=\"\/Roko_Simic\" title=\"Roko Simic\">Roko Simic<\/a>\n<\/th>\n<\/tr>\n<tr>\n<td colspan=\"2\" style=\"text-align:center;\" bgcolor=\"lightgray\"><b>Wechsel<\/b>\n<\/td>\n<\/tr>\n<tr>\n<th style=\"text-align:left;\"><b>Wechsel<\/b>\n<\/th>\n<th style=\"text-align:left;\"><a href=\"\/Sekou_Koita\" title=\"Sekou Koita\">Sekou Koita<\/a> f\u00fcr Konate (59.), <a href=\"\/Luka_Sucic\" title=\"Luka Sucic\">Luka Sucic<\/a> f\u00fcr Gloukh (72.),<a href=\"\/Petar_Ratkov\" title=\"Petar Ratkov\">Petar Ratkov<\/a> f\u00fcr Simic (72.), <br \/><a href=\"\/Oumar_Solet\" title=\"Oumar Solet\">Oumar Solet<\/a> f\u00fcr Baidoo (72.), <a href=\"\/Kamil_Piatkowski\" title=\"Kamil Piatkowski\">Kamil Piatkowski<\/a> f\u00fcr Pavlovic (89.)\n<\/th>\n<\/tr>\n<tr>\n<td colspan=\"2\" style=\"text-align:center;\" bgcolor=\"lightgray\"><b>Statistik<\/b>\n<\/td>\n<\/tr>\n<tr>\n<th style=\"text-align:left;\"><b>Endstand<\/b>\n<\/th>\n<th style=\"text-align:left;\">0:2 (0:1)\n<\/th>\n<\/tr>\n<tr>\n<th style=\"text-align:left;\"><b>Torsch\u00fctzen<\/b>\n<\/th>\n<th style=\"text-align:left;\">Simic (15., E.), Gloukh (51.)\n<\/th>\n<\/tr>\n<tr>\n<th style=\"text-align:left;\"><b>Gelbe Karten<\/b>\n<\/th>\n<th style=\"text-align:left;\">Trubin  (2.), R. Silva (54.),  Otamendi  (69.); Gourna-Douath (21.), Baidoo (58.), Simic (67.), Koita (91.)\n<\/th>\n<\/tr>\n<tr>\n<th style=\"text-align:left;\"><b>Rote Karten<\/b>\n<\/th>\n<th style=\"text-align:left;\">A. Silva (13.)\n<\/th>\n<\/tr>\n<tr>\n<th style=\"text-align:left;\"><b>Schiedsrichter<\/b>\n<\/th>\n<th style=\"text-align:left;\">Halil Umut Meler (TUR)\n<\/th>\n<\/tr>\n<tr>\n<th style=\"text-align:left;\"><b>Stadion<\/b>\n<\/th>\n<th style=\"text-align:left;\">Estadio da Luz, Lissabon\n<\/th>\n<\/tr>\n<tr>\n<th style=\"text-align:left;\"><b>Zuschauer<\/b>\n<\/th>\n<th style=\"text-align:left;\">61 000\n<\/th>\n<\/tr>\n<\/tbody>\n<\/table>\n<h2><span class=\"mw-headline\" id=\"Spielbericht\">Spielbericht<\/span><a href=\"\/index.php?title=Benfica_Lissabon_gegen_FC_Salzburg&amp;action=edit&amp;section=1\" title=\"Abschnitt bearbeiten: Spielbericht\">Bearbeiten<\/a><span class=\"mw-editsection-bracket\">]<\/span><\/span><\/h2>\n<p><a rel=\"nofollow\" class=\"external text\" href=\"https:\/\/www.redbullsalzburg.at\/de\/2023-2024\/spielplan\/champions-league-runde-1-benfica-vs-fc-salzburg#spielbericht\">Spielbericht Vereinshomepage<\/a>\n<\/p>\n<h2><span class=\"mw-headline\" id=\"Stimmen_zum_Spiel\">Stimmen zum Spiel<\/span><a href=\"\/index.php?title=Benfica_Lissabon_gegen_FC_Salzburg&amp;action=edit&amp;section=2\" title=\"Abschnitt bearbeiten: Stimmen zum Spiel\">Bearbeiten<\/a><span class=\"mw-editsection-bracket\">]<\/span><\/span><\/h2>\n<p><b>Gerhard Struber:<\/b> Wir haben heute schon ein paar ,Magic Moments\u2018 erlebt. Dass man hier ausw\u00e4rts gewinnt, um das zu realisieren, wird es ein bisserl brauchen. Die Performance, die wir abgeliefert haben, hat es gew\u00e4hrleistet. Ich bin sehr, sehr stolz auf die Jungs, wie sie es auf den Platz gebracht haben und wie sie das Mindset gesch\u00e4rft haben. Es ist ein sehr sch\u00f6ner Moment, nat\u00fcrlich auch f\u00fcr mich als Trainer. Gleichzeitig freue ich mich irrsinnig f\u00fcr den Verein und f\u00fcr die Mannschaft, dass wir es gegen so einen gro\u00dfen Gegner hinbekommen haben! Roko ist sehr unangenehm f\u00fcr jeden Gegner, weil er einfach Tiefe erzeugt, B\u00e4lle gut sichern kann und sich in diesen Infights behaupten will. Den haben wir gerade richtig gut hinentwickelt, er selbst strahlt wie ,ein neuer Schilling\u2018 \u2013 es macht richtig Spa\u00df mit ihm!\n<\/p>\n<p><b>Alexander Schlager:<\/b> Es war schon so, dass wir hergefahren sind und unbedingt etwas mitnehmen wollten. Wir haben uns auch so eingeschworen, dass wir mit ,Eiern in der Hose\u2018 aufs Spielfeld gehen und das bis zur letzten Minute auch durchziehen. Wir haben heute bemerkt, was es in uns ausl\u00f6sen kann \u2013 da darf man sehr stolz auf die Leistung sein! Es war in allen Belangen ein sehr mutiger Auftritt. Ich bin happy, dass wir einen Sieg geholt haben und ich ein bisserl helfen konnte.\n<\/p>\n<p><b>Samson Baidoo:<\/b>Es war eine brutale Teamleistung! Wir waren als Mannschaft auf dem Platz und in den ersten Minuten richtig aggressiv, haben direkt die zwei Elfer rausgeholt. F\u00fcr mich war es etwas Neues, vor so vielen Fans zu spielen, und etwas Unglaubliches auch, daf\u00fcr spielt man Fu\u00dfball!\n<\/p>\n<\/div>\n","protected":false},"excerpt":{"rendered":"<p>Benfica Lissabon gegen FC Salzburg, 0:2 Spieltag UEFA-Championsleague, Gruppe D-1. Runde Datum 20. September 2023 Anpfiff 21 Uhr Aufstellung Tor Alexander Schlager Verteidigung Amar Dedic &#8211; Samson Baidoo &#8211;Strahinja Pavlovic &#8211; Aleksa Terzic Mittelfeld Lucas Gourna-Douath &#8211; Mads Bidstrup &#8211; Maurits Kjaergaard&#8211; Oscar Gloukh Sturm Karim Konate &#8211; Roko Simic Wechsel Wechsel Sekou Koita f\u00fcr [&hellip;]<\/p>\n","protected":false},"author":1,"featured_media":0,"parent":0,"menu_order":0,"comment_status":"closed","ping_status":"closed","template":"","meta":{"footnotes":""},"class_list":["post-3331","page","type-page","status-publish","hentry"],"_links":{"self":[{"href":"https:\/\/wiki.s12.at\/index.php\/wp-json\/wp\/v2\/pages\/3331","targetHints":{"allow":["GET"]}}],"collection":[{"href":"https:\/\/wiki.s12.at\/index.php\/wp-json\/wp\/v2\/pages"}],"about":[{"href":"https:\/\/wiki.s12.at\/index.php\/wp-json\/wp\/v2\/types\/page"}],"author":[{"embeddable":true,"href":"https:\/\/wiki.s12.at\/index.php\/wp-json\/wp\/v2\/users\/1"}],"replies":[{"embeddable":true,"href":"https:\/\/wiki.s12.at\/index.php\/wp-json\/wp\/v2\/comments?post=3331"}],"version-history":[{"count":0,"href":"https:\/\/wiki.s12.at\/index.php\/wp-json\/wp\/v2\/pages\/3331\/revisions"}],"wp:attachment":[{"href":"https:\/\/wiki.s12.at\/index.php\/wp-json\/wp\/v2\/media?parent=3331"}],"curies":[{"name":"wp","href":"https:\/\/api.w.org\/{rel}","templated":true}]}}

<div class="mw-parser-output">
<table class="toptextcells toccolours">
<tbody>
<tr>
<th colspan="2" style="text-align: center; vertical-align: top; padding: 0.3em 0.8em; font-size: 125%; background-color: lightsteelblue;">Benfica Lissabon gegen FC Salzburg, 0:2
</th>
</tr>
<tr>
<th style="text-align:left;"><b>Spieltag</b>
</th>
<th style="text-align:left;">UEFA-Championsleague, Gruppe D-1. Runde
</th>
</tr>
<tr>
<th style="text-align:left;"><b>Datum</b>
</th>
<th style="text-align:left;">20. September 2023
</th>
</tr>
<tr>
<th style="text-align:left;"><b>Anpfiff</b>
</th>
<th style="text-align:left;">21 Uhr
</th>
</tr>
<tr>
<td colspan="2" style="text-align:center;" bgcolor="lightgray"><b>Aufstellung</b>
</td>
</tr>
<tr>
<th style="text-align:left;"><b>Tor</b>
</th>
<th><a href="/Alexander_Schlager" title="Alexander Schlager">Alexander Schlager</a>
</th>
</tr>
<tr>
<th style="text-align:left;"><b>Verteidigung</b>
</th>
<th><a href="/Amar_Dedic" title="Amar Dedic">Amar Dedic</a>  &#8211; <a href="/Samson_Baidoo" title="Samson Baidoo">Samson Baidoo</a>  &#8211;<a href="/Strahinja_Pavlovic" title="Strahinja Pavlovic">Strahinja Pavlovic</a>  &#8211;  <a href="/Aleksa_Terzic" title="Aleksa Terzic">Aleksa Terzic</a>
</th>
</tr>
<tr>
<th style="text-align:left;"><b>Mittelfeld</b>
</th>
<th><a href="/Lucas_Gourna-Douath" title="Lucas Gourna-Douath">Lucas Gourna-Douath</a>  &#8211; <a href="/Mads_Bidstrup" title="Mads Bidstrup">Mads Bidstrup</a>  &#8211;  <a href="/Maurits_Kjaergaard" title="Maurits Kjaergaard">Maurits Kjaergaard</a>&#8211; <a href="/Oscar_Gloukh" title="Oscar Gloukh">Oscar Gloukh</a>
</th>
</tr>
<tr>
<th style="text-align:left;"><b>Sturm</b>
</th>
<th><a href="/Karim_Konate" title="Karim Konate">Karim Konate</a> &#8211; <a href="/Roko_Simic" title="Roko Simic">Roko Simic</a>
</th>
</tr>
<tr>
<td colspan="2" style="text-align:center;" bgcolor="lightgray"><b>Wechsel</b>
</td>
</tr>
<tr>
<th style="text-align:left;"><b>Wechsel</b>
</th>
<th style="text-align:left;"><a href="/Sekou_Koita" title="Sekou Koita">Sekou Koita</a> für Konate (59.), <a href="/Luka_Sucic" title="Luka Sucic">Luka Sucic</a> für Gloukh (72.),<a href="/Petar_Ratkov" title="Petar Ratkov">Petar Ratkov</a> für Simic (72.), <br /><a href="/Oumar_Solet" title="Oumar Solet">Oumar Solet</a> für Baidoo (72.), <a href="/Kamil_Piatkowski" title="Kamil Piatkowski">Kamil Piatkowski</a> für Pavlovic (89.)
</th>
</tr>
<tr>
<td colspan="2" style="text-align:center;" bgcolor="lightgray"><b>Statistik</b>
</td>
</tr>
<tr>
<th style="text-align:left;"><b>Endstand</b>
</th>
<th style="text-align:left;">0:2 (0:1)
</th>
</tr>
<tr>
<th style="text-align:left;"><b>Torschützen</b>
</th>
<th style="text-align:left;">Simic (15., E.), Gloukh (51.)
</th>
</tr>
<tr>
<th style="text-align:left;"><b>Gelbe Karten</b>
</th>
<th style="text-align:left;">Trubin  (2.), R. Silva (54.),  Otamendi  (69.); Gourna-Douath (21.), Baidoo (58.), Simic (67.), Koita (91.)
</th>
</tr>
<tr>
<th style="text-align:left;"><b>Rote Karten</b>
</th>
<th style="text-align:left;">A. Silva (13.)
</th>
</tr>
<tr>
<th style="text-align:left;"><b>Schiedsrichter</b>
</th>
<th style="text-align:left;">Halil Umut Meler (TUR)
</th>
</tr>
<tr>
<th style="text-align:left;"><b>Stadion</b>
</th>
<th style="text-align:left;">Estadio da Luz, Lissabon
</th>
</tr>
<tr>
<th style="text-align:left;"><b>Zuschauer</b>
</th>
<th style="text-align:left;">61 000
</th>
</tr>
</tbody>
</table>
<h2><span class="mw-headline" id="Spielbericht">Spielbericht</span><a href="/index.php?title=Benfica_Lissabon_gegen_FC_Salzburg&amp;action=edit&amp;section=1" title="Abschnitt bearbeiten: Spielbericht">Bearbeiten</a><span class="mw-editsection-bracket">]</span></span></h2>
<p><a rel="nofollow" class="external text" href="https://www.redbullsalzburg.at/de/2023-2024/spielplan/champions-league-runde-1-benfica-vs-fc-salzburg#spielbericht">Spielbericht Vereinshomepage</a>
</p>
<h2><span class="mw-headline" id="Stimmen_zum_Spiel">Stimmen zum Spiel</span><a href="/index.php?title=Benfica_Lissabon_gegen_FC_Salzburg&amp;action=edit&amp;section=2" title="Abschnitt bearbeiten: Stimmen zum Spiel">Bearbeiten</a><span class="mw-editsection-bracket">]</span></span></h2>
<p><b>Gerhard Struber:</b> Wir haben heute schon ein paar ,Magic Moments‘ erlebt. Dass man hier auswärts gewinnt, um das zu realisieren, wird es ein bisserl brauchen. Die Performance, die wir abgeliefert haben, hat es gewährleistet. Ich bin sehr, sehr stolz auf die Jungs, wie sie es auf den Platz gebracht haben und wie sie das Mindset geschärft haben. Es ist ein sehr schöner Moment, natürlich auch für mich als Trainer. Gleichzeitig freue ich mich irrsinnig für den Verein und für die Mannschaft, dass wir es gegen so einen großen Gegner hinbekommen haben! Roko ist sehr unangenehm für jeden Gegner, weil er einfach Tiefe erzeugt, Bälle gut sichern kann und sich in diesen Infights behaupten will. Den haben wir gerade richtig gut hinentwickelt, er selbst strahlt wie ,ein neuer Schilling‘ – es macht richtig Spaß mit ihm!
</p>
<p><b>Alexander Schlager:</b> Es war schon so, dass wir hergefahren sind und unbedingt etwas mitnehmen wollten. Wir haben uns auch so eingeschworen, dass wir mit ,Eiern in der Hose‘ aufs Spielfeld gehen und das bis zur letzten Minute auch durchziehen. Wir haben heute bemerkt, was es in uns auslösen kann – da darf man sehr stolz auf die Leistung sein! Es war in allen Belangen ein sehr mutiger Auftritt. Ich bin happy, dass wir einen Sieg geholt haben und ich ein bisserl helfen konnte.
</p>
<p><b>Samson Baidoo:</b>Es war eine brutale Teamleistung! Wir waren als Mannschaft auf dem Platz und in den ersten Minuten richtig aggressiv, haben direkt die zwei Elfer rausgeholt. Für mich war es etwas Neues, vor so vielen Fans zu spielen, und etwas Unglaubliches auch, dafür spielt man Fußball!
</p>
</div>

<p>Benfica Lissabon gegen FC Salzburg, 0:2 Spieltag UEFA-Championsleague, Gruppe D-1. Runde Datum 20. September 2023 Anpfiff 21 Uhr Aufstellung Tor Alexander Schlager Verteidigung Amar Dedic &#8211; Samson Baidoo &#8211;Strahinja Pavlovic &#8211; Aleksa Terzic Mittelfeld Lucas Gourna-Douath &#8211; Mads Bidstrup &#8211; Maurits Kjaergaard&#8211; Oscar Gloukh Sturm Karim Konate &#8211; Roko Simic Wechsel Wechsel Sekou Koita für [&hellip;]</p>
