{"id":3330,"date":"2026-05-06T15:10:58","date_gmt":"2026-05-06T13:10:58","guid":{"rendered":"https:\/\/wiki.s12.at\/index.php\/benfica-lissabon-u19-gegen-fc-salzburg-u19\/"},"modified":"2026-05-06T15:10:58","modified_gmt":"2026-05-06T13:10:58","slug":"benfica-lissabon-u19-gegen-fc-salzburg-u19","status":"publish","type":"page","link":"https:\/\/wiki.s12.at\/index.php\/benfica-lissabon-u19-gegen-fc-salzburg-u19\/","title":{"rendered":"Benfica Lissabon U19 gegen FC Salzburg U19"},"content":{"rendered":"<div class=\"mw-parser-output\">\n<table class=\"toptextcells toccolours\">\n<tbody>\n<tr>\n<th colspan=\"2\" style=\"text-align: center; vertical-align: top; padding: 0.3em 0.8em; font-size: 125%; background-color: lightsteelblue;\">Benfica Lissabon U19 gegen FC Salzburg U19, 1:1\n<\/th>\n<\/tr>\n<tr>\n<th style=\"text-align:left;\"><b>Spieltag<\/b>\n<\/th>\n<th style=\"text-align:left;\">UEFA Youth League &#8211; 1. Runde\n<\/th>\n<\/tr>\n<tr>\n<th style=\"text-align:left;\"><b>Datum<\/b>\n<\/th>\n<th style=\"text-align:left;\">20. September 2023\n<\/th>\n<\/tr>\n<tr>\n<th style=\"text-align:left;\"><b>Anpfiff<\/b>\n<\/th>\n<th style=\"text-align:left;\">14 Uhr\n<\/th>\n<\/tr>\n<tr>\n<td colspan=\"2\" style=\"text-align:center;\" bgcolor=\"lightgray\"><b>Aufstellung<\/b>\n<\/td>\n<\/tr>\n<tr>\n<th style=\"text-align:left;\"><b>Tor<\/b>\n<\/th>\n<th><a href=\"\/Salko_Hamzic\" title=\"Salko Hamzic\">Salko Hamzic<\/a>\n<\/th>\n<\/tr>\n<tr>\n<th style=\"text-align:left;\"><b>Verteidigung<\/b>\n<\/th>\n<th><a href=\"\/Matteo_Schablas\" title=\"Matteo Schablas\">Matteo Schablas<\/a> &#8211; <a href=\"\/Marcel_Moswitzer\" title=\"Marcel Moswitzer\">Marcel Moswitzer<\/a>  &#8211;  <a href=\"\/John_Mellberg\" title=\"John Mellberg\">John Mellberg <\/a>  &#8211; <a href=\"\/Mark_Gevorgyan\" title=\"Mark Gevorgyan\">Mark Gevorgyan<\/a> &#8211;\n<\/th>\n<\/tr>\n<tr>\n<th style=\"text-align:left;\"><b>Mittelfeld<\/b>\n<\/th>\n<th><a href=\"\/Elione_Fernandes-Neto\" title=\"Elione Fernandes-Neto\">Elione Fernandes-Neto<\/a>&#8211; <a href=\"\/Tim_Paumgartner\" title=\"Tim Paumgartner\">Tim Paumgartner<\/a> &#8211; <a href=\"\/Oliver_Lukic\" title=\"Oliver Lukic\">Oliver Lukic<\/a> &#8211; <a href=\"\/Zeteny_Jano\" title=\"Zeteny Jano\">Zeteny Jano<\/a>\n<\/th>\n<\/tr>\n<tr>\n<th style=\"text-align:left;\"><b>Sturm<\/b>\n<\/th>\n<th><a href=\"\/Tim_Trummer\" title=\"Tim Trummer\">Tim Trummer<\/a> &#8211; <a href=\"\/Adam_Daghim\" title=\"Adam Daghim\">Adam Daghim<\/a>\n<\/th>\n<\/tr>\n<tr>\n<td colspan=\"2\" style=\"text-align:center;\" bgcolor=\"lightgray\"><b>Wechsel<\/b>\n<\/td>\n<\/tr>\n<tr>\n<th style=\"text-align:left;\"><b>Wechsel<\/b>\n<\/th>\n<th style=\"text-align:left;\"><a href=\"\/Valentin_Sulzbacher\" title=\"Valentin Sulzbacher\">Valentin Sulzbacher<\/a> f\u00fcr Nieto (64.), <a href=\"\/Federico_Crescenti\" class=\"mw-redirect\" title=\"Federico Crescenti\">Federico Crescenti<\/a> f\u00fcr Trummer (64.),<br \/> <a href=\"\/Moritz_Neumann\" title=\"Moritz Neumann\">Moritz Neumann<\/a> f\u00fcr Jano (78.), <a href=\"\/Jannik_Schuster\" title=\"Jannik Schuster\">Jannik Schuster<\/a> f\u00fcr Schablas (78.), <br \/><a href=\"\/Benjamin_Atiabou\" title=\"Benjamin Atiabou\">Benjamin Atiabou<\/a> f\u00fcr Mellberg (88.)\n<\/th>\n<\/tr>\n<tr>\n<td colspan=\"2\" style=\"text-align:center;\" bgcolor=\"lightgray\"><b>Statistik<\/b>\n<\/td>\n<\/tr>\n<tr>\n<th style=\"text-align:left;\"><b>Endstand<\/b>\n<\/th>\n<th style=\"text-align:left;\">1:1 (0:0)\n<\/th>\n<\/tr>\n<tr>\n<th style=\"text-align:left;\"><b>Torsch\u00fctzen<\/b>\n<\/th>\n<th style=\"text-align:left;\">Veloso (82.); Paumgartner (87.)\n<\/th>\n<\/tr>\n<tr>\n<th style=\"text-align:left;\"><b>Gelbe Karten<\/b>\n<\/th>\n<th style=\"text-align:left;\">Luis (66.),  Conceicao (89.);  Moswitzer (19.), <br \/>Gevorgyan  (21.), Lukic (66.), Atiabou (92.), Hamzic (94.)\n<\/th>\n<\/tr>\n<tr>\n<th style=\"text-align:left;\"><b>Rote Karten<\/b>\n<\/th>\n<th style=\"text-align:left;\">\n<\/th>\n<\/tr>\n<tr>\n<th style=\"text-align:left;\"><b>Schiedsrichter<\/b>\n<\/th>\n<th style=\"text-align:left;\">Viktor Kopiievskyi (UKR)\n<\/th>\n<\/tr>\n<tr>\n<th style=\"text-align:left;\"><b>Stadion<\/b>\n<\/th>\n<th style=\"text-align:left;\">Futebol Campus, Seixal\n<\/th>\n<\/tr>\n<tr>\n<th style=\"text-align:left;\"><b>Zuschauer<\/b>\n<\/th>\n<th style=\"text-align:left;\">\n<\/th>\n<\/tr>\n<\/tbody>\n<\/table>\n<h2><span class=\"mw-headline\" id=\"Spielbericht\">Spielbericht<\/span><a href=\"\/index.php?title=Benfica_Lissabon_U19_gegen_FC_Salzburg_U19&amp;action=edit&amp;section=1\" title=\"Abschnitt bearbeiten: Spielbericht\">Bearbeiten<\/a><span class=\"mw-editsection-bracket\">]<\/span><\/span><\/h2>\n<p><a rel=\"nofollow\" class=\"external text\" href=\"https:\/\/www.redbullsalzburg.at\/de\/uefa-youth-league\/2023-2024\/spielplan-u19\/youth-league-runde-1-benfica-u19-vs-fc-salzburg-u19#spielbericht\">Spielbericht Vereinshomepage<\/a>\n<\/p>\n<h2><span class=\"mw-headline\" id=\"Stimmen_zum_Spiel\">Stimmen zum Spiel<\/span><a href=\"\/index.php?title=Benfica_Lissabon_U19_gegen_FC_Salzburg_U19&amp;action=edit&amp;section=2\" title=\"Abschnitt bearbeiten: Stimmen zum Spiel\">Bearbeiten<\/a><span class=\"mw-editsection-bracket\">]<\/span><\/span><\/h2>\n<p><b>Onur Cinel:<\/b> Wir hatten ja gesagt, dass uns europ\u00e4isches Spitzenniveau erwartet. Das hat man heute gesehen \u2013 und zwar in vielen Spielphasen von beiden Mannschaften, wie ich finde. Man muss den Jungs hoch anrechnen, dass sie nach so einem Schlag ins Gesicht \u2013 gerade ausw\u00e4rts in Lissabon \u2013 noch mal zur\u00fcckkommen. Das verdient schon Respekt, ich bin ziemlich stolz auf das Comeback. Benfica geh\u00f6rt zu den f\u00fcnf, sechs Top-Mannschaften in der Youth League \u2013 das wird den Jungs viel Auftrieb geben!\n<\/p>\n<\/div>\n","protected":false},"excerpt":{"rendered":"<p>Benfica Lissabon U19 gegen FC Salzburg U19, 1:1 Spieltag UEFA Youth League &#8211; 1. Runde Datum 20. September 2023 Anpfiff 14 Uhr Aufstellung Tor Salko Hamzic Verteidigung Matteo Schablas &#8211; Marcel Moswitzer &#8211; John Mellberg &#8211; Mark Gevorgyan &#8211; Mittelfeld Elione Fernandes-Neto&#8211; Tim Paumgartner &#8211; Oliver Lukic &#8211; Zeteny Jano Sturm Tim Trummer &#8211; Adam [&hellip;]<\/p>\n","protected":false},"author":1,"featured_media":0,"parent":0,"menu_order":0,"comment_status":"closed","ping_status":"closed","template":"","meta":{"footnotes":""},"class_list":["post-3330","page","type-page","status-publish","hentry"],"_links":{"self":[{"href":"https:\/\/wiki.s12.at\/index.php\/wp-json\/wp\/v2\/pages\/3330","targetHints":{"allow":["GET"]}}],"collection":[{"href":"https:\/\/wiki.s12.at\/index.php\/wp-json\/wp\/v2\/pages"}],"about":[{"href":"https:\/\/wiki.s12.at\/index.php\/wp-json\/wp\/v2\/types\/page"}],"author":[{"embeddable":true,"href":"https:\/\/wiki.s12.at\/index.php\/wp-json\/wp\/v2\/users\/1"}],"replies":[{"embeddable":true,"href":"https:\/\/wiki.s12.at\/index.php\/wp-json\/wp\/v2\/comments?post=3330"}],"version-history":[{"count":0,"href":"https:\/\/wiki.s12.at\/index.php\/wp-json\/wp\/v2\/pages\/3330\/revisions"}],"wp:attachment":[{"href":"https:\/\/wiki.s12.at\/index.php\/wp-json\/wp\/v2\/media?parent=3330"}],"curies":[{"name":"wp","href":"https:\/\/api.w.org\/{rel}","templated":true}]}}

<div class="mw-parser-output">
<table class="toptextcells toccolours">
<tbody>
<tr>
<th colspan="2" style="text-align: center; vertical-align: top; padding: 0.3em 0.8em; font-size: 125%; background-color: lightsteelblue;">Benfica Lissabon U19 gegen FC Salzburg U19, 1:1
</th>
</tr>
<tr>
<th style="text-align:left;"><b>Spieltag</b>
</th>
<th style="text-align:left;">UEFA Youth League &#8211; 1. Runde
</th>
</tr>
<tr>
<th style="text-align:left;"><b>Datum</b>
</th>
<th style="text-align:left;">20. September 2023
</th>
</tr>
<tr>
<th style="text-align:left;"><b>Anpfiff</b>
</th>
<th style="text-align:left;">14 Uhr
</th>
</tr>
<tr>
<td colspan="2" style="text-align:center;" bgcolor="lightgray"><b>Aufstellung</b>
</td>
</tr>
<tr>
<th style="text-align:left;"><b>Tor</b>
</th>
<th><a href="/Salko_Hamzic" title="Salko Hamzic">Salko Hamzic</a>
</th>
</tr>
<tr>
<th style="text-align:left;"><b>Verteidigung</b>
</th>
<th><a href="/Matteo_Schablas" title="Matteo Schablas">Matteo Schablas</a> &#8211; <a href="/Marcel_Moswitzer" title="Marcel Moswitzer">Marcel Moswitzer</a>  &#8211;  <a href="/John_Mellberg" title="John Mellberg">John Mellberg </a>  &#8211; <a href="/Mark_Gevorgyan" title="Mark Gevorgyan">Mark Gevorgyan</a> &#8211;
</th>
</tr>
<tr>
<th style="text-align:left;"><b>Mittelfeld</b>
</th>
<th><a href="/Elione_Fernandes-Neto" title="Elione Fernandes-Neto">Elione Fernandes-Neto</a>&#8211; <a href="/Tim_Paumgartner" title="Tim Paumgartner">Tim Paumgartner</a> &#8211; <a href="/Oliver_Lukic" title="Oliver Lukic">Oliver Lukic</a> &#8211; <a href="/Zeteny_Jano" title="Zeteny Jano">Zeteny Jano</a>
</th>
</tr>
<tr>
<th style="text-align:left;"><b>Sturm</b>
</th>
<th><a href="/Tim_Trummer" title="Tim Trummer">Tim Trummer</a> &#8211; <a href="/Adam_Daghim" title="Adam Daghim">Adam Daghim</a>
</th>
</tr>
<tr>
<td colspan="2" style="text-align:center;" bgcolor="lightgray"><b>Wechsel</b>
</td>
</tr>
<tr>
<th style="text-align:left;"><b>Wechsel</b>
</th>
<th style="text-align:left;"><a href="/Valentin_Sulzbacher" title="Valentin Sulzbacher">Valentin Sulzbacher</a> für Nieto (64.), <a href="/Federico_Crescenti" class="mw-redirect" title="Federico Crescenti">Federico Crescenti</a> für Trummer (64.),<br /> <a href="/Moritz_Neumann" title="Moritz Neumann">Moritz Neumann</a> für Jano (78.), <a href="/Jannik_Schuster" title="Jannik Schuster">Jannik Schuster</a> für Schablas (78.), <br /><a href="/Benjamin_Atiabou" title="Benjamin Atiabou">Benjamin Atiabou</a> für Mellberg (88.)
</th>
</tr>
<tr>
<td colspan="2" style="text-align:center;" bgcolor="lightgray"><b>Statistik</b>
</td>
</tr>
<tr>
<th style="text-align:left;"><b>Endstand</b>
</th>
<th style="text-align:left;">1:1 (0:0)
</th>
</tr>
<tr>
<th style="text-align:left;"><b>Torschützen</b>
</th>
<th style="text-align:left;">Veloso (82.); Paumgartner (87.)
</th>
</tr>
<tr>
<th style="text-align:left;"><b>Gelbe Karten</b>
</th>
<th style="text-align:left;">Luis (66.),  Conceicao (89.);  Moswitzer (19.), <br />Gevorgyan  (21.), Lukic (66.), Atiabou (92.), Hamzic (94.)
</th>
</tr>
<tr>
<th style="text-align:left;"><b>Rote Karten</b>
</th>
<th style="text-align:left;">
</th>
</tr>
<tr>
<th style="text-align:left;"><b>Schiedsrichter</b>
</th>
<th style="text-align:left;">Viktor Kopiievskyi (UKR)
</th>
</tr>
<tr>
<th style="text-align:left;"><b>Stadion</b>
</th>
<th style="text-align:left;">Futebol Campus, Seixal
</th>
</tr>
<tr>
<th style="text-align:left;"><b>Zuschauer</b>
</th>
<th style="text-align:left;">
</th>
</tr>
</tbody>
</table>
<h2><span class="mw-headline" id="Spielbericht">Spielbericht</span><a href="/index.php?title=Benfica_Lissabon_U19_gegen_FC_Salzburg_U19&amp;action=edit&amp;section=1" title="Abschnitt bearbeiten: Spielbericht">Bearbeiten</a><span class="mw-editsection-bracket">]</span></span></h2>
<p><a rel="nofollow" class="external text" href="https://www.redbullsalzburg.at/de/uefa-youth-league/2023-2024/spielplan-u19/youth-league-runde-1-benfica-u19-vs-fc-salzburg-u19#spielbericht">Spielbericht Vereinshomepage</a>
</p>
<h2><span class="mw-headline" id="Stimmen_zum_Spiel">Stimmen zum Spiel</span><a href="/index.php?title=Benfica_Lissabon_U19_gegen_FC_Salzburg_U19&amp;action=edit&amp;section=2" title="Abschnitt bearbeiten: Stimmen zum Spiel">Bearbeiten</a><span class="mw-editsection-bracket">]</span></span></h2>
<p><b>Onur Cinel:</b> Wir hatten ja gesagt, dass uns europäisches Spitzenniveau erwartet. Das hat man heute gesehen – und zwar in vielen Spielphasen von beiden Mannschaften, wie ich finde. Man muss den Jungs hoch anrechnen, dass sie nach so einem Schlag ins Gesicht – gerade auswärts in Lissabon – noch mal zurückkommen. Das verdient schon Respekt, ich bin ziemlich stolz auf das Comeback. Benfica gehört zu den fünf, sechs Top-Mannschaften in der Youth League – das wird den Jungs viel Auftrieb geben!
</p>
</div>
