{"id":3157,"date":"2026-05-06T15:05:49","date_gmt":"2026-05-06T13:05:49","guid":{"rendered":"https:\/\/wiki.s12.at\/index.php\/austria-salzburg-ac-parma\/"},"modified":"2026-05-06T15:05:49","modified_gmt":"2026-05-06T13:05:49","slug":"austria-salzburg-ac-parma","status":"publish","type":"page","link":"https:\/\/wiki.s12.at\/index.php\/austria-salzburg-ac-parma\/","title":{"rendered":"Austria Salzburg &#8211; AC Parma"},"content":{"rendered":"<div class=\"mw-parser-output\">\n<p><b>UEFA-Cup 2003\/04, 2. Runde-Hinspiel, 24. September 2003, 18 Uhr<br \/> <\/b>\n<\/p>\n<table class=\"wikitable\">\n<caption><big>  SV Austria Salzburg gegen AC Parma, 0:4<\/big><br \/>\n<\/caption>\n<tbody>\n<tr>\n<td>Aufstellung:<\/td>\n<td><a href=\"\/Heinz_Arzberger\" title=\"Heinz Arzberger\">Heinz Arzberger<\/a> <a href=\"\/Christoph_Jank\" title=\"Christoph Jank\">Christoph Jank<\/a> <a href=\"\/Heiko_Laessig\" title=\"Heiko Laessig\">Heiko Laessig<\/a> <a href=\"\/Thomas_Winklhofer\" title=\"Thomas Winklhofer\">Thomas Winklhofer<\/a> <a href=\"\/Andreas_Ibertsberger\" title=\"Andreas Ibertsberger\">Andreas Ibertsberger<\/a> <a href=\"\/Ewald_Brenner\" title=\"Ewald Brenner\">Ewald Brenner<\/a> <a href=\"\/Maynor_Suazo\" title=\"Maynor Suazo\">Maynor Suazo<\/a> <a href=\"\/Thomas_H%C3%A4%C3%9Fler\" title=\"Thomas H\u00e4\u00dfler\">Thomas H\u00e4\u00dfler<\/a> <a href=\"\/Thomas_Eder\" title=\"Thomas Eder\">Thomas Eder<\/a> (55. <a href=\"\/J%C3%BCrgen_Pichorner\" title=\"J\u00fcrgen Pichorner\">J\u00fcrgen Pichorner<\/a>) <a href=\"\/Markus_Scharrer\" title=\"Markus Scharrer\">Markus Scharrer<\/a> (55. <a href=\"\/Goran_Tomic\" title=\"Goran Tomic\">Goran Tomic<\/a>) <a href=\"\/Alexander_Schriebl\" title=\"Alexander Schriebl\">Alexander Schriebl<\/a> (70. <a href=\"\/Heimo_Pfeifenberger\" title=\"Heimo Pfeifenberger\">Heimo Pfeifenberger<\/a>)\n<\/td>\n<\/tr>\n<tr>\n<td>Endstand:<\/td>\n<td>0:4 (0:0)\n<\/td>\n<\/tr>\n<tr>\n<td>Torsch\u00fctzen:<\/td>\n<td>Filippini (60., E.), Gilardino (65.), Nakata (84.), Rosina (87.)\n<\/td>\n<\/tr>\n<tr>\n<td>Gelbe Karten:<\/td>\n<td>Laessig (59.); Gilardino (8.), Ferrari (63.)\n<\/td>\n<\/tr>\n<tr>\n<td>Gelb-Rote Karten:<\/td>\n<td>\n<\/td>\n<\/tr>\n<tr>\n<td>Rote Karten:<\/td>\n<td>\n<\/td>\n<\/tr>\n<tr>\n<td>Schiedsrichter:<\/td>\n<td>Eduardo Iturralde Gonzalez (Spanien)\n<\/td>\n<\/tr>\n<tr>\n<td>Stadion:<\/td>\n<td>Stadion der Stadt Linz &#8222;Gugl&#8220;\n<\/td>\n<\/tr>\n<tr>\n<td>Zuschauer:<\/td>\n<td>8 000\n<\/td>\n<\/tr>\n<\/tbody>\n<\/table>\n<\/div>\n","protected":false},"excerpt":{"rendered":"<p>UEFA-Cup 2003\/04, 2. Runde-Hinspiel, 24. September 2003, 18 Uhr SV Austria Salzburg gegen AC Parma, 0:4 Aufstellung: Heinz Arzberger Christoph Jank Heiko Laessig Thomas Winklhofer Andreas Ibertsberger Ewald Brenner Maynor Suazo Thomas H\u00e4\u00dfler Thomas Eder (55. J\u00fcrgen Pichorner) Markus Scharrer (55. Goran Tomic) Alexander Schriebl (70. Heimo Pfeifenberger) Endstand: 0:4 (0:0) Torsch\u00fctzen: Filippini (60., E.), [&hellip;]<\/p>\n","protected":false},"author":1,"featured_media":0,"parent":0,"menu_order":0,"comment_status":"closed","ping_status":"closed","template":"","meta":{"footnotes":""},"class_list":["post-3157","page","type-page","status-publish","hentry"],"_links":{"self":[{"href":"https:\/\/wiki.s12.at\/index.php\/wp-json\/wp\/v2\/pages\/3157","targetHints":{"allow":["GET"]}}],"collection":[{"href":"https:\/\/wiki.s12.at\/index.php\/wp-json\/wp\/v2\/pages"}],"about":[{"href":"https:\/\/wiki.s12.at\/index.php\/wp-json\/wp\/v2\/types\/page"}],"author":[{"embeddable":true,"href":"https:\/\/wiki.s12.at\/index.php\/wp-json\/wp\/v2\/users\/1"}],"replies":[{"embeddable":true,"href":"https:\/\/wiki.s12.at\/index.php\/wp-json\/wp\/v2\/comments?post=3157"}],"version-history":[{"count":0,"href":"https:\/\/wiki.s12.at\/index.php\/wp-json\/wp\/v2\/pages\/3157\/revisions"}],"wp:attachment":[{"href":"https:\/\/wiki.s12.at\/index.php\/wp-json\/wp\/v2\/media?parent=3157"}],"curies":[{"name":"wp","href":"https:\/\/api.w.org\/{rel}","templated":true}]}}

<div class="mw-parser-output">
<p><b>UEFA-Cup 2003/04, 2. Runde-Hinspiel, 24. September 2003, 18 Uhr<br /> </b>
</p>
<table class="wikitable">
<caption><big>  SV Austria Salzburg gegen AC Parma, 0:4</big><br />
</caption>
<tbody>
<tr>
<td>Aufstellung:</td>
<td><a href="/Heinz_Arzberger" title="Heinz Arzberger">Heinz Arzberger</a> <a href="/Christoph_Jank" title="Christoph Jank">Christoph Jank</a> <a href="/Heiko_Laessig" title="Heiko Laessig">Heiko Laessig</a> <a href="/Thomas_Winklhofer" title="Thomas Winklhofer">Thomas Winklhofer</a> <a href="/Andreas_Ibertsberger" title="Andreas Ibertsberger">Andreas Ibertsberger</a> <a href="/Ewald_Brenner" title="Ewald Brenner">Ewald Brenner</a> <a href="/Maynor_Suazo" title="Maynor Suazo">Maynor Suazo</a> <a href="/Thomas_H%C3%A4%C3%9Fler" title="Thomas Häßler">Thomas Häßler</a> <a href="/Thomas_Eder" title="Thomas Eder">Thomas Eder</a> (55. <a href="/J%C3%BCrgen_Pichorner" title="Jürgen Pichorner">Jürgen Pichorner</a>) <a href="/Markus_Scharrer" title="Markus Scharrer">Markus Scharrer</a> (55. <a href="/Goran_Tomic" title="Goran Tomic">Goran Tomic</a>) <a href="/Alexander_Schriebl" title="Alexander Schriebl">Alexander Schriebl</a> (70. <a href="/Heimo_Pfeifenberger" title="Heimo Pfeifenberger">Heimo Pfeifenberger</a>)
</td>
</tr>
<tr>
<td>Endstand:</td>
<td>0:4 (0:0)
</td>
</tr>
<tr>
<td>Torschützen:</td>
<td>Filippini (60., E.), Gilardino (65.), Nakata (84.), Rosina (87.)
</td>
</tr>
<tr>
<td>Gelbe Karten:</td>
<td>Laessig (59.); Gilardino (8.), Ferrari (63.)
</td>
</tr>
<tr>
<td>Gelb-Rote Karten:</td>
<td>
</td>
</tr>
<tr>
<td>Rote Karten:</td>
<td>
</td>
</tr>
<tr>
<td>Schiedsrichter:</td>
<td>Eduardo Iturralde Gonzalez (Spanien)
</td>
</tr>
<tr>
<td>Stadion:</td>
<td>Stadion der Stadt Linz &#8222;Gugl&#8220;
</td>
</tr>
<tr>
<td>Zuschauer:</td>
<td>8 000
</td>
</tr>
</tbody>
</table>
</div>

<p>UEFA-Cup 2003/04, 2. Runde-Hinspiel, 24. September 2003, 18 Uhr SV Austria Salzburg gegen AC Parma, 0:4 Aufstellung: Heinz Arzberger Christoph Jank Heiko Laessig Thomas Winklhofer Andreas Ibertsberger Ewald Brenner Maynor Suazo Thomas Häßler Thomas Eder (55. Jürgen Pichorner) Markus Scharrer (55. Goran Tomic) Alexander Schriebl (70. Heimo Pfeifenberger) Endstand: 0:4 (0:0) Torschützen: Filippini (60., E.), [&hellip;]</p>
