{"id":31,"date":"2026-05-06T12:53:41","date_gmt":"2026-05-06T10:53:41","guid":{"rendered":"http:\/\/wiki.s12.at\/index.php\/1-fc-voecklabruck\/"},"modified":"2026-05-06T12:53:41","modified_gmt":"2026-05-06T10:53:41","slug":"1-fc-voecklabruck","status":"publish","type":"page","link":"https:\/\/wiki.s12.at\/index.php\/1-fc-voecklabruck\/","title":{"rendered":"1. FC V\u00f6cklabruck"},"content":{"rendered":"<div class=\"mw-parser-output\">\n<div class=\"floatright\"><a href=\"\/Datei:FC_RFE_Voecklabruck.svg.png\" class=\"image\"><img alt=\"FC RFE Voecklabruck.svg.png\" src=\"\/images\/thumb\/6\/65\/FC_RFE_Voecklabruck.svg.png\/200px-FC_RFE_Voecklabruck.svg.png\" decoding=\"async\" width=\"200\" height=\"200\" srcset=\"\/images\/thumb\/6\/65\/FC_RFE_Voecklabruck.svg.png\/300px-FC_RFE_Voecklabruck.svg.png 1.5x, \/images\/6\/65\/FC_RFE_Voecklabruck.svg.png 2x\" \/><\/a><\/div>\n<p>Der <b>1. FC V\u00f6cklabruck (offiziell 1. Fu\u00dfballclub RFE V\u00f6cklabruck)<\/b> war ein Fu\u00dfballverein aus der ober\u00f6sterreichischen Bezirkshauptstadt V\u00f6cklabruck. Er spielte 2008\/09 in der Ersten Liga, wo er den 12. Platz belegte. Danach stellte er den Spielbetrieb ein. Mit dem V\u00f6cklabrucker Sportclub (kurz VB SC) wurde ein Nachfolgeverein gegr\u00fcndet, der in der niedrigsten ober\u00f6sterreichischen Spielklasse neu begann.\n<\/p>\n<h2><span class=\"mw-headline\" id=\"Bilanz\">Bilanz<\/span><a href=\"\/index.php?title=1._FC_V%C3%B6cklabruck&amp;action=edit&amp;section=1\" title=\"Abschnitt bearbeiten: Bilanz\">Bearbeiten<\/a><span class=\"mw-editsection-bracket\">]<\/span><\/span><\/h2>\n<table style=\"border-style:solid;border-width:1px;border-color:#808080;background-color:#EFEFEF\" cellspacing=\"2\" cellpadding=\"2\" width=\"300px\">\n<tbody>\n<tr bgcolor=\"#EFEFEF\">\n<th>Spiele\n<\/th>\n<th>S\n<\/th>\n<th>U\n<\/th>\n<th>N\n<\/th>\n<th>Tore\n<\/th>\n<\/tr>\n<tr align=\"left\" valign=\"top\" bgcolor=\"#ccffcc\">\n<td align=\"center\">2\n<\/td>\n<td align=\"center\">2\n<\/td>\n<td align=\"center\">0\n<\/td>\n<td align=\"center\">0\n<\/td>\n<td align=\"center\">9:3\n<\/td>\n<\/tr>\n<\/tbody>\n<\/table>\n<ul>\n<li>\u00d6FB Cup 2009<\/li>\n<\/ul>\n<h2><span class=\"mw-headline\" id=\"Bilanz_Red_Bull_Juniors\">Bilanz Red Bull Juniors<\/span><a href=\"\/index.php?title=1._FC_V%C3%B6cklabruck&amp;action=edit&amp;section=2\" title=\"Abschnitt bearbeiten: Bilanz Red Bull Juniors\">Bearbeiten<\/a><span class=\"mw-editsection-bracket\">]<\/span><\/span><\/h2>\n<table style=\"border-style:solid;border-width:1px;border-color:#808080;background-color:#EFEFEF\" cellspacing=\"2\" cellpadding=\"2\" width=\"300px\">\n<tbody>\n<tr bgcolor=\"#EFEFEF\">\n<th>Spiele\n<\/th>\n<th>S\n<\/th>\n<th>U\n<\/th>\n<th>N\n<\/th>\n<th>Tore\n<\/th>\n<\/tr>\n<tr align=\"left\" valign=\"top\" bgcolor=\"#ccffcc\">\n<td align=\"center\">3\n<\/td>\n<td align=\"center\">2\n<\/td>\n<td align=\"center\">0\n<\/td>\n<td align=\"center\">1\n<\/td>\n<td align=\"center\">6:7\n<\/td>\n<\/tr>\n<\/tbody>\n<\/table>\n<\/div>\n","protected":false},"excerpt":{"rendered":"<p>Der 1. FC V\u00f6cklabruck (offiziell 1. Fu\u00dfballclub RFE V\u00f6cklabruck) war ein Fu\u00dfballverein aus der ober\u00f6sterreichischen Bezirkshauptstadt V\u00f6cklabruck. Er spielte 2008\/09 in der Ersten Liga, wo er den 12. Platz belegte. Danach stellte er den Spielbetrieb ein. Mit dem V\u00f6cklabrucker Sportclub (kurz VB SC) wurde ein Nachfolgeverein gegr\u00fcndet, der in der niedrigsten ober\u00f6sterreichischen Spielklasse neu begann. [&hellip;]<\/p>\n","protected":false},"author":1,"featured_media":0,"parent":0,"menu_order":0,"comment_status":"closed","ping_status":"closed","template":"","meta":{"footnotes":""},"class_list":["post-31","page","type-page","status-publish","hentry"],"_links":{"self":[{"href":"https:\/\/wiki.s12.at\/index.php\/wp-json\/wp\/v2\/pages\/31","targetHints":{"allow":["GET"]}}],"collection":[{"href":"https:\/\/wiki.s12.at\/index.php\/wp-json\/wp\/v2\/pages"}],"about":[{"href":"https:\/\/wiki.s12.at\/index.php\/wp-json\/wp\/v2\/types\/page"}],"author":[{"embeddable":true,"href":"https:\/\/wiki.s12.at\/index.php\/wp-json\/wp\/v2\/users\/1"}],"replies":[{"embeddable":true,"href":"https:\/\/wiki.s12.at\/index.php\/wp-json\/wp\/v2\/comments?post=31"}],"version-history":[{"count":0,"href":"https:\/\/wiki.s12.at\/index.php\/wp-json\/wp\/v2\/pages\/31\/revisions"}],"wp:attachment":[{"href":"https:\/\/wiki.s12.at\/index.php\/wp-json\/wp\/v2\/media?parent=31"}],"curies":[{"name":"wp","href":"https:\/\/api.w.org\/{rel}","templated":true}]}}

1. FC Vöcklabruck

<div class="mw-parser-output">
<div class="floatright"><a href="/Datei:FC_RFE_Voecklabruck.svg.png" class="image"><img alt="FC RFE Voecklabruck.svg.png" src="/images/thumb/6/65/FC_RFE_Voecklabruck.svg.png/200px-FC_RFE_Voecklabruck.svg.png" decoding="async" width="200" height="200" srcset="/images/thumb/6/65/FC_RFE_Voecklabruck.svg.png/300px-FC_RFE_Voecklabruck.svg.png 1.5x, /images/6/65/FC_RFE_Voecklabruck.svg.png 2x" /></a></div>
<p>Der <b>1. FC Vöcklabruck (offiziell 1. Fußballclub RFE Vöcklabruck)</b> war ein Fußballverein aus der oberösterreichischen Bezirkshauptstadt Vöcklabruck. Er spielte 2008/09 in der Ersten Liga, wo er den 12. Platz belegte. Danach stellte er den Spielbetrieb ein. Mit dem Vöcklabrucker Sportclub (kurz VB SC) wurde ein Nachfolgeverein gegründet, der in der niedrigsten oberösterreichischen Spielklasse neu begann.
</p>
<h2><span class="mw-headline" id="Bilanz">Bilanz</span><a href="/index.php?title=1._FC_V%C3%B6cklabruck&amp;action=edit&amp;section=1" title="Abschnitt bearbeiten: Bilanz">Bearbeiten</a><span class="mw-editsection-bracket">]</span></span></h2>
<table style="border-style:solid;border-width:1px;border-color:#808080;background-color:#EFEFEF" cellspacing="2" cellpadding="2" width="300px">
<tbody>
<tr bgcolor="#EFEFEF">
<th>Spiele
</th>
<th>S
</th>
<th>U
</th>
<th>N
</th>
<th>Tore
</th>
</tr>
<tr align="left" valign="top" bgcolor="#ccffcc">
<td align="center">2
</td>
<td align="center">2
</td>
<td align="center">0
</td>
<td align="center">0
</td>
<td align="center">9:3
</td>
</tr>
</tbody>
</table>
<ul>
<li>ÖFB Cup 2009</li>
</ul>
<h2><span class="mw-headline" id="Bilanz_Red_Bull_Juniors">Bilanz Red Bull Juniors</span><a href="/index.php?title=1._FC_V%C3%B6cklabruck&amp;action=edit&amp;section=2" title="Abschnitt bearbeiten: Bilanz Red Bull Juniors">Bearbeiten</a><span class="mw-editsection-bracket">]</span></span></h2>
<table style="border-style:solid;border-width:1px;border-color:#808080;background-color:#EFEFEF" cellspacing="2" cellpadding="2" width="300px">
<tbody>
<tr bgcolor="#EFEFEF">
<th>Spiele
</th>
<th>S
</th>
<th>U
</th>
<th>N
</th>
<th>Tore
</th>
</tr>
<tr align="left" valign="top" bgcolor="#ccffcc">
<td align="center">3
</td>
<td align="center">2
</td>
<td align="center">0
</td>
<td align="center">1
</td>
<td align="center">6:7
</td>
</tr>
</tbody>
</table>
</div>

<p>Der 1. FC Vöcklabruck (offiziell 1. Fußballclub RFE Vöcklabruck) war ein Fußballverein aus der oberösterreichischen Bezirkshauptstadt Vöcklabruck. Er spielte 2008/09 in der Ersten Liga, wo er den 12. Platz belegte. Danach stellte er den Spielbetrieb ein. Mit dem Vöcklabrucker Sportclub (kurz VB SC) wurde ein Nachfolgeverein gegründet, der in der niedrigsten oberösterreichischen Spielklasse neu begann. [&hellip;]</p>
