{"id":3048,"date":"2026-05-06T15:03:33","date_gmt":"2026-05-06T13:03:33","guid":{"rendered":"https:\/\/wiki.s12.at\/index.php\/amar-dedic\/"},"modified":"2026-05-06T15:03:33","modified_gmt":"2026-05-06T13:03:33","slug":"amar-dedic","status":"publish","type":"page","link":"https:\/\/wiki.s12.at\/index.php\/amar-dedic\/","title":{"rendered":"Amar Dedic"},"content":{"rendered":"<div class=\"mw-parser-output\">\n<div class=\"thumb tright\">\n<div class=\"thumbinner\" style=\"width:302px;\"><a href=\"\/Datei:FC_Liefering_versus_Young_Violets_Austria_Wien_(30._August_2019)_34.jpg\" class=\"image\"><img fetchpriority=\"high\" alt=\"FC Liefering versus Young Violets Austria Wien (30. August 2019) 34.jpg\" src=\"\/images\/thumb\/f\/f4\/FC_Liefering_versus_Young_Violets_Austria_Wien_%2830._August_2019%29_34.jpg\/330px-FC_Liefering_versus_Young_Violets_Austria_Wien_%2830._August_2019%29_34.jpg%3Futm_source%3Dcommons.wikimedia.org%26utm_campaign%3Dimageinfo%26utm_content%3Dthumbnail\" decoding=\"async\" width=\"300\" height=\"383\" class=\"thumbimage\" srcset=\"\/images\/thumb\/f\/f4\/FC_Liefering_versus_Young_Violets_Austria_Wien_%2830._August_2019%29_34.jpg\/500px-FC_Liefering_versus_Young_Violets_Austria_Wien_%2830._August_2019%29_34.jpg%3Futm_source%3Dcommons.wikimedia.org%26utm_campaign%3Dimageinfo%26utm_content%3Dthumbnail 1.5x, \/images\/thumb\/f\/f4\/FC_Liefering_versus_Young_Violets_Austria_Wien_%2830._August_2019%29_34.jpg\/960px-FC_Liefering_versus_Young_Violets_Austria_Wien_%2830._August_2019%29_34.jpg%3Futm_source%3Dcommons.wikimedia.org%26utm_campaign%3Dimageinfo%26utm_content%3Dthumbnail 2x\" \/><\/a>  <\/p>\n<div class=\"thumbcaption\">\n<div class=\"magnify\"><a href=\"\/Datei:FC_Liefering_versus_Young_Violets_Austria_Wien_(30._August_2019)_34.jpg\" class=\"internal\" title=\"vergr\u00f6\u00dfern\"><\/a><\/div>\n<\/div>\n<\/div>\n<\/div>\n<ul>\n<li>Name: <b>Amar Dedic<\/b><\/li>\n<li>Geburtstag: 18. August 2002<\/li>\n<li>Geburtsort: Zell am See<\/li>\n<li>Geburtsland: \u00d6sterreich<\/li>\n<li>Nationalit\u00e4t: \u00d6sterreich\/Bosnien-Herzegowina<\/li>\n<li>Gr\u00f6\u00dfe: 180 cm<\/li>\n<li>Position: Verteidiger<\/li>\n<li>Nationalmannschaft: Bosnien-Herzegowina (U16\/ U17\/U19\/U21), Bosnien-Herzegowina<\/li>\n<\/ul>\n<h2><span class=\"mw-headline\" id=\"Stationen\">Stationen<\/span><a href=\"\/index.php?title=Amar_Dedic&amp;action=edit&amp;section=1\" title=\"Abschnitt bearbeiten: Stationen\">Bearbeiten<\/a><span class=\"mw-editsection-bracket\">]<\/span><\/span><\/h2>\n<ul>\n<li>LUV Graz, Sturm Graz (Jugend)<\/li>\n<li>AKA Red Bull Salzburg U15<\/li>\n<li>AKA Red Bull Salzburg U16<\/li>\n<li>AKA Red Bull Salzburg U18<\/li>\n<li>FC Liefering<\/li>\n<li>FC Red Bull Salzburg<\/li>\n<li>Wolfsberger AC (Leihe)<\/li>\n<li>Olympique Marseille<\/li>\n<li>Benfica Lissabon<\/li>\n<\/ul>\n<h2><span class=\"mw-headline\" id=\"Erfolge\">Erfolge<\/span><a href=\"\/index.php?title=Amar_Dedic&amp;action=edit&amp;section=2\" title=\"Abschnitt bearbeiten: Erfolge\">Bearbeiten<\/a><span class=\"mw-editsection-bracket\">]<\/span><\/span><\/h2>\n<ul>\n<li>\u00d6sterreichischer Meister: 2021, 2023<\/li>\n<li>\u00d6sterreichischer Cupsieger: 2021<\/li>\n<li>Bundesliga-Team der Saison: 2023<\/li>\n<\/ul>\n<\/div>\n","protected":false},"excerpt":{"rendered":"<p>Name: Amar Dedic Geburtstag: 18. August 2002 Geburtsort: Zell am See Geburtsland: \u00d6sterreich Nationalit\u00e4t: \u00d6sterreich\/Bosnien-Herzegowina Gr\u00f6\u00dfe: 180 cm Position: Verteidiger Nationalmannschaft: Bosnien-Herzegowina (U16\/ U17\/U19\/U21), Bosnien-Herzegowina StationenBearbeiten] LUV Graz, Sturm Graz (Jugend) AKA Red Bull Salzburg U15 AKA Red Bull Salzburg U16 AKA Red Bull Salzburg U18 FC Liefering FC Red Bull Salzburg Wolfsberger AC (Leihe) [&hellip;]<\/p>\n","protected":false},"author":1,"featured_media":0,"parent":0,"menu_order":0,"comment_status":"closed","ping_status":"closed","template":"","meta":{"footnotes":""},"class_list":["post-3048","page","type-page","status-publish","hentry"],"_links":{"self":[{"href":"https:\/\/wiki.s12.at\/index.php\/wp-json\/wp\/v2\/pages\/3048","targetHints":{"allow":["GET"]}}],"collection":[{"href":"https:\/\/wiki.s12.at\/index.php\/wp-json\/wp\/v2\/pages"}],"about":[{"href":"https:\/\/wiki.s12.at\/index.php\/wp-json\/wp\/v2\/types\/page"}],"author":[{"embeddable":true,"href":"https:\/\/wiki.s12.at\/index.php\/wp-json\/wp\/v2\/users\/1"}],"replies":[{"embeddable":true,"href":"https:\/\/wiki.s12.at\/index.php\/wp-json\/wp\/v2\/comments?post=3048"}],"version-history":[{"count":0,"href":"https:\/\/wiki.s12.at\/index.php\/wp-json\/wp\/v2\/pages\/3048\/revisions"}],"wp:attachment":[{"href":"https:\/\/wiki.s12.at\/index.php\/wp-json\/wp\/v2\/media?parent=3048"}],"curies":[{"name":"wp","href":"https:\/\/api.w.org\/{rel}","templated":true}]}}

<div class="mw-parser-output">
<div class="thumb tright">
<div class="thumbinner" style="width:302px;"><a href="/Datei:FC_Liefering_versus_Young_Violets_Austria_Wien_(30._August_2019)_34.jpg" class="image"><img fetchpriority="high" alt="FC Liefering versus Young Violets Austria Wien (30. August 2019) 34.jpg" src="/images/thumb/f/f4/FC_Liefering_versus_Young_Violets_Austria_Wien_%2830._August_2019%29_34.jpg/330px-FC_Liefering_versus_Young_Violets_Austria_Wien_%2830._August_2019%29_34.jpg%3Futm_source%3Dcommons.wikimedia.org%26utm_campaign%3Dimageinfo%26utm_content%3Dthumbnail" decoding="async" width="300" height="383" class="thumbimage" srcset="/images/thumb/f/f4/FC_Liefering_versus_Young_Violets_Austria_Wien_%2830._August_2019%29_34.jpg/500px-FC_Liefering_versus_Young_Violets_Austria_Wien_%2830._August_2019%29_34.jpg%3Futm_source%3Dcommons.wikimedia.org%26utm_campaign%3Dimageinfo%26utm_content%3Dthumbnail 1.5x, /images/thumb/f/f4/FC_Liefering_versus_Young_Violets_Austria_Wien_%2830._August_2019%29_34.jpg/960px-FC_Liefering_versus_Young_Violets_Austria_Wien_%2830._August_2019%29_34.jpg%3Futm_source%3Dcommons.wikimedia.org%26utm_campaign%3Dimageinfo%26utm_content%3Dthumbnail 2x" /></a>  </p>
<div class="thumbcaption">
<div class="magnify"><a href="/Datei:FC_Liefering_versus_Young_Violets_Austria_Wien_(30._August_2019)_34.jpg" class="internal" title="vergrößern"></a></div>
</div>
</div>
</div>
<ul>
<li>Name: <b>Amar Dedic</b></li>
<li>Geburtstag: 18. August 2002</li>
<li>Geburtsort: Zell am See</li>
<li>Geburtsland: Österreich</li>
<li>Nationalität: Österreich/Bosnien-Herzegowina</li>
<li>Größe: 180 cm</li>
<li>Position: Verteidiger</li>
<li>Nationalmannschaft: Bosnien-Herzegowina (U16/ U17/U19/U21), Bosnien-Herzegowina</li>
</ul>
<h2><span class="mw-headline" id="Stationen">Stationen</span><a href="/index.php?title=Amar_Dedic&amp;action=edit&amp;section=1" title="Abschnitt bearbeiten: Stationen">Bearbeiten</a><span class="mw-editsection-bracket">]</span></span></h2>
<ul>
<li>LUV Graz, Sturm Graz (Jugend)</li>
<li>AKA Red Bull Salzburg U15</li>
<li>AKA Red Bull Salzburg U16</li>
<li>AKA Red Bull Salzburg U18</li>
<li>FC Liefering</li>
<li>FC Red Bull Salzburg</li>
<li>Wolfsberger AC (Leihe)</li>
<li>Olympique Marseille</li>
<li>Benfica Lissabon</li>
</ul>
<h2><span class="mw-headline" id="Erfolge">Erfolge</span><a href="/index.php?title=Amar_Dedic&amp;action=edit&amp;section=2" title="Abschnitt bearbeiten: Erfolge">Bearbeiten</a><span class="mw-editsection-bracket">]</span></span></h2>
<ul>
<li>Österreichischer Meister: 2021, 2023</li>
<li>Österreichischer Cupsieger: 2021</li>
<li>Bundesliga-Team der Saison: 2023</li>
</ul>
</div>

<p>Name: Amar Dedic Geburtstag: 18. August 2002 Geburtsort: Zell am See Geburtsland: Österreich Nationalität: Österreich/Bosnien-Herzegowina Größe: 180 cm Position: Verteidiger Nationalmannschaft: Bosnien-Herzegowina (U16/ U17/U19/U21), Bosnien-Herzegowina StationenBearbeiten] LUV Graz, Sturm Graz (Jugend) AKA Red Bull Salzburg U15 AKA Red Bull Salzburg U16 AKA Red Bull Salzburg U18 FC Liefering FC Red Bull Salzburg Wolfsberger AC (Leihe) [&hellip;]</p>
