{"id":3046,"date":"2026-05-06T15:03:30","date_gmt":"2026-05-06T13:03:30","guid":{"rendered":"https:\/\/wiki.s12.at\/index.php\/amadou-haidara\/"},"modified":"2026-05-06T15:03:30","modified_gmt":"2026-05-06T13:03:30","slug":"amadou-haidara","status":"publish","type":"page","link":"https:\/\/wiki.s12.at\/index.php\/amadou-haidara\/","title":{"rendered":"Amadou Haidara"},"content":{"rendered":"<div class=\"mw-parser-output\">\n<div class=\"thumb tright\">\n<div class=\"thumbinner\" style=\"width:302px;\"><a href=\"\/Datei:Wolfsberger_AC_vs.FC_Red_Bull_Salzburg_(15._Apr._2017)_34.jpg\" class=\"image\"><img fetchpriority=\"high\" alt=\"Wolfsberger AC vs.FC Red Bull Salzburg (15. Apr. 2017) .jpg 34.jpg\" src=\"\/images\/thumb\/b\/b5\/Wolfsberger_AC_vs.FC_Red_Bull_Salzburg_%2815._Apr._2017%29_34.jpg\/330px-Wolfsberger_AC_vs.FC_Red_Bull_Salzburg_%2815._Apr._2017%29_34.jpg%3Futm_source%3Dcommons.wikimedia.org%26utm_campaign%3Dimageinfo%26utm_content%3Dthumbnail\" decoding=\"async\" width=\"300\" height=\"319\" class=\"thumbimage\" srcset=\"\/images\/thumb\/b\/b5\/Wolfsberger_AC_vs.FC_Red_Bull_Salzburg_%2815._Apr._2017%29_34.jpg\/500px-Wolfsberger_AC_vs.FC_Red_Bull_Salzburg_%2815._Apr._2017%29_34.jpg%3Futm_source%3Dcommons.wikimedia.org%26utm_campaign%3Dimageinfo%26utm_content%3Dthumbnail 1.5x, \/images\/thumb\/b\/b5\/Wolfsberger_AC_vs.FC_Red_Bull_Salzburg_%2815._Apr._2017%29_34.jpg\/960px-Wolfsberger_AC_vs.FC_Red_Bull_Salzburg_%2815._Apr._2017%29_34.jpg%3Futm_source%3Dcommons.wikimedia.org%26utm_campaign%3Dimageinfo%26utm_content%3Dthumbnail 2x\" \/><\/a>  <\/p>\n<div class=\"thumbcaption\">\n<div class=\"magnify\"><a href=\"\/Datei:Wolfsberger_AC_vs.FC_Red_Bull_Salzburg_(15._Apr._2017)_.jpg_34.jpg\" class=\"internal\" title=\"vergr\u00f6\u00dfern\"><\/a><\/div>\n<\/div>\n<\/div>\n<\/div>\n<ul>\n<li>Name: <b>Amadou Haidara<\/b><\/li>\n<li>Geburtstag: 31. J\u00e4nner 1998<\/li>\n<li>Geburtsort:<\/li>\n<li>Geburtsland: Mali<\/li>\n<li>Gr\u00f6\u00dfe: 176 cm<\/li>\n<li>Position: Mittelfeldspieler<\/li>\n<li>Nationalteam: Mali U17, Mali<\/li>\n<\/ul>\n<h2><span class=\"mw-headline\" id=\"Erfolge\">Erfolge<\/span><a href=\"\/index.php?title=Amadou_Haidara&amp;action=edit&amp;section=1\" title=\"Abschnitt bearbeiten: Erfolge\">Bearbeiten<\/a><span class=\"mw-editsection-bracket\">]<\/span><\/span><\/h2>\n<ul>\n<li>\u00d6sterreichischer Meister: 2017, 2018<\/li>\n<li>Vizeweltmeister 2015 U17<\/li>\n<li>UEFA Youth League 2017<\/li>\n<\/ul>\n<h2><span class=\"mw-headline\" id=\"Stationen\">Stationen<\/span><a href=\"\/index.php?title=Amadou_Haidara&amp;action=edit&amp;section=2\" title=\"Abschnitt bearbeiten: Stationen\">Bearbeiten<\/a><span class=\"mw-editsection-bracket\">]<\/span><\/span><\/h2>\n<ul>\n<li>JMG Bamako<\/li>\n<li>FC Red Bull Salzburg (2016-2018 )<\/li>\n<li>FC Liefering Leihe (2016-2018 )<\/li>\n<li>RB Leipzig<\/li>\n<\/ul>\n<\/div>\n","protected":false},"excerpt":{"rendered":"<p>Name: Amadou Haidara Geburtstag: 31. J\u00e4nner 1998 Geburtsort: Geburtsland: Mali Gr\u00f6\u00dfe: 176 cm Position: Mittelfeldspieler Nationalteam: Mali U17, Mali ErfolgeBearbeiten] \u00d6sterreichischer Meister: 2017, 2018 Vizeweltmeister 2015 U17 UEFA Youth League 2017 StationenBearbeiten] JMG Bamako FC Red Bull Salzburg (2016-2018 ) FC Liefering Leihe (2016-2018 ) RB Leipzig<\/p>\n","protected":false},"author":1,"featured_media":0,"parent":0,"menu_order":0,"comment_status":"closed","ping_status":"closed","template":"","meta":{"footnotes":""},"class_list":["post-3046","page","type-page","status-publish","hentry"],"_links":{"self":[{"href":"https:\/\/wiki.s12.at\/index.php\/wp-json\/wp\/v2\/pages\/3046","targetHints":{"allow":["GET"]}}],"collection":[{"href":"https:\/\/wiki.s12.at\/index.php\/wp-json\/wp\/v2\/pages"}],"about":[{"href":"https:\/\/wiki.s12.at\/index.php\/wp-json\/wp\/v2\/types\/page"}],"author":[{"embeddable":true,"href":"https:\/\/wiki.s12.at\/index.php\/wp-json\/wp\/v2\/users\/1"}],"replies":[{"embeddable":true,"href":"https:\/\/wiki.s12.at\/index.php\/wp-json\/wp\/v2\/comments?post=3046"}],"version-history":[{"count":0,"href":"https:\/\/wiki.s12.at\/index.php\/wp-json\/wp\/v2\/pages\/3046\/revisions"}],"wp:attachment":[{"href":"https:\/\/wiki.s12.at\/index.php\/wp-json\/wp\/v2\/media?parent=3046"}],"curies":[{"name":"wp","href":"https:\/\/api.w.org\/{rel}","templated":true}]}}

<div class="mw-parser-output">
<div class="thumb tright">
<div class="thumbinner" style="width:302px;"><a href="/Datei:Wolfsberger_AC_vs.FC_Red_Bull_Salzburg_(15._Apr._2017)_34.jpg" class="image"><img fetchpriority="high" alt="Wolfsberger AC vs.FC Red Bull Salzburg (15. Apr. 2017) .jpg 34.jpg" src="/images/thumb/b/b5/Wolfsberger_AC_vs.FC_Red_Bull_Salzburg_%2815._Apr._2017%29_34.jpg/330px-Wolfsberger_AC_vs.FC_Red_Bull_Salzburg_%2815._Apr._2017%29_34.jpg%3Futm_source%3Dcommons.wikimedia.org%26utm_campaign%3Dimageinfo%26utm_content%3Dthumbnail" decoding="async" width="300" height="319" class="thumbimage" srcset="/images/thumb/b/b5/Wolfsberger_AC_vs.FC_Red_Bull_Salzburg_%2815._Apr._2017%29_34.jpg/500px-Wolfsberger_AC_vs.FC_Red_Bull_Salzburg_%2815._Apr._2017%29_34.jpg%3Futm_source%3Dcommons.wikimedia.org%26utm_campaign%3Dimageinfo%26utm_content%3Dthumbnail 1.5x, /images/thumb/b/b5/Wolfsberger_AC_vs.FC_Red_Bull_Salzburg_%2815._Apr._2017%29_34.jpg/960px-Wolfsberger_AC_vs.FC_Red_Bull_Salzburg_%2815._Apr._2017%29_34.jpg%3Futm_source%3Dcommons.wikimedia.org%26utm_campaign%3Dimageinfo%26utm_content%3Dthumbnail 2x" /></a>  </p>
<div class="thumbcaption">
<div class="magnify"><a href="/Datei:Wolfsberger_AC_vs.FC_Red_Bull_Salzburg_(15._Apr._2017)_.jpg_34.jpg" class="internal" title="vergrößern"></a></div>
</div>
</div>
</div>
<ul>
<li>Name: <b>Amadou Haidara</b></li>
<li>Geburtstag: 31. Jänner 1998</li>
<li>Geburtsort:</li>
<li>Geburtsland: Mali</li>
<li>Größe: 176 cm</li>
<li>Position: Mittelfeldspieler</li>
<li>Nationalteam: Mali U17, Mali</li>
</ul>
<h2><span class="mw-headline" id="Erfolge">Erfolge</span><a href="/index.php?title=Amadou_Haidara&amp;action=edit&amp;section=1" title="Abschnitt bearbeiten: Erfolge">Bearbeiten</a><span class="mw-editsection-bracket">]</span></span></h2>
<ul>
<li>Österreichischer Meister: 2017, 2018</li>
<li>Vizeweltmeister 2015 U17</li>
<li>UEFA Youth League 2017</li>
</ul>
<h2><span class="mw-headline" id="Stationen">Stationen</span><a href="/index.php?title=Amadou_Haidara&amp;action=edit&amp;section=2" title="Abschnitt bearbeiten: Stationen">Bearbeiten</a><span class="mw-editsection-bracket">]</span></span></h2>
<ul>
<li>JMG Bamako</li>
<li>FC Red Bull Salzburg (2016-2018 )</li>
<li>FC Liefering Leihe (2016-2018 )</li>
<li>RB Leipzig</li>
</ul>
</div>

<p>Name: Amadou Haidara Geburtstag: 31. Jänner 1998 Geburtsort: Geburtsland: Mali Größe: 176 cm Position: Mittelfeldspieler Nationalteam: Mali U17, Mali ErfolgeBearbeiten] Österreichischer Meister: 2017, 2018 Vizeweltmeister 2015 U17 UEFA Youth League 2017 StationenBearbeiten] JMG Bamako FC Red Bull Salzburg (2016-2018 ) FC Liefering Leihe (2016-2018 ) RB Leipzig</p>
