{"id":3039,"date":"2026-05-06T15:03:23","date_gmt":"2026-05-06T13:03:23","guid":{"rendered":"https:\/\/wiki.s12.at\/index.php\/alois-oroz\/"},"modified":"2026-05-06T15:03:23","modified_gmt":"2026-05-06T13:03:23","slug":"alois-oroz","status":"publish","type":"page","link":"https:\/\/wiki.s12.at\/index.php\/alois-oroz\/","title":{"rendered":"Alois Oroz"},"content":{"rendered":"<div class=\"mw-parser-output\">\n<div class=\"thumb tright\">\n<div class=\"thumbinner\" style=\"width:302px;\"><a href=\"\/Datei:FC_Red_Bull_Salzburg_gegen_Feyenoord_Rotterdam_(Testspiel_12._Juli_2019)_25.jpg\" class=\"image\"><img fetchpriority=\"high\" alt=\"FC Red Bull Salzburg gegen Feyenoord Rotterdam (Testspiel 12. Juli 2019) 25.jpg\" src=\"\/images\/thumb\/f\/fd\/FC_Red_Bull_Salzburg_gegen_Feyenoord_Rotterdam_%28Testspiel_12._Juli_2019%29_25.jpg\/330px-FC_Red_Bull_Salzburg_gegen_Feyenoord_Rotterdam_%28Testspiel_12._Juli_2019%29_25.jpg%3Futm_source%3Dcommons.wikimedia.org%26utm_campaign%3Dimageinfo%26utm_content%3Dthumbnail\" decoding=\"async\" width=\"300\" height=\"400\" class=\"thumbimage\" srcset=\"\/images\/thumb\/f\/fd\/FC_Red_Bull_Salzburg_gegen_Feyenoord_Rotterdam_%28Testspiel_12._Juli_2019%29_25.jpg\/500px-FC_Red_Bull_Salzburg_gegen_Feyenoord_Rotterdam_%28Testspiel_12._Juli_2019%29_25.jpg%3Futm_source%3Dcommons.wikimedia.org%26utm_campaign%3Dimageinfo%26utm_content%3Dthumbnail 1.5x, \/images\/thumb\/f\/fd\/FC_Red_Bull_Salzburg_gegen_Feyenoord_Rotterdam_%28Testspiel_12._Juli_2019%29_25.jpg\/960px-FC_Red_Bull_Salzburg_gegen_Feyenoord_Rotterdam_%28Testspiel_12._Juli_2019%29_25.jpg%3Futm_source%3Dcommons.wikimedia.org%26utm_campaign%3Dimageinfo%26utm_content%3Dthumbnail 2x\" \/><\/a>  <\/p>\n<div class=\"thumbcaption\">\n<div class=\"magnify\"><a href=\"\/Datei:FC_Red_Bull_Salzburg_gegen_Feyenoord_Rotterdam_(Testspiel_12._Juli_2019)_25.jpg\" class=\"internal\" title=\"vergr\u00f6\u00dfern\"><\/a><\/div>\n<\/div>\n<\/div>\n<\/div>\n<ul>\n<li>Name: <b> Alois Dominik Oroz <\/b><\/li>\n<li>Geburtstag: 29. Oktober 2000<\/li>\n<li>Geburtsort:<\/li>\n<li>Geburtsland: \u00d6sterreich<\/li>\n<li>Gr\u00f6\u00dfe:  190 cm<\/li>\n<li>Position: Verteidiger<\/li>\n<li>Nationalmannschaft: Kroatien (U18, U19)<\/li>\n<\/ul>\n<h2><span class=\"mw-headline\" id=\"Stationen\">Stationen<\/span><a href=\"\/index.php?title=Alois_Oroz&amp;action=edit&amp;section=1\" title=\"Abschnitt bearbeiten: Stationen\">Bearbeiten<\/a><span class=\"mw-editsection-bracket\">]<\/span><\/span><\/h2>\n<ul>\n<li>Austria Wien Jugend<\/li>\n<li>Wiener Sportklub Jugend<\/li>\n<li>First Vienna FC<\/li>\n<li>Akademie Red Bull Salzburg U18<\/li>\n<li>FC Liefering<\/li>\n<li>Vitesse Arnheim<\/li>\n<li>SK Sturm Graz  (Leihe)<\/li>\n<li>SK Sturm Graz II (Leihe)<\/li>\n<li>Krylya Sovetov Samara<\/li>\n<\/ul>\n<h2><span class=\"mw-headline\" id=\"Bilder\">Bilder<\/span><a href=\"\/index.php?title=Alois_Oroz&amp;action=edit&amp;section=2\" title=\"Abschnitt bearbeiten: Bilder\">Bearbeiten<\/a><span class=\"mw-editsection-bracket\">]<\/span><\/span><\/h2>\n<p><img alt=\"\" src=\"\/images\/thumb\/4\/4a\/Commons-logo.svg\/langde-20px-Commons-logo.svg.png%3Futm_source%3Dcommons.wikimedia.org%26utm_campaign%3Dimageinfo%26utm_content%3Dthumbnail\" decoding=\"async\" title=\"Commons\" width=\"12\" height=\"16\" srcset=\"\/images\/thumb\/4\/4a\/Commons-logo.svg\/langde-40px-Commons-logo.svg.png%3Futm_source%3Dcommons.wikimedia.org%26utm_campaign%3Dimageinfo%26utm_content%3Dthumbnail 2x\" \/>&#160;<b><a href=\"http:\/\/commons.wikimedia.org\/wiki\/Category:Alois_Oroz\" class=\"extiw\" title=\"commons:Category:Alois Oroz\">Alois Oroz<\/a><\/b>&#160;\u2013 Sammlung von Bildern, Videos und Audiodateien auf <a href=\"\/Wikimedia_Commons\" title=\"Wikimedia Commons\">Wikimedia Commons<\/a>\n<\/p>\n<\/div>\n","protected":false},"excerpt":{"rendered":"<p>Name: Alois Dominik Oroz Geburtstag: 29. Oktober 2000 Geburtsort: Geburtsland: \u00d6sterreich Gr\u00f6\u00dfe: 190 cm Position: Verteidiger Nationalmannschaft: Kroatien (U18, U19) StationenBearbeiten] Austria Wien Jugend Wiener Sportklub Jugend First Vienna FC Akademie Red Bull Salzburg U18 FC Liefering Vitesse Arnheim SK Sturm Graz (Leihe) SK Sturm Graz II (Leihe) Krylya Sovetov Samara BilderBearbeiten] &#160;Alois Oroz&#160;\u2013 Sammlung [&hellip;]<\/p>\n","protected":false},"author":1,"featured_media":0,"parent":0,"menu_order":0,"comment_status":"closed","ping_status":"closed","template":"","meta":{"footnotes":""},"class_list":["post-3039","page","type-page","status-publish","hentry"],"_links":{"self":[{"href":"https:\/\/wiki.s12.at\/index.php\/wp-json\/wp\/v2\/pages\/3039","targetHints":{"allow":["GET"]}}],"collection":[{"href":"https:\/\/wiki.s12.at\/index.php\/wp-json\/wp\/v2\/pages"}],"about":[{"href":"https:\/\/wiki.s12.at\/index.php\/wp-json\/wp\/v2\/types\/page"}],"author":[{"embeddable":true,"href":"https:\/\/wiki.s12.at\/index.php\/wp-json\/wp\/v2\/users\/1"}],"replies":[{"embeddable":true,"href":"https:\/\/wiki.s12.at\/index.php\/wp-json\/wp\/v2\/comments?post=3039"}],"version-history":[{"count":0,"href":"https:\/\/wiki.s12.at\/index.php\/wp-json\/wp\/v2\/pages\/3039\/revisions"}],"wp:attachment":[{"href":"https:\/\/wiki.s12.at\/index.php\/wp-json\/wp\/v2\/media?parent=3039"}],"curies":[{"name":"wp","href":"https:\/\/api.w.org\/{rel}","templated":true}]}}

<div class="mw-parser-output">
<div class="thumb tright">
<div class="thumbinner" style="width:302px;"><a href="/Datei:FC_Red_Bull_Salzburg_gegen_Feyenoord_Rotterdam_(Testspiel_12._Juli_2019)_25.jpg" class="image"><img fetchpriority="high" alt="FC Red Bull Salzburg gegen Feyenoord Rotterdam (Testspiel 12. Juli 2019) 25.jpg" src="/images/thumb/f/fd/FC_Red_Bull_Salzburg_gegen_Feyenoord_Rotterdam_%28Testspiel_12._Juli_2019%29_25.jpg/330px-FC_Red_Bull_Salzburg_gegen_Feyenoord_Rotterdam_%28Testspiel_12._Juli_2019%29_25.jpg%3Futm_source%3Dcommons.wikimedia.org%26utm_campaign%3Dimageinfo%26utm_content%3Dthumbnail" decoding="async" width="300" height="400" class="thumbimage" srcset="/images/thumb/f/fd/FC_Red_Bull_Salzburg_gegen_Feyenoord_Rotterdam_%28Testspiel_12._Juli_2019%29_25.jpg/500px-FC_Red_Bull_Salzburg_gegen_Feyenoord_Rotterdam_%28Testspiel_12._Juli_2019%29_25.jpg%3Futm_source%3Dcommons.wikimedia.org%26utm_campaign%3Dimageinfo%26utm_content%3Dthumbnail 1.5x, /images/thumb/f/fd/FC_Red_Bull_Salzburg_gegen_Feyenoord_Rotterdam_%28Testspiel_12._Juli_2019%29_25.jpg/960px-FC_Red_Bull_Salzburg_gegen_Feyenoord_Rotterdam_%28Testspiel_12._Juli_2019%29_25.jpg%3Futm_source%3Dcommons.wikimedia.org%26utm_campaign%3Dimageinfo%26utm_content%3Dthumbnail 2x" /></a>  </p>
<div class="thumbcaption">
<div class="magnify"><a href="/Datei:FC_Red_Bull_Salzburg_gegen_Feyenoord_Rotterdam_(Testspiel_12._Juli_2019)_25.jpg" class="internal" title="vergrößern"></a></div>
</div>
</div>
</div>
<ul>
<li>Name: <b> Alois Dominik Oroz </b></li>
<li>Geburtstag: 29. Oktober 2000</li>
<li>Geburtsort:</li>
<li>Geburtsland: Österreich</li>
<li>Größe:  190 cm</li>
<li>Position: Verteidiger</li>
<li>Nationalmannschaft: Kroatien (U18, U19)</li>
</ul>
<h2><span class="mw-headline" id="Stationen">Stationen</span><a href="/index.php?title=Alois_Oroz&amp;action=edit&amp;section=1" title="Abschnitt bearbeiten: Stationen">Bearbeiten</a><span class="mw-editsection-bracket">]</span></span></h2>
<ul>
<li>Austria Wien Jugend</li>
<li>Wiener Sportklub Jugend</li>
<li>First Vienna FC</li>
<li>Akademie Red Bull Salzburg U18</li>
<li>FC Liefering</li>
<li>Vitesse Arnheim</li>
<li>SK Sturm Graz  (Leihe)</li>
<li>SK Sturm Graz II (Leihe)</li>
<li>Krylya Sovetov Samara</li>
</ul>
<h2><span class="mw-headline" id="Bilder">Bilder</span><a href="/index.php?title=Alois_Oroz&amp;action=edit&amp;section=2" title="Abschnitt bearbeiten: Bilder">Bearbeiten</a><span class="mw-editsection-bracket">]</span></span></h2>
<p><img alt="" src="/images/thumb/4/4a/Commons-logo.svg/langde-20px-Commons-logo.svg.png%3Futm_source%3Dcommons.wikimedia.org%26utm_campaign%3Dimageinfo%26utm_content%3Dthumbnail" decoding="async" title="Commons" width="12" height="16" srcset="/images/thumb/4/4a/Commons-logo.svg/langde-40px-Commons-logo.svg.png%3Futm_source%3Dcommons.wikimedia.org%26utm_campaign%3Dimageinfo%26utm_content%3Dthumbnail 2x" />&#160;<b><a href="http://commons.wikimedia.org/wiki/Category:Alois_Oroz" class="extiw" title="commons:Category:Alois Oroz">Alois Oroz</a></b>&#160;– Sammlung von Bildern, Videos und Audiodateien auf <a href="/Wikimedia_Commons" title="Wikimedia Commons">Wikimedia Commons</a>
</p>
</div>

<p>Name: Alois Dominik Oroz Geburtstag: 29. Oktober 2000 Geburtsort: Geburtsland: Österreich Größe: 190 cm Position: Verteidiger Nationalmannschaft: Kroatien (U18, U19) StationenBearbeiten] Austria Wien Jugend Wiener Sportklub Jugend First Vienna FC Akademie Red Bull Salzburg U18 FC Liefering Vitesse Arnheim SK Sturm Graz (Leihe) SK Sturm Graz II (Leihe) Krylya Sovetov Samara BilderBearbeiten] &#160;Alois Oroz&#160;– Sammlung [&hellip;]</p>
