{"id":3012,"date":"2026-05-06T15:02:44","date_gmt":"2026-05-06T13:02:44","guid":{"rendered":"https:\/\/wiki.s12.at\/index.php\/alexander-schlager\/"},"modified":"2026-05-06T15:02:44","modified_gmt":"2026-05-06T13:02:44","slug":"alexander-schlager","status":"publish","type":"page","link":"https:\/\/wiki.s12.at\/index.php\/alexander-schlager\/","title":{"rendered":"Alexander Schlager"},"content":{"rendered":"<div class=\"mw-parser-output\">\n<div class=\"thumb tright\">\n<div class=\"thumbinner\" style=\"width:302px;\"><a href=\"\/Datei:FC_Red_Bull_Salzburg_gegen_Linzer_ASK_(2022-10-01)_44.jpg\" class=\"image\"><img fetchpriority=\"high\" alt=\"FC Red Bull Salzburg gegen Linzer ASK (2022-10-01) 44.jpg\" src=\"\/images\/thumb\/a\/a8\/FC_Red_Bull_Salzburg_gegen_Linzer_ASK_%282022-10-01%29_44.jpg\/330px-FC_Red_Bull_Salzburg_gegen_Linzer_ASK_%282022-10-01%29_44.jpg%3Futm_source%3Dcommons.wikimedia.org%26utm_campaign%3Dimageinfo%26utm_content%3Dthumbnail\" decoding=\"async\" width=\"300\" height=\"300\" class=\"thumbimage\" srcset=\"\/images\/thumb\/a\/a8\/FC_Red_Bull_Salzburg_gegen_Linzer_ASK_%282022-10-01%29_44.jpg\/500px-FC_Red_Bull_Salzburg_gegen_Linzer_ASK_%282022-10-01%29_44.jpg%3Futm_source%3Dcommons.wikimedia.org%26utm_campaign%3Dimageinfo%26utm_content%3Dthumbnail 1.5x, \/images\/thumb\/a\/a8\/FC_Red_Bull_Salzburg_gegen_Linzer_ASK_%282022-10-01%29_44.jpg\/960px-FC_Red_Bull_Salzburg_gegen_Linzer_ASK_%282022-10-01%29_44.jpg%3Futm_source%3Dcommons.wikimedia.org%26utm_campaign%3Dimageinfo%26utm_content%3Dthumbnail 2x\" \/><\/a>  <\/p>\n<div class=\"thumbcaption\">\n<div class=\"magnify\"><a href=\"\/Datei:FC_Red_Bull_Salzburg_gegen_Linzer_ASK_(2022-10-01)_44.jpg\" class=\"internal\" title=\"vergr\u00f6\u00dfern\"><\/a><\/div>\n<\/div>\n<\/div>\n<\/div>\n<ul>\n<li>Name: <b>Alexander Schlager<\/b><\/li>\n<li>Geburtstag: 1. Februar 1996<\/li>\n<li>Geburtsort:<\/li>\n<li>Geburtsland: \u00d6sterreich<\/li>\n<li>Gr\u00f6\u00dfe: 184 cm<\/li>\n<li>Position: Torh\u00fcter<\/li>\n<li>Nationalmannschaft \u00d6sterreich U17, U18, U19, U21; \u00d6sterreich<\/li>\n<\/ul>\n<h2><span class=\"mw-headline\" id=\"Stationen\">Stationen<\/span><a href=\"\/index.php?title=Alexander_Schlager&amp;action=edit&amp;section=1\" title=\"Abschnitt bearbeiten: Stationen\">Bearbeiten<\/a><span class=\"mw-editsection-bracket\">]<\/span><\/span><\/h2>\n<ul>\n<li>ASK Salzburg (Jugend)<\/li>\n<li>SV Austria Salzburg (Jugend)<\/li>\n<li>Akademie Salzburg U 18<\/li>\n<li>RB Leipzig (2014-2015)<\/li>\n<li>SV Gr\u00f6dig<\/li>\n<li>Floridsdorfer AC<\/li>\n<li>LASK<\/li>\n<li>FC Red Bull Salzburg<\/li>\n<\/ul>\n<h2><span class=\"mw-headline\" id=\"Besonders\">Besonders<\/span><a href=\"\/index.php?title=Alexander_Schlager&amp;action=edit&amp;section=2\" title=\"Abschnitt bearbeiten: Besonders\">Bearbeiten<\/a><span class=\"mw-editsection-bracket\">]<\/span><\/span><\/h2>\n<ul>\n<li>Als Torh\u00fcter der \u00f6sterreichischen U17- Nationalmannschaft unter Trainer <a href=\"\/Hermann_Stadler\" title=\"Hermann Stadler\">Hermann Stadler<\/a> qualifizierte er sich f\u00fcr die U17 EM 2013. In der U 19 qualifizierte er sich f\u00fcr die U19-EM in Griechenland.<\/li>\n<\/ul>\n<\/div>\n","protected":false},"excerpt":{"rendered":"<p>Name: Alexander Schlager Geburtstag: 1. Februar 1996 Geburtsort: Geburtsland: \u00d6sterreich Gr\u00f6\u00dfe: 184 cm Position: Torh\u00fcter Nationalmannschaft \u00d6sterreich U17, U18, U19, U21; \u00d6sterreich StationenBearbeiten] ASK Salzburg (Jugend) SV Austria Salzburg (Jugend) Akademie Salzburg U 18 RB Leipzig (2014-2015) SV Gr\u00f6dig Floridsdorfer AC LASK FC Red Bull Salzburg BesondersBearbeiten] Als Torh\u00fcter der \u00f6sterreichischen U17- Nationalmannschaft unter Trainer [&hellip;]<\/p>\n","protected":false},"author":1,"featured_media":0,"parent":0,"menu_order":0,"comment_status":"closed","ping_status":"closed","template":"","meta":{"footnotes":""},"class_list":["post-3012","page","type-page","status-publish","hentry"],"_links":{"self":[{"href":"https:\/\/wiki.s12.at\/index.php\/wp-json\/wp\/v2\/pages\/3012","targetHints":{"allow":["GET"]}}],"collection":[{"href":"https:\/\/wiki.s12.at\/index.php\/wp-json\/wp\/v2\/pages"}],"about":[{"href":"https:\/\/wiki.s12.at\/index.php\/wp-json\/wp\/v2\/types\/page"}],"author":[{"embeddable":true,"href":"https:\/\/wiki.s12.at\/index.php\/wp-json\/wp\/v2\/users\/1"}],"replies":[{"embeddable":true,"href":"https:\/\/wiki.s12.at\/index.php\/wp-json\/wp\/v2\/comments?post=3012"}],"version-history":[{"count":0,"href":"https:\/\/wiki.s12.at\/index.php\/wp-json\/wp\/v2\/pages\/3012\/revisions"}],"wp:attachment":[{"href":"https:\/\/wiki.s12.at\/index.php\/wp-json\/wp\/v2\/media?parent=3012"}],"curies":[{"name":"wp","href":"https:\/\/api.w.org\/{rel}","templated":true}]}}

<div class="mw-parser-output">
<div class="thumb tright">
<div class="thumbinner" style="width:302px;"><a href="/Datei:FC_Red_Bull_Salzburg_gegen_Linzer_ASK_(2022-10-01)_44.jpg" class="image"><img fetchpriority="high" alt="FC Red Bull Salzburg gegen Linzer ASK (2022-10-01) 44.jpg" src="/images/thumb/a/a8/FC_Red_Bull_Salzburg_gegen_Linzer_ASK_%282022-10-01%29_44.jpg/330px-FC_Red_Bull_Salzburg_gegen_Linzer_ASK_%282022-10-01%29_44.jpg%3Futm_source%3Dcommons.wikimedia.org%26utm_campaign%3Dimageinfo%26utm_content%3Dthumbnail" decoding="async" width="300" height="300" class="thumbimage" srcset="/images/thumb/a/a8/FC_Red_Bull_Salzburg_gegen_Linzer_ASK_%282022-10-01%29_44.jpg/500px-FC_Red_Bull_Salzburg_gegen_Linzer_ASK_%282022-10-01%29_44.jpg%3Futm_source%3Dcommons.wikimedia.org%26utm_campaign%3Dimageinfo%26utm_content%3Dthumbnail 1.5x, /images/thumb/a/a8/FC_Red_Bull_Salzburg_gegen_Linzer_ASK_%282022-10-01%29_44.jpg/960px-FC_Red_Bull_Salzburg_gegen_Linzer_ASK_%282022-10-01%29_44.jpg%3Futm_source%3Dcommons.wikimedia.org%26utm_campaign%3Dimageinfo%26utm_content%3Dthumbnail 2x" /></a>  </p>
<div class="thumbcaption">
<div class="magnify"><a href="/Datei:FC_Red_Bull_Salzburg_gegen_Linzer_ASK_(2022-10-01)_44.jpg" class="internal" title="vergrößern"></a></div>
</div>
</div>
</div>
<ul>
<li>Name: <b>Alexander Schlager</b></li>
<li>Geburtstag: 1. Februar 1996</li>
<li>Geburtsort:</li>
<li>Geburtsland: Österreich</li>
<li>Größe: 184 cm</li>
<li>Position: Torhüter</li>
<li>Nationalmannschaft Österreich U17, U18, U19, U21; Österreich</li>
</ul>
<h2><span class="mw-headline" id="Stationen">Stationen</span><a href="/index.php?title=Alexander_Schlager&amp;action=edit&amp;section=1" title="Abschnitt bearbeiten: Stationen">Bearbeiten</a><span class="mw-editsection-bracket">]</span></span></h2>
<ul>
<li>ASK Salzburg (Jugend)</li>
<li>SV Austria Salzburg (Jugend)</li>
<li>Akademie Salzburg U 18</li>
<li>RB Leipzig (2014-2015)</li>
<li>SV Grödig</li>
<li>Floridsdorfer AC</li>
<li>LASK</li>
<li>FC Red Bull Salzburg</li>
</ul>
<h2><span class="mw-headline" id="Besonders">Besonders</span><a href="/index.php?title=Alexander_Schlager&amp;action=edit&amp;section=2" title="Abschnitt bearbeiten: Besonders">Bearbeiten</a><span class="mw-editsection-bracket">]</span></span></h2>
<ul>
<li>Als Torhüter der österreichischen U17- Nationalmannschaft unter Trainer <a href="/Hermann_Stadler" title="Hermann Stadler">Hermann Stadler</a> qualifizierte er sich für die U17 EM 2013. In der U 19 qualifizierte er sich für die U19-EM in Griechenland.</li>
</ul>
</div>

<p>Name: Alexander Schlager Geburtstag: 1. Februar 1996 Geburtsort: Geburtsland: Österreich Größe: 184 cm Position: Torhüter Nationalmannschaft Österreich U17, U18, U19, U21; Österreich StationenBearbeiten] ASK Salzburg (Jugend) SV Austria Salzburg (Jugend) Akademie Salzburg U 18 RB Leipzig (2014-2015) SV Grödig Floridsdorfer AC LASK FC Red Bull Salzburg BesondersBearbeiten] Als Torhüter der österreichischen U17- Nationalmannschaft unter Trainer [&hellip;]</p>
