{"id":2978,"date":"2026-05-06T14:56:57","date_gmt":"2026-05-06T12:56:57","guid":{"rendered":"https:\/\/wiki.s12.at\/index.php\/ajax-amsterdam-gegen-fc-salzburg\/"},"modified":"2026-05-06T14:56:57","modified_gmt":"2026-05-06T12:56:57","slug":"ajax-amsterdam-gegen-fc-salzburg","status":"publish","type":"page","link":"https:\/\/wiki.s12.at\/index.php\/ajax-amsterdam-gegen-fc-salzburg\/","title":{"rendered":"Ajax Amsterdam gegen FC Salzburg"},"content":{"rendered":"<div class=\"mw-parser-output\">\n<h2><span class=\"mw-headline\" id=\"Fakten\">Fakten<\/span><a href=\"\/index.php?title=Ajax_Amsterdam_gegen_FC_Salzburg&amp;action=edit&amp;section=1\" title=\"Abschnitt bearbeiten: Fakten\">Bearbeiten<\/a><span class=\"mw-editsection-bracket\">]<\/span><\/span><\/h2>\n<table class=\"toptextcells toccolours\">\n<tbody>\n<tr>\n<th colspan=\"2\" style=\"text-align: center; vertical-align: top; padding: 0.3em 0.8em; font-size: 125%; background-color: lightsteelblue;\">AFC Ajax Amsterdam gegen FC Salzburg, 0:3\n<\/th>\n<\/tr>\n<tr>\n<th style=\"text-align:left;\"><b>Spieltag<\/b>\n<\/th>\n<th style=\"text-align:left;\">UEFA Europa League, 1\/16- Finale\n<\/th>\n<\/tr>\n<tr>\n<th style=\"text-align:left;\"><b>Datum<\/b>\n<\/th>\n<th style=\"text-align:left;\">20. Februar 2014\n<\/th>\n<\/tr>\n<tr>\n<th style=\"text-align:left;\"><b>Anpfiff<\/b>\n<\/th>\n<th style=\"text-align:left;\">21.05 Uhr\n<\/th>\n<\/tr>\n<tr>\n<td colspan=\"2\" style=\"text-align:center;\" bgcolor=\"lightgray\"><b>Aufstellung<\/b>\n<\/td>\n<\/tr>\n<tr>\n<th style=\"text-align:left;\"><b>Tor<\/b>\n<\/th>\n<th><a href=\"\/Peter_Gulacsi\" class=\"mw-redirect\" title=\"Peter Gulacsi\">Peter Gulacsi<\/a>\n<\/th>\n<\/tr>\n<tr>\n<th style=\"text-align:left;\"><b>Verteidigung<\/b>\n<\/th>\n<th><a href=\"\/Christian_Schwegler\" title=\"Christian Schwegler\">Christian Schwegler<\/a> <a href=\"\/Andre_Ramalho\" class=\"mw-redirect\" title=\"Andre Ramalho\">Andre Ramalho<\/a> <a href=\"\/Martin_Hinteregger\" title=\"Martin Hinteregger\">Martin Hinteregger<\/a> <a href=\"\/Andreas_Ulmer\" title=\"Andreas Ulmer\">Andreas Ulmer<\/a>\n<\/th>\n<\/tr>\n<tr>\n<th style=\"text-align:left;\"><b>Mittelfeld<\/b>\n<\/th>\n<th><a href=\"\/Stefan_Ilsanker\" title=\"Stefan Ilsanker\">Stefan Ilsanker<\/a> <a href=\"\/Christoph_Leitgeb\" title=\"Christoph Leitgeb\">Christoph Leitgeb<\/a> <a href=\"\/Kevin_Kampl\" title=\"Kevin Kampl\">Kevin Kampl<\/a> <a href=\"\/Sadio_Man%C3%A9\" title=\"Sadio Man\u00e9\">Sadio Man\u00e9<\/a>\n<\/th>\n<\/tr>\n<tr>\n<th style=\"text-align:left;\"><b>Sturm<\/b>\n<\/th>\n<th><a href=\"\/Alan\" title=\"Alan\">Alan<\/a> <a href=\"\/Jonatan_Soriano\" title=\"Jonatan Soriano\">Jonatan Soriano<\/a>\n<\/th>\n<\/tr>\n<tr>\n<td colspan=\"2\" style=\"text-align:center;\" bgcolor=\"lightgray\"><b>Wechsel<\/b>\n<\/td>\n<\/tr>\n<tr>\n<th style=\"text-align:left;\"><b>Wechsel<\/b>\n<\/th>\n<th style=\"text-align:left;\"><a href=\"\/Robert_Zulj\" title=\"Robert Zulj\">Robert Zulj<\/a> f\u00fcr Soriano (76.) <a href=\"\/Valon_Berisha\" title=\"Valon Berisha\">Valon Berisha<\/a> f\u00fcr Leitgeb (83.) <a href=\"\/Dusan_Svento\" class=\"mw-redirect\" title=\"Dusan Svento\">Dusan Svento<\/a> f\u00fcr Kampl (88.)\n<\/th>\n<\/tr>\n<tr>\n<td colspan=\"2\" style=\"text-align:center;\" bgcolor=\"lightgray\"><b>Statistik<\/b>\n<\/td>\n<\/tr>\n<tr>\n<th style=\"text-align:left;\"><b>Endstand<\/b>\n<\/th>\n<th style=\"text-align:left;\">0:3 (0:3)\n<\/th>\n<\/tr>\n<tr>\n<th style=\"text-align:left;\"><b>Torsch\u00fctzen<\/b>\n<\/th>\n<th style=\"text-align:left;\">Soriano (14., E., 35.), Man\u00e9 (21.)\n<\/th>\n<\/tr>\n<tr>\n<th style=\"text-align:left;\"><b>Gelbe Karten<\/b>\n<\/th>\n<th style=\"text-align:left;\">Veltman (13.), de Jong (26.); Leitgeb (19.), Hinteregger (42.)\n<\/th>\n<\/tr>\n<tr>\n<th style=\"text-align:left;\"><b>Rote Karten<\/b>\n<\/th>\n<th style=\"text-align:left;\">\n<\/th>\n<\/tr>\n<tr>\n<th style=\"text-align:left;\"><b>Schiedsrichter<\/b>\n<\/th>\n<th style=\"text-align:left;\">Cl\u00e9ment Turpin  (FRA)\n<\/th>\n<\/tr>\n<tr>\n<th style=\"text-align:left;\"><b>Stadion<\/b>\n<\/th>\n<th style=\"text-align:left;\">Amsterdam Arena, Amsterdam\n<\/th>\n<\/tr>\n<tr>\n<th style=\"text-align:left;\"><b>Zuschauer<\/b>\n<\/th>\n<th style=\"text-align:left;\">48.000\n<\/th>\n<\/tr>\n<\/tbody>\n<\/table>\n<h2><span class=\"mw-headline\" id=\"Weblinks\">Weblinks<\/span><a href=\"\/index.php?title=Ajax_Amsterdam_gegen_FC_Salzburg&amp;action=edit&amp;section=2\" title=\"Abschnitt bearbeiten: Weblinks\">Bearbeiten<\/a><span class=\"mw-editsection-bracket\">]<\/span><\/span><\/h2>\n<ul>\n<li><a rel=\"nofollow\" class=\"external text\" href=\"http:\/\/www.redbulls.com\/de\/fc-red-bull-salzburg\/news\/saison_2013_14\/sensationelle-rote-bullen-fertigen-ajax-mit-3-0-ab.html\">Spielbericht vereinshomepage<\/a><\/li>\n<li><a rel=\"nofollow\" class=\"external text\" href=\"http:\/\/www.salzburg12.at\/2014\/02\/salzburger-gala-nacht-in-amsterdam\/?utm_source=dlvr.it&amp;utm_medium=twitter\">Spielbericht salzburg12.at<\/a><\/li>\n<li><a rel=\"nofollow\" class=\"external text\" href=\"http:\/\/www.tt.com\/sport\/sportreport\/7965565-91\/red-bull-salzburg-dem%C3%BCtigt-ajax-amsterdam.csp\">Spielbericht Tiroler Tageszeitung<\/a><\/li>\n<\/ul>\n<p><center>&lt;youtube&gt;tLcQYnlCQA8&lt;\/youtube&gt;<\/center><\/p>\n<h2><span class=\"mw-headline\" id=\"Stimmen_zum_Spiel\">Stimmen zum Spiel<\/span><a href=\"\/index.php?title=Ajax_Amsterdam_gegen_FC_Salzburg&amp;action=edit&amp;section=3\" title=\"Abschnitt bearbeiten: Stimmen zum Spiel\">Bearbeiten<\/a><span class=\"mw-editsection-bracket\">]<\/span><\/span><\/h2>\n<ul>\n<li><b>Roger Schmidt<\/b>: Das war heute ein Super-Hinspiel f\u00fcr uns. Wir wollten gewinnen, und das hat man auch von der ersten Sekunde an gesehen. Wir haben Ajax unser Spiel aufgezwungen und verdient gewonnen. Innerlich habe ich das ganze Spiel gel\u00e4chelt &#8211; weil wir sehr gut gespielt haben.<\/li>\n<li><b>Frank de Boer<\/b>: Ich hab es vorher schon gesagt, dass sie sehr gut sind. Es war ein sehr starkes Spiel von Salzburg, gro\u00dfes Kompliment. Sie haben uns nie ins Spiel kommen lassen. Wir haben viele falsche Entscheidungen getroffen. Man kann von dem Spiel nur lernen. Nur die Niederlage gegen Real war schlimmer. Es wird sehr schwer werden, vielleicht gelingt uns in einer Woche ja das was Salzburg hier gelungen ist.<\/li>\n<li><b>Jonatan Soriano<\/b>:Es ist Wahnsinn. Wir haben das heute sehr gut gemacht. Ich bin sehr stolz auf die Mannschaft. Bei meinem Tor habe ich mir einfach gesagt versuch&#8216; es. Und es hat geklappt. Das 3:0 ist sch\u00f6n, aber wir werden auch das R\u00fcckspiel sehr ernst nehmen.<\/li>\n<li><b>Ralf Rangnick<\/b>: &#8222;Wir haben uns \u00fcber den optimalen Start gefreut. Die erste Halbzeit heute war schon richtig gut. Das war heute ein gro\u00dfer Schritt. Aber wir haben noch ein Spiel in Salzburg. Es ist eine gro\u00dfe Freude, die Mannschaft spielen zu sehen.&#8220;<\/li>\n<li>Kevin Kampl: &#8222;Es war ein sehr hartes St\u00fcck Arbeit. Wir mussten sehr viel laufen, haben aber das Spiel von der ersten Minute an beherrscht. Heute k\u00f6nnen wir wirklich stolz auf uns sein. Man gewinnt nicht so einfach bei Ajax mit 3:0. Wir m\u00fcssen auch im R\u00fcckspiel alles geben. Denn im Fu\u00dfball ist alles m\u00f6glich. Aber ich bin guter Dinge.&#8220;<\/li>\n<li><b>Stefan Ilsanker<\/b>: &#8222;Nat\u00fcrlich ist das ein hervorragendes Ergebnis nach einer Superleistung. Die Mannschaft hat sich erneut als Einheit pr\u00e4sentiert. Aber man soll jetzt nicht zu euphorisch sein. F\u00fcr m\u00fcssen auch n\u00e4chste Woche sehr konzentriert sein.&#8220;<\/li>\n<li><b>Christian Schwegler<\/b>:Ajax hat mit so eine Leistung nicht gerechnet. Das ist ein super Ergebnis. Wir haben die erste Halbzeit perfekt gespielt, nichts zugelassen. Auch in der zweite H\u00e4lfte h\u00e4tten wir noch Tore machen k\u00f6nnen. Wir sind eine ganz besondere Mannschaft, eine geschlossenen Einheit, wo ein R\u00e4dchen ins andere greift. Das sieht man auch auf dem Rasen.<\/li>\n<\/ul>\n<h2><span class=\"mw-headline\" id=\"Pressestimmen\">Pressestimmen<\/span><a href=\"\/index.php?title=Ajax_Amsterdam_gegen_FC_Salzburg&amp;action=edit&amp;section=4\" title=\"Abschnitt bearbeiten: Pressestimmen\">Bearbeiten<\/a><span class=\"mw-editsection-bracket\">]<\/span><\/span><\/h2>\n<p>\u201eSalzburg d\u00fcpiert Ajax\u201c \u2013 <b>Kicker (DE)<\/b>\n<\/p>\n<p>\u201eSchwaches Ajax erleidet dem\u00fctigende Heimniederlage\u201c \u2013 <b>Algemeen Dagblad (NL)<\/b>\n<\/p>\n<p>\u201eDer einzige \u00f6sterreichische Titelkandidat ist laut Trainer Frank de Boer ein Kandidat f\u00fcr die letzten Vier in der Europa League. Lasse Sch\u00f6ne (d\u00e4nischer Ajax-Spieler, Anm.) ging sogar einen Schritt weiter und nahm das Wort \u201aFinale\u2018 in den Mund\u201c \u2013 <b>Algemeen Dagblad (NL)<\/b><br \/>\n<b><\/b><br \/>\n\u201eDie Riesenpr\u00fcgel f\u00fcr Ajax machen das R\u00fcckspiel in \u00d6sterreich weitgehend \u00fcberfl\u00fcssig\u201c \u2013 <b>Algemeen Dagblad (NL)<\/b>\n<\/p>\n<p>\u201eAjax war im Vergleich zu den Champions-League-Spielen gegen Barcelona, Milan und Celtic ein Schatten seiner selbst. Egal, was der Tabellenf\u00fchrer auch probierte: Es war gegen ein herausragendes Red Bull Salzburg zum Scheitern verurteilt\u201c \u2013 <b>Algemeen Dagblad (NL)<\/b>\n<\/p>\n<p>\u201eAuch in der zweiten Halbzeit war Salzburg Herr und Meister \u00fcber das Spiel. Aber der F\u00fchrende der \u00f6sterreichischen Bundesliga war nicht gewillt einen Gang zur\u00fcckzuschalten, sondern wollte noch mehr Salz in die Wunden von Ajax streuen\u201c \u2013 <b>NRC Handelsblad (NL)<\/b>\n<\/p>\n<p>\u201eDer niederl\u00e4ndische Gigant Ajax wurde zu Hause mit 3:0 vom Platz gefragt. Und zwar von Salzburg, das nun in den letzten 63 Spielen in Folge immer traf \u2013 ein Lauf, der im Dezember 2012 begann\u201c \u2013 <b>FourFourTwo (UK)<\/b>\n<\/p>\n<p>\u201eIn \u00d6sterreich ist er auf dem Weg zu seinem zweiten Meistertitel und geht seiner Berufung Woche f\u00fcr Woche treu nach (17 Saisontore). Soriano erlebte eine gro\u00dfe europ\u00e4ische Nacht, die in den Geschichtsb\u00fcchern bleiben wird. Das Szenario konnte er nicht besser w\u00e4hlen: Er f\u00fchrte sein Team gegen Ajax in der Amsterdam-Arena zu einem 3:0-Sieg und damit mit einem Bein in die n\u00e4chste Runde. Das erste Tor erzielte er aus einem Elfmeter und das dritte Tor \u2013 vor dem man seinen Hut ziehen muss \u2013 setzte es aus dem Mittelfeld\u201c \u2013 <b>Marca (ES)<\/b>\n<\/p>\n<p>\u201e[\u2026]Damit stehen nach den Hinspielen die Chancen gut, dass es in den Achtelfinals zum schweizerisch-\u00f6sterreichischen Gipfel zwischen Super-League-Leader Basel und Bundesliga-Leader Salzburg kommt.\u201c \u2013 <b>Berner Zeitung (CH)<\/b>\n<\/p>\n<\/div>\n","protected":false},"excerpt":{"rendered":"<p>FaktenBearbeiten] AFC Ajax Amsterdam gegen FC Salzburg, 0:3 Spieltag UEFA Europa League, 1\/16- Finale Datum 20. Februar 2014 Anpfiff 21.05 Uhr Aufstellung Tor Peter Gulacsi Verteidigung Christian Schwegler Andre Ramalho Martin Hinteregger Andreas Ulmer Mittelfeld Stefan Ilsanker Christoph Leitgeb Kevin Kampl Sadio Man\u00e9 Sturm Alan Jonatan Soriano Wechsel Wechsel Robert Zulj f\u00fcr Soriano (76.) Valon [&hellip;]<\/p>\n","protected":false},"author":1,"featured_media":0,"parent":0,"menu_order":0,"comment_status":"closed","ping_status":"closed","template":"","meta":{"footnotes":""},"class_list":["post-2978","page","type-page","status-publish","hentry"],"_links":{"self":[{"href":"https:\/\/wiki.s12.at\/index.php\/wp-json\/wp\/v2\/pages\/2978","targetHints":{"allow":["GET"]}}],"collection":[{"href":"https:\/\/wiki.s12.at\/index.php\/wp-json\/wp\/v2\/pages"}],"about":[{"href":"https:\/\/wiki.s12.at\/index.php\/wp-json\/wp\/v2\/types\/page"}],"author":[{"embeddable":true,"href":"https:\/\/wiki.s12.at\/index.php\/wp-json\/wp\/v2\/users\/1"}],"replies":[{"embeddable":true,"href":"https:\/\/wiki.s12.at\/index.php\/wp-json\/wp\/v2\/comments?post=2978"}],"version-history":[{"count":0,"href":"https:\/\/wiki.s12.at\/index.php\/wp-json\/wp\/v2\/pages\/2978\/revisions"}],"wp:attachment":[{"href":"https:\/\/wiki.s12.at\/index.php\/wp-json\/wp\/v2\/media?parent=2978"}],"curies":[{"name":"wp","href":"https:\/\/api.w.org\/{rel}","templated":true}]}}

<div class="mw-parser-output">
<h2><span class="mw-headline" id="Fakten">Fakten</span><a href="/index.php?title=Ajax_Amsterdam_gegen_FC_Salzburg&amp;action=edit&amp;section=1" title="Abschnitt bearbeiten: Fakten">Bearbeiten</a><span class="mw-editsection-bracket">]</span></span></h2>
<table class="toptextcells toccolours">
<tbody>
<tr>
<th colspan="2" style="text-align: center; vertical-align: top; padding: 0.3em 0.8em; font-size: 125%; background-color: lightsteelblue;">AFC Ajax Amsterdam gegen FC Salzburg, 0:3
</th>
</tr>
<tr>
<th style="text-align:left;"><b>Spieltag</b>
</th>
<th style="text-align:left;">UEFA Europa League, 1/16- Finale
</th>
</tr>
<tr>
<th style="text-align:left;"><b>Datum</b>
</th>
<th style="text-align:left;">20. Februar 2014
</th>
</tr>
<tr>
<th style="text-align:left;"><b>Anpfiff</b>
</th>
<th style="text-align:left;">21.05 Uhr
</th>
</tr>
<tr>
<td colspan="2" style="text-align:center;" bgcolor="lightgray"><b>Aufstellung</b>
</td>
</tr>
<tr>
<th style="text-align:left;"><b>Tor</b>
</th>
<th><a href="/Peter_Gulacsi" class="mw-redirect" title="Peter Gulacsi">Peter Gulacsi</a>
</th>
</tr>
<tr>
<th style="text-align:left;"><b>Verteidigung</b>
</th>
<th><a href="/Christian_Schwegler" title="Christian Schwegler">Christian Schwegler</a> <a href="/Andre_Ramalho" class="mw-redirect" title="Andre Ramalho">Andre Ramalho</a> <a href="/Martin_Hinteregger" title="Martin Hinteregger">Martin Hinteregger</a> <a href="/Andreas_Ulmer" title="Andreas Ulmer">Andreas Ulmer</a>
</th>
</tr>
<tr>
<th style="text-align:left;"><b>Mittelfeld</b>
</th>
<th><a href="/Stefan_Ilsanker" title="Stefan Ilsanker">Stefan Ilsanker</a> <a href="/Christoph_Leitgeb" title="Christoph Leitgeb">Christoph Leitgeb</a> <a href="/Kevin_Kampl" title="Kevin Kampl">Kevin Kampl</a> <a href="/Sadio_Man%C3%A9" title="Sadio Mané">Sadio Mané</a>
</th>
</tr>
<tr>
<th style="text-align:left;"><b>Sturm</b>
</th>
<th><a href="/Alan" title="Alan">Alan</a> <a href="/Jonatan_Soriano" title="Jonatan Soriano">Jonatan Soriano</a>
</th>
</tr>
<tr>
<td colspan="2" style="text-align:center;" bgcolor="lightgray"><b>Wechsel</b>
</td>
</tr>
<tr>
<th style="text-align:left;"><b>Wechsel</b>
</th>
<th style="text-align:left;"><a href="/Robert_Zulj" title="Robert Zulj">Robert Zulj</a> für Soriano (76.) <a href="/Valon_Berisha" title="Valon Berisha">Valon Berisha</a> für Leitgeb (83.) <a href="/Dusan_Svento" class="mw-redirect" title="Dusan Svento">Dusan Svento</a> für Kampl (88.)
</th>
</tr>
<tr>
<td colspan="2" style="text-align:center;" bgcolor="lightgray"><b>Statistik</b>
</td>
</tr>
<tr>
<th style="text-align:left;"><b>Endstand</b>
</th>
<th style="text-align:left;">0:3 (0:3)
</th>
</tr>
<tr>
<th style="text-align:left;"><b>Torschützen</b>
</th>
<th style="text-align:left;">Soriano (14., E., 35.), Mané (21.)
</th>
</tr>
<tr>
<th style="text-align:left;"><b>Gelbe Karten</b>
</th>
<th style="text-align:left;">Veltman (13.), de Jong (26.); Leitgeb (19.), Hinteregger (42.)
</th>
</tr>
<tr>
<th style="text-align:left;"><b>Rote Karten</b>
</th>
<th style="text-align:left;">
</th>
</tr>
<tr>
<th style="text-align:left;"><b>Schiedsrichter</b>
</th>
<th style="text-align:left;">Clément Turpin  (FRA)
</th>
</tr>
<tr>
<th style="text-align:left;"><b>Stadion</b>
</th>
<th style="text-align:left;">Amsterdam Arena, Amsterdam
</th>
</tr>
<tr>
<th style="text-align:left;"><b>Zuschauer</b>
</th>
<th style="text-align:left;">48.000
</th>
</tr>
</tbody>
</table>
<h2><span class="mw-headline" id="Weblinks">Weblinks</span><a href="/index.php?title=Ajax_Amsterdam_gegen_FC_Salzburg&amp;action=edit&amp;section=2" title="Abschnitt bearbeiten: Weblinks">Bearbeiten</a><span class="mw-editsection-bracket">]</span></span></h2>
<ul>
<li><a rel="nofollow" class="external text" href="http://www.redbulls.com/de/fc-red-bull-salzburg/news/saison_2013_14/sensationelle-rote-bullen-fertigen-ajax-mit-3-0-ab.html">Spielbericht vereinshomepage</a></li>
<li><a rel="nofollow" class="external text" href="http://www.salzburg12.at/2014/02/salzburger-gala-nacht-in-amsterdam/?utm_source=dlvr.it&amp;utm_medium=twitter">Spielbericht salzburg12.at</a></li>
<li><a rel="nofollow" class="external text" href="http://www.tt.com/sport/sportreport/7965565-91/red-bull-salzburg-dem%C3%BCtigt-ajax-amsterdam.csp">Spielbericht Tiroler Tageszeitung</a></li>
</ul>
<p><center>&lt;youtube&gt;tLcQYnlCQA8&lt;/youtube&gt;</center></p>
<h2><span class="mw-headline" id="Stimmen_zum_Spiel">Stimmen zum Spiel</span><a href="/index.php?title=Ajax_Amsterdam_gegen_FC_Salzburg&amp;action=edit&amp;section=3" title="Abschnitt bearbeiten: Stimmen zum Spiel">Bearbeiten</a><span class="mw-editsection-bracket">]</span></span></h2>
<ul>
<li><b>Roger Schmidt</b>: Das war heute ein Super-Hinspiel für uns. Wir wollten gewinnen, und das hat man auch von der ersten Sekunde an gesehen. Wir haben Ajax unser Spiel aufgezwungen und verdient gewonnen. Innerlich habe ich das ganze Spiel gelächelt &#8211; weil wir sehr gut gespielt haben.</li>
<li><b>Frank de Boer</b>: Ich hab es vorher schon gesagt, dass sie sehr gut sind. Es war ein sehr starkes Spiel von Salzburg, großes Kompliment. Sie haben uns nie ins Spiel kommen lassen. Wir haben viele falsche Entscheidungen getroffen. Man kann von dem Spiel nur lernen. Nur die Niederlage gegen Real war schlimmer. Es wird sehr schwer werden, vielleicht gelingt uns in einer Woche ja das was Salzburg hier gelungen ist.</li>
<li><b>Jonatan Soriano</b>:Es ist Wahnsinn. Wir haben das heute sehr gut gemacht. Ich bin sehr stolz auf die Mannschaft. Bei meinem Tor habe ich mir einfach gesagt versuch&#8216; es. Und es hat geklappt. Das 3:0 ist schön, aber wir werden auch das Rückspiel sehr ernst nehmen.</li>
<li><b>Ralf Rangnick</b>: &#8222;Wir haben uns über den optimalen Start gefreut. Die erste Halbzeit heute war schon richtig gut. Das war heute ein großer Schritt. Aber wir haben noch ein Spiel in Salzburg. Es ist eine große Freude, die Mannschaft spielen zu sehen.&#8220;</li>
<li>Kevin Kampl: &#8222;Es war ein sehr hartes Stück Arbeit. Wir mussten sehr viel laufen, haben aber das Spiel von der ersten Minute an beherrscht. Heute können wir wirklich stolz auf uns sein. Man gewinnt nicht so einfach bei Ajax mit 3:0. Wir müssen auch im Rückspiel alles geben. Denn im Fußball ist alles möglich. Aber ich bin guter Dinge.&#8220;</li>
<li><b>Stefan Ilsanker</b>: &#8222;Natürlich ist das ein hervorragendes Ergebnis nach einer Superleistung. Die Mannschaft hat sich erneut als Einheit präsentiert. Aber man soll jetzt nicht zu euphorisch sein. Für müssen auch nächste Woche sehr konzentriert sein.&#8220;</li>
<li><b>Christian Schwegler</b>:Ajax hat mit so eine Leistung nicht gerechnet. Das ist ein super Ergebnis. Wir haben die erste Halbzeit perfekt gespielt, nichts zugelassen. Auch in der zweite Hälfte hätten wir noch Tore machen können. Wir sind eine ganz besondere Mannschaft, eine geschlossenen Einheit, wo ein Rädchen ins andere greift. Das sieht man auch auf dem Rasen.</li>
</ul>
<h2><span class="mw-headline" id="Pressestimmen">Pressestimmen</span><a href="/index.php?title=Ajax_Amsterdam_gegen_FC_Salzburg&amp;action=edit&amp;section=4" title="Abschnitt bearbeiten: Pressestimmen">Bearbeiten</a><span class="mw-editsection-bracket">]</span></span></h2>
<p>„Salzburg düpiert Ajax“ – <b>Kicker (DE)</b>
</p>
<p>„Schwaches Ajax erleidet demütigende Heimniederlage“ – <b>Algemeen Dagblad (NL)</b>
</p>
<p>„Der einzige österreichische Titelkandidat ist laut Trainer Frank de Boer ein Kandidat für die letzten Vier in der Europa League. Lasse Schöne (dänischer Ajax-Spieler, Anm.) ging sogar einen Schritt weiter und nahm das Wort ‚Finale‘ in den Mund“ – <b>Algemeen Dagblad (NL)</b><br />
<b></b><br />
„Die Riesenprügel für Ajax machen das Rückspiel in Österreich weitgehend überflüssig“ – <b>Algemeen Dagblad (NL)</b>
</p>
<p>„Ajax war im Vergleich zu den Champions-League-Spielen gegen Barcelona, Milan und Celtic ein Schatten seiner selbst. Egal, was der Tabellenführer auch probierte: Es war gegen ein herausragendes Red Bull Salzburg zum Scheitern verurteilt“ – <b>Algemeen Dagblad (NL)</b>
</p>
<p>„Auch in der zweiten Halbzeit war Salzburg Herr und Meister über das Spiel. Aber der Führende der österreichischen Bundesliga war nicht gewillt einen Gang zurückzuschalten, sondern wollte noch mehr Salz in die Wunden von Ajax streuen“ – <b>NRC Handelsblad (NL)</b>
</p>
<p>„Der niederländische Gigant Ajax wurde zu Hause mit 3:0 vom Platz gefragt. Und zwar von Salzburg, das nun in den letzten 63 Spielen in Folge immer traf – ein Lauf, der im Dezember 2012 begann“ – <b>FourFourTwo (UK)</b>
</p>
<p>„In Österreich ist er auf dem Weg zu seinem zweiten Meistertitel und geht seiner Berufung Woche für Woche treu nach (17 Saisontore). Soriano erlebte eine große europäische Nacht, die in den Geschichtsbüchern bleiben wird. Das Szenario konnte er nicht besser wählen: Er führte sein Team gegen Ajax in der Amsterdam-Arena zu einem 3:0-Sieg und damit mit einem Bein in die nächste Runde. Das erste Tor erzielte er aus einem Elfmeter und das dritte Tor – vor dem man seinen Hut ziehen muss – setzte es aus dem Mittelfeld“ – <b>Marca (ES)</b>
</p>
<p>„[…]Damit stehen nach den Hinspielen die Chancen gut, dass es in den Achtelfinals zum schweizerisch-österreichischen Gipfel zwischen Super-League-Leader Basel und Bundesliga-Leader Salzburg kommt.“ – <b>Berner Zeitung (CH)</b>
</p>
</div>

<p>FaktenBearbeiten] AFC Ajax Amsterdam gegen FC Salzburg, 0:3 Spieltag UEFA Europa League, 1/16- Finale Datum 20. Februar 2014 Anpfiff 21.05 Uhr Aufstellung Tor Peter Gulacsi Verteidigung Christian Schwegler Andre Ramalho Martin Hinteregger Andreas Ulmer Mittelfeld Stefan Ilsanker Christoph Leitgeb Kevin Kampl Sadio Mané Sturm Alan Jonatan Soriano Wechsel Wechsel Robert Zulj für Soriano (76.) Valon [&hellip;]</p>
