{"id":2976,"date":"2026-05-06T14:56:56","date_gmt":"2026-05-06T12:56:56","guid":{"rendered":"https:\/\/wiki.s12.at\/index.php\/airton\/"},"modified":"2026-05-06T14:56:56","modified_gmt":"2026-05-06T12:56:56","slug":"airton","status":"publish","type":"page","link":"https:\/\/wiki.s12.at\/index.php\/airton\/","title":{"rendered":"Airton"},"content":{"rendered":"<div class=\"mw-parser-output\">\n<div class=\"thumb tright\">\n<div class=\"thumbinner\" style=\"width:302px;\"><a href=\"\/Datei:Erstes_Trainingin_der_neuen_Saison_18.JPG\" class=\"image\"><img fetchpriority=\"high\" alt=\"Erstes Trainingin der neuen Saison 18.JPG\" src=\"\/images\/thumb\/c\/c1\/Erstes_Trainingin_der_neuen_Saison_18.JPG\/330px-Erstes_Trainingin_der_neuen_Saison_18.JPG%3Futm_source%3Dcommons.wikimedia.org%26utm_campaign%3Dimageinfo%26utm_content%3Dthumbnail\" decoding=\"async\" width=\"300\" height=\"285\" class=\"thumbimage\" srcset=\"\/images\/thumb\/c\/c1\/Erstes_Trainingin_der_neuen_Saison_18.JPG\/500px-Erstes_Trainingin_der_neuen_Saison_18.JPG%3Futm_source%3Dcommons.wikimedia.org%26utm_campaign%3Dimageinfo%26utm_content%3Dthumbnail 1.5x, \/images\/thumb\/c\/c1\/Erstes_Trainingin_der_neuen_Saison_18.JPG\/960px-Erstes_Trainingin_der_neuen_Saison_18.JPG%3Futm_source%3Dcommons.wikimedia.org%26utm_campaign%3Dimageinfo%26utm_content%3Dthumbnail 2x\" \/><\/a>  <\/p>\n<div class=\"thumbcaption\">\n<div class=\"magnify\"><a href=\"\/Datei:Erstes_Trainingin_der_neuen_Saison_18.JPG\" class=\"internal\" title=\"vergr\u00f6\u00dfern\"><\/a><\/div>\n<\/div>\n<\/div>\n<\/div>\n<ul>\n<li>Name: <b>Airton Moraes Michellon<\/b><\/li>\n<li>Spielername:<b>Airton<\/b><\/li>\n<li>Geburtstag: 29. Mai 1994<\/li>\n<li>Geburtsort:San Marcos<\/li>\n<li>Geburtsland: Brasilien<\/li>\n<li>Gr\u00f6\u00dfe: 188 cm<\/li>\n<li>Position: Torh\u00fcter<\/li>\n<li>starker Fu\u00df:rechts<\/li>\n<\/ul>\n<p>\n<\/p>\n<h2><span class=\"mw-headline\" id=\"Stationen\">Stationen<\/span><a href=\"\/index.php?title=Airton&amp;action=edit&amp;section=1\" title=\"Abschnitt bearbeiten: Stationen\">Bearbeiten<\/a><span class=\"mw-editsection-bracket\">]<\/span><\/span><\/h2>\n<ul>\n<li>Esporte Clube Juventude<\/li>\n<li>FC Red Bull Salzburg (2015-2017 )<\/li>\n<li>FC Liefering (Kooperationsspieler 2015-2017 )<\/li>\n<li>Red Bull Brasil (2017  Leihe)<\/li>\n<li>Pelotas-RS<\/li>\n<li>Am\u00e9rica Futebol Clube<\/li>\n<\/ul>\n<\/div>\n","protected":false},"excerpt":{"rendered":"<p>Name: Airton Moraes Michellon Spielername:Airton Geburtstag: 29. Mai 1994 Geburtsort:San Marcos Geburtsland: Brasilien Gr\u00f6\u00dfe: 188 cm Position: Torh\u00fcter starker Fu\u00df:rechts StationenBearbeiten] Esporte Clube Juventude FC Red Bull Salzburg (2015-2017 ) FC Liefering (Kooperationsspieler 2015-2017 ) Red Bull Brasil (2017 Leihe) Pelotas-RS Am\u00e9rica Futebol Clube<\/p>\n","protected":false},"author":1,"featured_media":0,"parent":0,"menu_order":0,"comment_status":"closed","ping_status":"closed","template":"","meta":{"footnotes":""},"class_list":["post-2976","page","type-page","status-publish","hentry"],"_links":{"self":[{"href":"https:\/\/wiki.s12.at\/index.php\/wp-json\/wp\/v2\/pages\/2976","targetHints":{"allow":["GET"]}}],"collection":[{"href":"https:\/\/wiki.s12.at\/index.php\/wp-json\/wp\/v2\/pages"}],"about":[{"href":"https:\/\/wiki.s12.at\/index.php\/wp-json\/wp\/v2\/types\/page"}],"author":[{"embeddable":true,"href":"https:\/\/wiki.s12.at\/index.php\/wp-json\/wp\/v2\/users\/1"}],"replies":[{"embeddable":true,"href":"https:\/\/wiki.s12.at\/index.php\/wp-json\/wp\/v2\/comments?post=2976"}],"version-history":[{"count":0,"href":"https:\/\/wiki.s12.at\/index.php\/wp-json\/wp\/v2\/pages\/2976\/revisions"}],"wp:attachment":[{"href":"https:\/\/wiki.s12.at\/index.php\/wp-json\/wp\/v2\/media?parent=2976"}],"curies":[{"name":"wp","href":"https:\/\/api.w.org\/{rel}","templated":true}]}}

<div class="mw-parser-output">
<div class="thumb tright">
<div class="thumbinner" style="width:302px;"><a href="/Datei:Erstes_Trainingin_der_neuen_Saison_18.JPG" class="image"><img fetchpriority="high" alt="Erstes Trainingin der neuen Saison 18.JPG" src="/images/thumb/c/c1/Erstes_Trainingin_der_neuen_Saison_18.JPG/330px-Erstes_Trainingin_der_neuen_Saison_18.JPG%3Futm_source%3Dcommons.wikimedia.org%26utm_campaign%3Dimageinfo%26utm_content%3Dthumbnail" decoding="async" width="300" height="285" class="thumbimage" srcset="/images/thumb/c/c1/Erstes_Trainingin_der_neuen_Saison_18.JPG/500px-Erstes_Trainingin_der_neuen_Saison_18.JPG%3Futm_source%3Dcommons.wikimedia.org%26utm_campaign%3Dimageinfo%26utm_content%3Dthumbnail 1.5x, /images/thumb/c/c1/Erstes_Trainingin_der_neuen_Saison_18.JPG/960px-Erstes_Trainingin_der_neuen_Saison_18.JPG%3Futm_source%3Dcommons.wikimedia.org%26utm_campaign%3Dimageinfo%26utm_content%3Dthumbnail 2x" /></a>  </p>
<div class="thumbcaption">
<div class="magnify"><a href="/Datei:Erstes_Trainingin_der_neuen_Saison_18.JPG" class="internal" title="vergrößern"></a></div>
</div>
</div>
</div>
<ul>
<li>Name: <b>Airton Moraes Michellon</b></li>
<li>Spielername:<b>Airton</b></li>
<li>Geburtstag: 29. Mai 1994</li>
<li>Geburtsort:San Marcos</li>
<li>Geburtsland: Brasilien</li>
<li>Größe: 188 cm</li>
<li>Position: Torhüter</li>
<li>starker Fuß:rechts</li>
</ul>
<p>
</p>
<h2><span class="mw-headline" id="Stationen">Stationen</span><a href="/index.php?title=Airton&amp;action=edit&amp;section=1" title="Abschnitt bearbeiten: Stationen">Bearbeiten</a><span class="mw-editsection-bracket">]</span></span></h2>
<ul>
<li>Esporte Clube Juventude</li>
<li>FC Red Bull Salzburg (2015-2017 )</li>
<li>FC Liefering (Kooperationsspieler 2015-2017 )</li>
<li>Red Bull Brasil (2017  Leihe)</li>
<li>Pelotas-RS</li>
<li>América Futebol Clube</li>
</ul>
</div>

<p>Name: Airton Moraes Michellon Spielername:Airton Geburtstag: 29. Mai 1994 Geburtsort:San Marcos Geburtsland: Brasilien Größe: 188 cm Position: Torhüter starker Fuß:rechts StationenBearbeiten] Esporte Clube Juventude FC Red Bull Salzburg (2015-2017 ) FC Liefering (Kooperationsspieler 2015-2017 ) Red Bull Brasil (2017 Leihe) Pelotas-RS América Futebol Clube</p>
