{"id":1914,"date":"2026-05-06T14:08:14","date_gmt":"2026-05-06T12:08:14","guid":{"rendered":"https:\/\/wiki.s12.at\/index.php\/3-runde-fc-wacker-innsbruck-gegen-fc-red-bull-salzburg\/"},"modified":"2026-05-06T14:08:14","modified_gmt":"2026-05-06T12:08:14","slug":"3-runde-fc-wacker-innsbruck-gegen-fc-red-bull-salzburg","status":"publish","type":"page","link":"https:\/\/wiki.s12.at\/index.php\/3-runde-fc-wacker-innsbruck-gegen-fc-red-bull-salzburg\/","title":{"rendered":"3. Runde FC Wacker Innsbruck gegen FC Red Bull Salzburg"},"content":{"rendered":"<div class=\"mw-parser-output\">\n<h2><span class=\"mw-headline\" id=\"Fakten\">Fakten<\/span><a href=\"\/index.php?title=3._Runde_FC_Wacker_Innsbruck_gegen_FC_Red_Bull_Salzburg&amp;action=edit&amp;section=1\" title=\"Abschnitt bearbeiten: Fakten\">Bearbeiten<\/a><span class=\"mw-editsection-bracket\">]<\/span><\/span><\/h2>\n<table class=\"toptextcells toccolours\">\n<tbody>\n<tr>\n<th colspan=\"2\" style=\"text-align: center; vertical-align: top; padding: 0.3em 0.8em; font-size: 125%; background-color: lightsteelblue;\">FC Wacker Innsbruck gegen FC Red Bull Salzburg, 1:2 nach Verl\u00e4ngerung\n<\/th>\n<\/tr>\n<tr>\n<th style=\"text-align:left;\"><b>Spieltag<\/b>\n<\/th>\n<th style=\"text-align:left;\">\u00d6FB-Cup 3. Runde\n<\/th>\n<\/tr>\n<tr>\n<th style=\"text-align:left;\"><b>Datum<\/b>\n<\/th>\n<th style=\"text-align:left;\">29. Oktober 2014\n<\/th>\n<\/tr>\n<tr>\n<th style=\"text-align:left;\"><b>Anpfiff<\/b>\n<\/th>\n<th style=\"text-align:left;\">18 Uhr\n<\/th>\n<\/tr>\n<tr>\n<td colspan=\"2\" style=\"text-align:center;\" bgcolor=\"lightgray\"><b>Aufstellung<\/b>\n<\/td>\n<\/tr>\n<tr>\n<th style=\"text-align:left;\"><b>Tor<\/b>\n<\/th>\n<th><a href=\"\/Alexander_Walke\" title=\"Alexander Walke\">Alexander Walke<\/a>\n<\/th>\n<\/tr>\n<tr>\n<th style=\"text-align:left;\"><b>Verteidigung<\/b>\n<\/th>\n<th><a href=\"\/Benno_Schmitz\" title=\"Benno Schmitz\">Benno Schmitz<\/a> <a href=\"\/Andre_Ramalho\" class=\"mw-redirect\" title=\"Andre Ramalho\">Andre Ramalho<\/a> <a href=\"\/Martin_Hinteregger\" title=\"Martin Hinteregger\">Martin Hinteregger<\/a> <a href=\"\/Peter_Ankersen\" title=\"Peter Ankersen\">Peter Ankersen<\/a>\n<\/th>\n<\/tr>\n<tr>\n<th style=\"text-align:left;\"><b>Mittelfeld<\/b>\n<\/th>\n<th><a href=\"\/Stefan_Ilsanker\" title=\"Stefan Ilsanker\">Stefan Ilsanker<\/a> <a href=\"\/Naby_Keita\" title=\"Naby Keita\">Naby Keita<\/a>  <a href=\"\/Valentino_Lazaro\" title=\"Valentino Lazaro\">Valentino Lazaro<\/a>  <a href=\"\/Massimo_Bruno\" title=\"Massimo Bruno\">Massimo Bruno<\/a>\n<\/th>\n<\/tr>\n<tr>\n<th style=\"text-align:left;\"><b>Sturm<\/b>\n<\/th>\n<th><a href=\"\/Jonatan_Soriano\" title=\"Jonatan Soriano\">Jonatan Soriano<\/a>  <a href=\"\/Marcel_Sabitzer\" title=\"Marcel Sabitzer\">Marcel Sabitzer<\/a>\n<\/th>\n<\/tr>\n<tr>\n<td colspan=\"2\" style=\"text-align:center;\" bgcolor=\"lightgray\"><b>Wechsel<\/b>\n<\/td>\n<\/tr>\n<tr>\n<th style=\"text-align:left;\"><b>Wechsel<\/b>\n<\/th>\n<th style=\"text-align:left;\"><a href=\"\/Kevin_Kampl\" title=\"Kevin Kampl\">Kevin Kampl<\/a> f\u00fcr Ankersen (47.), <a href=\"\/Ante_Roguljic\" class=\"mw-redirect\" title=\"Ante Roguljic\">Ante Roguljic<\/a> f\u00fcr Lazaro (89.), <a href=\"\/Konrad_Laimer\" title=\"Konrad Laimer\">Konrad Laimer<\/a> f\u00fcr Bruno (120.)\n<\/th>\n<\/tr>\n<tr>\n<td colspan=\"2\" style=\"text-align:center;\" bgcolor=\"lightgray\"><b>Statistik<\/b>\n<\/td>\n<\/tr>\n<tr>\n<th style=\"text-align:left;\"><b>Endstand<\/b>\n<\/th>\n<th style=\"text-align:left;\">0:0 1:2 nach Verl\u00e4ngerung\n<\/th>\n<\/tr>\n<tr>\n<th style=\"text-align:left;\"><b>Torsch\u00fctzen<\/b>\n<\/th>\n<th style=\"text-align:left;\">Bergmann (107.); Kampl (97.), Roguljic (108.)\n<\/th>\n<\/tr>\n<tr>\n<th style=\"text-align:left;\"><b>Gelbe Karten<\/b>\n<\/th>\n<th style=\"text-align:left;\">S\u00e4umel (94.), Kofler (104.), Djokic (105.); Bruno (74.)\n<\/th>\n<\/tr>\n<tr>\n<th style=\"text-align:left;\"><b>Rote Karten<\/b>\n<\/th>\n<th style=\"text-align:left;\">\n<\/th>\n<\/tr>\n<tr>\n<th style=\"text-align:left;\"><b>Schiedsrichter<\/b>\n<\/th>\n<th style=\"text-align:left;\">Dominik Ouschan\n<\/th>\n<\/tr>\n<tr>\n<th style=\"text-align:left;\"><b>Stadion<\/b>\n<\/th>\n<th style=\"text-align:left;\">Tivoli neu, Innsbruck\n<\/th>\n<\/tr>\n<tr>\n<th style=\"text-align:left;\"><b>Zuschauer<\/b>\n<\/th>\n<th style=\"text-align:left;\">2 092\n<\/th>\n<\/tr>\n<\/tbody>\n<\/table>\n<h2><span class=\"mw-headline\" id=\"Besonderheiten\">Besonderheiten<\/span><a href=\"\/index.php?title=3._Runde_FC_Wacker_Innsbruck_gegen_FC_Red_Bull_Salzburg&amp;action=edit&amp;section=2\" title=\"Abschnitt bearbeiten: Besonderheiten\">Bearbeiten<\/a><span class=\"mw-editsection-bracket\">]<\/span><\/span><\/h2>\n<ul>\n<li>Nach dem Spiel der 3. Runde sind die Salzburger seit neun Cupspielen mit einem Torverh\u00e4ltnis von 58:7 unbesiegt.<\/li>\n<\/ul>\n<h2><span class=\"mw-headline\" id=\"Weblinks\">Weblinks<\/span><a href=\"\/index.php?title=3._Runde_FC_Wacker_Innsbruck_gegen_FC_Red_Bull_Salzburg&amp;action=edit&amp;section=3\" title=\"Abschnitt bearbeiten: Weblinks\">Bearbeiten<\/a><span class=\"mw-editsection-bracket\">]<\/span><\/span><\/h2>\n<ul>\n<li><a rel=\"nofollow\" class=\"external text\" href=\"http:\/\/www.redbulls.com\/de\/fc-red-bull-salzburg\/news\/saison_2014_15\/debuetant-ante-roguljic-sorgt-fuer-entscheidung.html\">Spielbericht Vereinshomepage<\/a><\/li>\n<\/ul>\n<h2><span class=\"mw-headline\" id=\"Stimmen_zum_Spiel\">Stimmen zum Spiel<\/span><a href=\"\/index.php?title=3._Runde_FC_Wacker_Innsbruck_gegen_FC_Red_Bull_Salzburg&amp;action=edit&amp;section=4\" title=\"Abschnitt bearbeiten: Stimmen zum Spiel\">Bearbeiten<\/a><span class=\"mw-editsection-bracket\">]<\/span><\/span><\/h2>\n<p><b>Adi H\u00fctter:<\/b> &#8222;Innsbruck ist sehr gut gestanden, hat die R\u00e4ume sehr gut eng gemacht, wir hingegen haben im Spiel nach vorne zu wenig Druck aufgebaut und lange kein wirkliches Mittel gefunden. Aber in der Verl\u00e4ngerung haben wir dann gezeigt, dass wir unbedingt gewinnen wollten, haben auch nach dem Ausgleich sofort wieder zur\u00fcckgeschlagen. Letztendlich bin ich sehr gl\u00fccklich, dass wir den Einzug ins Viertelfinale geschafft haben. Bitter ist, dass sich jetzt auch noch Lazaro verletzt hat, und damit unsere Personaldecke noch d\u00fcnner wird.&#8220;\n<\/p>\n<p><b>Ante Roguljic:<\/b> &#8222;Ich bin nat\u00fcrlich \u00fcbergl\u00fccklich, dass mir gleich bei meinem Deb\u00fct ein so wichtiges Tor gelungen ist, und wir dadurch den Aufstieg ins Cup-Viertelfinale geschafft haben.&#8220;\n<\/p>\n<p><b>Kevin Kampl:<\/b> &#8222;Das war heute sehr schwierig f\u00fcr uns. Innsbruck hat das sehr gut gemacht und sehr gut verteidigt. Wir sind aber geduldig geblieben, und haben Gott sei Dank noch eine L\u00fccke gefunden. Alles was heute z\u00e4hlt ist, dass wir eine Runde weitergekommen sind.&#8220;\n<\/p>\n<\/div>\n","protected":false},"excerpt":{"rendered":"<p>FaktenBearbeiten] FC Wacker Innsbruck gegen FC Red Bull Salzburg, 1:2 nach Verl\u00e4ngerung Spieltag \u00d6FB-Cup 3. Runde Datum 29. Oktober 2014 Anpfiff 18 Uhr Aufstellung Tor Alexander Walke Verteidigung Benno Schmitz Andre Ramalho Martin Hinteregger Peter Ankersen Mittelfeld Stefan Ilsanker Naby Keita Valentino Lazaro Massimo Bruno Sturm Jonatan Soriano Marcel Sabitzer Wechsel Wechsel Kevin Kampl f\u00fcr [&hellip;]<\/p>\n","protected":false},"author":1,"featured_media":0,"parent":0,"menu_order":0,"comment_status":"closed","ping_status":"closed","template":"","meta":{"footnotes":""},"class_list":["post-1914","page","type-page","status-publish","hentry"],"_links":{"self":[{"href":"https:\/\/wiki.s12.at\/index.php\/wp-json\/wp\/v2\/pages\/1914","targetHints":{"allow":["GET"]}}],"collection":[{"href":"https:\/\/wiki.s12.at\/index.php\/wp-json\/wp\/v2\/pages"}],"about":[{"href":"https:\/\/wiki.s12.at\/index.php\/wp-json\/wp\/v2\/types\/page"}],"author":[{"embeddable":true,"href":"https:\/\/wiki.s12.at\/index.php\/wp-json\/wp\/v2\/users\/1"}],"replies":[{"embeddable":true,"href":"https:\/\/wiki.s12.at\/index.php\/wp-json\/wp\/v2\/comments?post=1914"}],"version-history":[{"count":0,"href":"https:\/\/wiki.s12.at\/index.php\/wp-json\/wp\/v2\/pages\/1914\/revisions"}],"wp:attachment":[{"href":"https:\/\/wiki.s12.at\/index.php\/wp-json\/wp\/v2\/media?parent=1914"}],"curies":[{"name":"wp","href":"https:\/\/api.w.org\/{rel}","templated":true}]}}

<div class="mw-parser-output">
<h2><span class="mw-headline" id="Fakten">Fakten</span><a href="/index.php?title=3._Runde_FC_Wacker_Innsbruck_gegen_FC_Red_Bull_Salzburg&amp;action=edit&amp;section=1" title="Abschnitt bearbeiten: Fakten">Bearbeiten</a><span class="mw-editsection-bracket">]</span></span></h2>
<table class="toptextcells toccolours">
<tbody>
<tr>
<th colspan="2" style="text-align: center; vertical-align: top; padding: 0.3em 0.8em; font-size: 125%; background-color: lightsteelblue;">FC Wacker Innsbruck gegen FC Red Bull Salzburg, 1:2 nach Verlängerung
</th>
</tr>
<tr>
<th style="text-align:left;"><b>Spieltag</b>
</th>
<th style="text-align:left;">ÖFB-Cup 3. Runde
</th>
</tr>
<tr>
<th style="text-align:left;"><b>Datum</b>
</th>
<th style="text-align:left;">29. Oktober 2014
</th>
</tr>
<tr>
<th style="text-align:left;"><b>Anpfiff</b>
</th>
<th style="text-align:left;">18 Uhr
</th>
</tr>
<tr>
<td colspan="2" style="text-align:center;" bgcolor="lightgray"><b>Aufstellung</b>
</td>
</tr>
<tr>
<th style="text-align:left;"><b>Tor</b>
</th>
<th><a href="/Alexander_Walke" title="Alexander Walke">Alexander Walke</a>
</th>
</tr>
<tr>
<th style="text-align:left;"><b>Verteidigung</b>
</th>
<th><a href="/Benno_Schmitz" title="Benno Schmitz">Benno Schmitz</a> <a href="/Andre_Ramalho" class="mw-redirect" title="Andre Ramalho">Andre Ramalho</a> <a href="/Martin_Hinteregger" title="Martin Hinteregger">Martin Hinteregger</a> <a href="/Peter_Ankersen" title="Peter Ankersen">Peter Ankersen</a>
</th>
</tr>
<tr>
<th style="text-align:left;"><b>Mittelfeld</b>
</th>
<th><a href="/Stefan_Ilsanker" title="Stefan Ilsanker">Stefan Ilsanker</a> <a href="/Naby_Keita" title="Naby Keita">Naby Keita</a>  <a href="/Valentino_Lazaro" title="Valentino Lazaro">Valentino Lazaro</a>  <a href="/Massimo_Bruno" title="Massimo Bruno">Massimo Bruno</a>
</th>
</tr>
<tr>
<th style="text-align:left;"><b>Sturm</b>
</th>
<th><a href="/Jonatan_Soriano" title="Jonatan Soriano">Jonatan Soriano</a>  <a href="/Marcel_Sabitzer" title="Marcel Sabitzer">Marcel Sabitzer</a>
</th>
</tr>
<tr>
<td colspan="2" style="text-align:center;" bgcolor="lightgray"><b>Wechsel</b>
</td>
</tr>
<tr>
<th style="text-align:left;"><b>Wechsel</b>
</th>
<th style="text-align:left;"><a href="/Kevin_Kampl" title="Kevin Kampl">Kevin Kampl</a> für Ankersen (47.), <a href="/Ante_Roguljic" class="mw-redirect" title="Ante Roguljic">Ante Roguljic</a> für Lazaro (89.), <a href="/Konrad_Laimer" title="Konrad Laimer">Konrad Laimer</a> für Bruno (120.)
</th>
</tr>
<tr>
<td colspan="2" style="text-align:center;" bgcolor="lightgray"><b>Statistik</b>
</td>
</tr>
<tr>
<th style="text-align:left;"><b>Endstand</b>
</th>
<th style="text-align:left;">0:0 1:2 nach Verlängerung
</th>
</tr>
<tr>
<th style="text-align:left;"><b>Torschützen</b>
</th>
<th style="text-align:left;">Bergmann (107.); Kampl (97.), Roguljic (108.)
</th>
</tr>
<tr>
<th style="text-align:left;"><b>Gelbe Karten</b>
</th>
<th style="text-align:left;">Säumel (94.), Kofler (104.), Djokic (105.); Bruno (74.)
</th>
</tr>
<tr>
<th style="text-align:left;"><b>Rote Karten</b>
</th>
<th style="text-align:left;">
</th>
</tr>
<tr>
<th style="text-align:left;"><b>Schiedsrichter</b>
</th>
<th style="text-align:left;">Dominik Ouschan
</th>
</tr>
<tr>
<th style="text-align:left;"><b>Stadion</b>
</th>
<th style="text-align:left;">Tivoli neu, Innsbruck
</th>
</tr>
<tr>
<th style="text-align:left;"><b>Zuschauer</b>
</th>
<th style="text-align:left;">2 092
</th>
</tr>
</tbody>
</table>
<h2><span class="mw-headline" id="Besonderheiten">Besonderheiten</span><a href="/index.php?title=3._Runde_FC_Wacker_Innsbruck_gegen_FC_Red_Bull_Salzburg&amp;action=edit&amp;section=2" title="Abschnitt bearbeiten: Besonderheiten">Bearbeiten</a><span class="mw-editsection-bracket">]</span></span></h2>
<ul>
<li>Nach dem Spiel der 3. Runde sind die Salzburger seit neun Cupspielen mit einem Torverhältnis von 58:7 unbesiegt.</li>
</ul>
<h2><span class="mw-headline" id="Weblinks">Weblinks</span><a href="/index.php?title=3._Runde_FC_Wacker_Innsbruck_gegen_FC_Red_Bull_Salzburg&amp;action=edit&amp;section=3" title="Abschnitt bearbeiten: Weblinks">Bearbeiten</a><span class="mw-editsection-bracket">]</span></span></h2>
<ul>
<li><a rel="nofollow" class="external text" href="http://www.redbulls.com/de/fc-red-bull-salzburg/news/saison_2014_15/debuetant-ante-roguljic-sorgt-fuer-entscheidung.html">Spielbericht Vereinshomepage</a></li>
</ul>
<h2><span class="mw-headline" id="Stimmen_zum_Spiel">Stimmen zum Spiel</span><a href="/index.php?title=3._Runde_FC_Wacker_Innsbruck_gegen_FC_Red_Bull_Salzburg&amp;action=edit&amp;section=4" title="Abschnitt bearbeiten: Stimmen zum Spiel">Bearbeiten</a><span class="mw-editsection-bracket">]</span></span></h2>
<p><b>Adi Hütter:</b> &#8222;Innsbruck ist sehr gut gestanden, hat die Räume sehr gut eng gemacht, wir hingegen haben im Spiel nach vorne zu wenig Druck aufgebaut und lange kein wirkliches Mittel gefunden. Aber in der Verlängerung haben wir dann gezeigt, dass wir unbedingt gewinnen wollten, haben auch nach dem Ausgleich sofort wieder zurückgeschlagen. Letztendlich bin ich sehr glücklich, dass wir den Einzug ins Viertelfinale geschafft haben. Bitter ist, dass sich jetzt auch noch Lazaro verletzt hat, und damit unsere Personaldecke noch dünner wird.&#8220;
</p>
<p><b>Ante Roguljic:</b> &#8222;Ich bin natürlich überglücklich, dass mir gleich bei meinem Debüt ein so wichtiges Tor gelungen ist, und wir dadurch den Aufstieg ins Cup-Viertelfinale geschafft haben.&#8220;
</p>
<p><b>Kevin Kampl:</b> &#8222;Das war heute sehr schwierig für uns. Innsbruck hat das sehr gut gemacht und sehr gut verteidigt. Wir sind aber geduldig geblieben, und haben Gott sei Dank noch eine Lücke gefunden. Alles was heute zählt ist, dass wir eine Runde weitergekommen sind.&#8220;
</p>
</div>

<p>FaktenBearbeiten] FC Wacker Innsbruck gegen FC Red Bull Salzburg, 1:2 nach Verlängerung Spieltag ÖFB-Cup 3. Runde Datum 29. Oktober 2014 Anpfiff 18 Uhr Aufstellung Tor Alexander Walke Verteidigung Benno Schmitz Andre Ramalho Martin Hinteregger Peter Ankersen Mittelfeld Stefan Ilsanker Naby Keita Valentino Lazaro Massimo Bruno Sturm Jonatan Soriano Marcel Sabitzer Wechsel Wechsel Kevin Kampl für [&hellip;]</p>
