{"id":123,"date":"2026-05-06T12:54:51","date_gmt":"2026-05-06T10:54:51","guid":{"rendered":"http:\/\/wiki.s12.at\/index.php\/1-runde-fc-sollenau-gegen-fc-red-bull-salzburg\/"},"modified":"2026-05-06T12:54:51","modified_gmt":"2026-05-06T10:54:51","slug":"1-runde-fc-sollenau-gegen-fc-red-bull-salzburg","status":"publish","type":"page","link":"https:\/\/wiki.s12.at\/index.php\/1-runde-fc-sollenau-gegen-fc-red-bull-salzburg\/","title":{"rendered":"1. Runde FC Sollenau gegen FC Red Bull Salzburg"},"content":{"rendered":"<div class=\"mw-parser-output\">\n<h2><span class=\"mw-headline\" id=\"Fakten\">Fakten<\/span><a href=\"\/index.php?title=1._Runde_FC_Sollenau_gegen_FC_Red_Bull_Salzburg&amp;action=edit&amp;section=1\" title=\"Abschnitt bearbeiten: Fakten\">Bearbeiten<\/a><span class=\"mw-editsection-bracket\">]<\/span><\/span><\/h2>\n<table class=\"toptextcells toccolours\">\n<tbody>\n<tr>\n<th colspan=\"2\" style=\"text-align: center; vertical-align: top; padding: 0.3em 0.8em; font-size: 125%; background-color: lightsteelblue;\">SC Sollenau gegen FC Red Bull Salzburg, 1:10\n<\/th>\n<\/tr>\n<tr>\n<th style=\"text-align:left;\"><b>Spieltag<\/b>\n<\/th>\n<th style=\"text-align:left;\">\u00d6FB-Cup 1. Runde\n<\/th>\n<\/tr>\n<tr>\n<th style=\"text-align:left;\"><b>Datum<\/b>\n<\/th>\n<th style=\"text-align:left;\">12. Juli 2014\n<\/th>\n<\/tr>\n<tr>\n<th style=\"text-align:left;\"><b>Anpfiff<\/b>\n<\/th>\n<th style=\"text-align:left;\">16 Uhr\n<\/th>\n<\/tr>\n<tr>\n<td colspan=\"2\" style=\"text-align:center;\" bgcolor=\"lightgray\"><b>Aufstellung<\/b>\n<\/td>\n<\/tr>\n<tr>\n<th style=\"text-align:left;\"><b>Tor<\/b>\n<\/th>\n<th><a href=\"\/Peter_Gulacsi\" class=\"mw-redirect\" title=\"Peter Gulacsi\">Peter Gulacsi<\/a>\n<\/th>\n<\/tr>\n<tr>\n<th style=\"text-align:left;\"><b>Verteidigung<\/b>\n<\/th>\n<th><a href=\"\/Christian_Schwegler\" title=\"Christian Schwegler\">Christian Schwegler<\/a> <a href=\"\/Franz_Schiemer\" title=\"Franz Schiemer\">Franz Schiemer<\/a> <a href=\"\/Martin_Hinteregger\" title=\"Martin Hinteregger\">Martin Hinteregger<\/a> <a href=\"\/Andreas_Ulmer\" title=\"Andreas Ulmer\">Andreas Ulmer<\/a>\n<\/th>\n<\/tr>\n<tr>\n<th style=\"text-align:left;\"><b>Mittelfeld<\/b>\n<\/th>\n<th><a href=\"\/Stefan_Ilsanker\" title=\"Stefan Ilsanker\">Stefan Ilsanker<\/a> <a href=\"\/Christoph_Leitgeb\" title=\"Christoph Leitgeb\">Christoph Leitgeb<\/a>  <a href=\"\/Kevin_Kampl\" title=\"Kevin Kampl\">Kevin Kampl<\/a>  <a href=\"\/Sadio_Man%C3%A9\" title=\"Sadio Man\u00e9\">Sadio Man\u00e9<\/a>\n<\/th>\n<\/tr>\n<tr>\n<th style=\"text-align:left;\"><b>Sturm<\/b>\n<\/th>\n<th><a href=\"\/Jonatan_Soriano\" title=\"Jonatan Soriano\">Jonatan Soriano<\/a>  <a href=\"\/Alan\" title=\"Alan\">Alan<\/a>\n<\/th>\n<\/tr>\n<tr>\n<td colspan=\"2\" style=\"text-align:center;\" bgcolor=\"lightgray\"><b>Wechsel<\/b>\n<\/td>\n<\/tr>\n<tr>\n<th style=\"text-align:left;\"><b>Wechsel<\/b>\n<\/th>\n<th style=\"text-align:left;\"><a href=\"\/Massimo_Bruno\" title=\"Massimo Bruno\">Massimo Bruno<\/a> f\u00fcr Leitgeb (66.), <a href=\"\/Marcel_Sabitzer\" title=\"Marcel Sabitzer\">Marcel Sabitzer<\/a> f\u00fcr Alan (72.), <a href=\"\/Valentino_Lazaro\" title=\"Valentino Lazaro\">Valentino Lazaro<\/a> f\u00fcr Kampl (79.)\n<\/th>\n<\/tr>\n<tr>\n<td colspan=\"2\" style=\"text-align:center;\" bgcolor=\"lightgray\"><b>Statistik<\/b>\n<\/td>\n<\/tr>\n<tr>\n<th style=\"text-align:left;\"><b>Endstand<\/b>\n<\/th>\n<th style=\"text-align:left;\">1:10 (1:5)\n<\/th>\n<\/tr>\n<tr>\n<th style=\"text-align:left;\"><b>Torsch\u00fctzen<\/b>\n<\/th>\n<th style=\"text-align:left;\">Vukovic (38.); Alan (24., 36., 62., 70.), Soriano (31., 35.), Sabitzer (81., 89.), Mane (19.), Ulmer (87.)\n<\/th>\n<\/tr>\n<tr>\n<th style=\"text-align:left;\"><b>Gelbe Karten<\/b>\n<\/th>\n<th style=\"text-align:left;\">Csandl (77.); Ilsanker (54.)\n<\/th>\n<\/tr>\n<tr>\n<th style=\"text-align:left;\"><b>Rote Karten<\/b>\n<\/th>\n<th style=\"text-align:left;\">\n<\/th>\n<\/tr>\n<tr>\n<th style=\"text-align:left;\"><b>Schiedsrichter<\/b>\n<\/th>\n<th style=\"text-align:left;\">Julian Weinberger\n<\/th>\n<\/tr>\n<tr>\n<th style=\"text-align:left;\"><b>Stadion<\/b>\n<\/th>\n<th style=\"text-align:left;\">Sollenau\n<\/th>\n<\/tr>\n<tr>\n<th style=\"text-align:left;\"><b>Zuschauer<\/b>\n<\/th>\n<th style=\"text-align:left;\">1 600\n<\/th>\n<\/tr>\n<\/tbody>\n<\/table>\n<h2><span class=\"mw-headline\" id=\"Weblinks\">Weblinks<\/span><a href=\"\/index.php?title=1._Runde_FC_Sollenau_gegen_FC_Red_Bull_Salzburg&amp;action=edit&amp;section=2\" title=\"Abschnitt bearbeiten: Weblinks\">Bearbeiten<\/a><span class=\"mw-editsection-bracket\">]<\/span><\/span><\/h2>\n<ul>\n<li><a rel=\"nofollow\" class=\"external text\" href=\"http:\/\/www.redbulls.com\/de\/fc-red-bull-salzburg\/news\/saison_2014_15\/rote-bullen-zweistellig-in-runde-2.html\">Spielbericht Vereinshomepage<\/a><\/li>\n<\/ul>\n<h2><span class=\"mw-headline\" id=\"Stimmen_zum_Spiel\">Stimmen zum Spiel<\/span><a href=\"\/index.php?title=1._Runde_FC_Sollenau_gegen_FC_Red_Bull_Salzburg&amp;action=edit&amp;section=3\" title=\"Abschnitt bearbeiten: Stimmen zum Spiel\">Bearbeiten<\/a><span class=\"mw-editsection-bracket\">]<\/span><\/span><\/h2>\n<p><b>Adi H\u00fctter:<\/b> &#8222;Ich habe mich sehr auf mein erstes Pflichtspiel mit Red Bull Salzburg gefreut. Die Mannschaft hat den Auftrag erf\u00fcllt, hat nach einem \u00fcberzeugenden Auftritt souver\u00e4n die n\u00e4chste Runde erreicht. So ein Torregen gegen einen Regionalligisten ist nicht ohne. Dabei war das Spiel gegen den Ball sehr gut. Super war, dass die Mannschaft auch nach der Pause hungrig geblieben ist.&#8220;\n<\/p>\n<p><b>Fr\u00e4nky Schiemer:<\/b> &#8222;Das heutige Ergebnis l\u00e4sst sich wirklich sehen. Wir haben den Schwung aus dem letzten Jahr offensichtlich mitgenommen. Ganz wichtig war, dass wir schon vor der Pause alles klar gemacht haben.&#8220;\n<\/p>\n<\/div>\n","protected":false},"excerpt":{"rendered":"<p>FaktenBearbeiten] SC Sollenau gegen FC Red Bull Salzburg, 1:10 Spieltag \u00d6FB-Cup 1. Runde Datum 12. Juli 2014 Anpfiff 16 Uhr Aufstellung Tor Peter Gulacsi Verteidigung Christian Schwegler Franz Schiemer Martin Hinteregger Andreas Ulmer Mittelfeld Stefan Ilsanker Christoph Leitgeb Kevin Kampl Sadio Man\u00e9 Sturm Jonatan Soriano Alan Wechsel Wechsel Massimo Bruno f\u00fcr Leitgeb (66.), Marcel Sabitzer [&hellip;]<\/p>\n","protected":false},"author":1,"featured_media":0,"parent":0,"menu_order":0,"comment_status":"closed","ping_status":"closed","template":"","meta":{"footnotes":""},"class_list":["post-123","page","type-page","status-publish","hentry"],"_links":{"self":[{"href":"https:\/\/wiki.s12.at\/index.php\/wp-json\/wp\/v2\/pages\/123","targetHints":{"allow":["GET"]}}],"collection":[{"href":"https:\/\/wiki.s12.at\/index.php\/wp-json\/wp\/v2\/pages"}],"about":[{"href":"https:\/\/wiki.s12.at\/index.php\/wp-json\/wp\/v2\/types\/page"}],"author":[{"embeddable":true,"href":"https:\/\/wiki.s12.at\/index.php\/wp-json\/wp\/v2\/users\/1"}],"replies":[{"embeddable":true,"href":"https:\/\/wiki.s12.at\/index.php\/wp-json\/wp\/v2\/comments?post=123"}],"version-history":[{"count":0,"href":"https:\/\/wiki.s12.at\/index.php\/wp-json\/wp\/v2\/pages\/123\/revisions"}],"wp:attachment":[{"href":"https:\/\/wiki.s12.at\/index.php\/wp-json\/wp\/v2\/media?parent=123"}],"curies":[{"name":"wp","href":"https:\/\/api.w.org\/{rel}","templated":true}]}}

<div class="mw-parser-output">
<h2><span class="mw-headline" id="Fakten">Fakten</span><a href="/index.php?title=1._Runde_FC_Sollenau_gegen_FC_Red_Bull_Salzburg&amp;action=edit&amp;section=1" title="Abschnitt bearbeiten: Fakten">Bearbeiten</a><span class="mw-editsection-bracket">]</span></span></h2>
<table class="toptextcells toccolours">
<tbody>
<tr>
<th colspan="2" style="text-align: center; vertical-align: top; padding: 0.3em 0.8em; font-size: 125%; background-color: lightsteelblue;">SC Sollenau gegen FC Red Bull Salzburg, 1:10
</th>
</tr>
<tr>
<th style="text-align:left;"><b>Spieltag</b>
</th>
<th style="text-align:left;">ÖFB-Cup 1. Runde
</th>
</tr>
<tr>
<th style="text-align:left;"><b>Datum</b>
</th>
<th style="text-align:left;">12. Juli 2014
</th>
</tr>
<tr>
<th style="text-align:left;"><b>Anpfiff</b>
</th>
<th style="text-align:left;">16 Uhr
</th>
</tr>
<tr>
<td colspan="2" style="text-align:center;" bgcolor="lightgray"><b>Aufstellung</b>
</td>
</tr>
<tr>
<th style="text-align:left;"><b>Tor</b>
</th>
<th><a href="/Peter_Gulacsi" class="mw-redirect" title="Peter Gulacsi">Peter Gulacsi</a>
</th>
</tr>
<tr>
<th style="text-align:left;"><b>Verteidigung</b>
</th>
<th><a href="/Christian_Schwegler" title="Christian Schwegler">Christian Schwegler</a> <a href="/Franz_Schiemer" title="Franz Schiemer">Franz Schiemer</a> <a href="/Martin_Hinteregger" title="Martin Hinteregger">Martin Hinteregger</a> <a href="/Andreas_Ulmer" title="Andreas Ulmer">Andreas Ulmer</a>
</th>
</tr>
<tr>
<th style="text-align:left;"><b>Mittelfeld</b>
</th>
<th><a href="/Stefan_Ilsanker" title="Stefan Ilsanker">Stefan Ilsanker</a> <a href="/Christoph_Leitgeb" title="Christoph Leitgeb">Christoph Leitgeb</a>  <a href="/Kevin_Kampl" title="Kevin Kampl">Kevin Kampl</a>  <a href="/Sadio_Man%C3%A9" title="Sadio Mané">Sadio Mané</a>
</th>
</tr>
<tr>
<th style="text-align:left;"><b>Sturm</b>
</th>
<th><a href="/Jonatan_Soriano" title="Jonatan Soriano">Jonatan Soriano</a>  <a href="/Alan" title="Alan">Alan</a>
</th>
</tr>
<tr>
<td colspan="2" style="text-align:center;" bgcolor="lightgray"><b>Wechsel</b>
</td>
</tr>
<tr>
<th style="text-align:left;"><b>Wechsel</b>
</th>
<th style="text-align:left;"><a href="/Massimo_Bruno" title="Massimo Bruno">Massimo Bruno</a> für Leitgeb (66.), <a href="/Marcel_Sabitzer" title="Marcel Sabitzer">Marcel Sabitzer</a> für Alan (72.), <a href="/Valentino_Lazaro" title="Valentino Lazaro">Valentino Lazaro</a> für Kampl (79.)
</th>
</tr>
<tr>
<td colspan="2" style="text-align:center;" bgcolor="lightgray"><b>Statistik</b>
</td>
</tr>
<tr>
<th style="text-align:left;"><b>Endstand</b>
</th>
<th style="text-align:left;">1:10 (1:5)
</th>
</tr>
<tr>
<th style="text-align:left;"><b>Torschützen</b>
</th>
<th style="text-align:left;">Vukovic (38.); Alan (24., 36., 62., 70.), Soriano (31., 35.), Sabitzer (81., 89.), Mane (19.), Ulmer (87.)
</th>
</tr>
<tr>
<th style="text-align:left;"><b>Gelbe Karten</b>
</th>
<th style="text-align:left;">Csandl (77.); Ilsanker (54.)
</th>
</tr>
<tr>
<th style="text-align:left;"><b>Rote Karten</b>
</th>
<th style="text-align:left;">
</th>
</tr>
<tr>
<th style="text-align:left;"><b>Schiedsrichter</b>
</th>
<th style="text-align:left;">Julian Weinberger
</th>
</tr>
<tr>
<th style="text-align:left;"><b>Stadion</b>
</th>
<th style="text-align:left;">Sollenau
</th>
</tr>
<tr>
<th style="text-align:left;"><b>Zuschauer</b>
</th>
<th style="text-align:left;">1 600
</th>
</tr>
</tbody>
</table>
<h2><span class="mw-headline" id="Weblinks">Weblinks</span><a href="/index.php?title=1._Runde_FC_Sollenau_gegen_FC_Red_Bull_Salzburg&amp;action=edit&amp;section=2" title="Abschnitt bearbeiten: Weblinks">Bearbeiten</a><span class="mw-editsection-bracket">]</span></span></h2>
<ul>
<li><a rel="nofollow" class="external text" href="http://www.redbulls.com/de/fc-red-bull-salzburg/news/saison_2014_15/rote-bullen-zweistellig-in-runde-2.html">Spielbericht Vereinshomepage</a></li>
</ul>
<h2><span class="mw-headline" id="Stimmen_zum_Spiel">Stimmen zum Spiel</span><a href="/index.php?title=1._Runde_FC_Sollenau_gegen_FC_Red_Bull_Salzburg&amp;action=edit&amp;section=3" title="Abschnitt bearbeiten: Stimmen zum Spiel">Bearbeiten</a><span class="mw-editsection-bracket">]</span></span></h2>
<p><b>Adi Hütter:</b> &#8222;Ich habe mich sehr auf mein erstes Pflichtspiel mit Red Bull Salzburg gefreut. Die Mannschaft hat den Auftrag erfüllt, hat nach einem überzeugenden Auftritt souverän die nächste Runde erreicht. So ein Torregen gegen einen Regionalligisten ist nicht ohne. Dabei war das Spiel gegen den Ball sehr gut. Super war, dass die Mannschaft auch nach der Pause hungrig geblieben ist.&#8220;
</p>
<p><b>Fränky Schiemer:</b> &#8222;Das heutige Ergebnis lässt sich wirklich sehen. Wir haben den Schwung aus dem letzten Jahr offensichtlich mitgenommen. Ganz wichtig war, dass wir schon vor der Pause alles klar gemacht haben.&#8220;
</p>
</div>

<p>FaktenBearbeiten] SC Sollenau gegen FC Red Bull Salzburg, 1:10 Spieltag ÖFB-Cup 1. Runde Datum 12. Juli 2014 Anpfiff 16 Uhr Aufstellung Tor Peter Gulacsi Verteidigung Christian Schwegler Franz Schiemer Martin Hinteregger Andreas Ulmer Mittelfeld Stefan Ilsanker Christoph Leitgeb Kevin Kampl Sadio Mané Sturm Jonatan Soriano Alan Wechsel Wechsel Massimo Bruno für Leitgeb (66.), Marcel Sabitzer [&hellip;]</p>
